000
CDUS46 KHNX 300824
CLIHJO


CLIMATE REPORT
NATIONAL WEATHER SERVICE SAN JOAQUIN VALLEY, CA
123 AM PDT SUN APR 30 2017


...................................

...THE HANFORD CA CLIMATE SUMMARY FOR APRIL 29 2017...

CLIMATE NORMAL PERIOD 1981 TO 2010
CLIMATE RECORD PERIOD 1998 TO 2017


WEATHER ITEM   OBSERVED TIME   RECORD YEAR NORMAL DEPARTURE
                VALUE   (LST)  VALUE       VALUE  FROM
                                                  NORMAL
...............................................................
TEMPERATURE (F)
 YESTERDAY
  MAXIMUM         81    412 PM  94    2015  79      2
                                      2004
  MINIMUM         43    513 AM  41    2010  50     -7
  AVERAGE         62                        64     -2

PRECIPITATION (IN)
  YESTERDAY        0.00          T    2002   0.03  -0.03
  MONTH TO DATE    1.03                      0.77   0.26
  SINCE OCT 1     10.65                      9.30   1.35
  SINCE JAN 1      7.78                      6.17   1.61

SNOWFALL (IN)
  YESTERDAY        0.0
  MONTH TO DATE    0.0
  SINCE MAR 1      0.0
  SINCE JUL 1      0.0
  SNOW DEPTH       0

DEGREE DAYS
 HEATING
  YESTERDAY        3
  MONTH TO DATE  107
  SINCE MAR 1    353
  SINCE JUL 1   2080

 COOLING
  YESTERDAY        0
  MONTH TO DATE    5
  SINCE MAR 1     13
  SINCE JAN 1     13
...............................................................


WIND (MPH)
  HIGHEST WIND SPEED     8   HIGHEST WIND DIRECTION    NW (300)
  HIGHEST GUST SPEED    12   HIGHEST GUST DIRECTION     N (20)
  AVERAGE WIND SPEED     3.7




RELATIVE HUMIDITY (PERCENT)
 HIGHEST    92
 LOWEST     20
 AVERAGE    56

..........................................................


THE HANFORD CA CLIMATE NORMALS FOR TODAY
                         NORMAL    RECORD    YEAR
 MAXIMUM TEMPERATURE (F)   80        96      2015
 MINIMUM TEMPERATURE (F)   50        37      2010


SUNRISE AND SUNSET
APRIL 30 2017.........SUNRISE   606 AM PDT   SUNSET   746 PM PDT
MAY  1 2017...........SUNRISE   605 AM PDT   SUNSET   747 PM PDT


-  INDICATES NEGATIVE NUMBERS.
R  INDICATES RECORD WAS SET OR TIED.
MM INDICATES DATA IS MISSING.
T  INDICATES TRACE AMOUNT.




$$
