000
CDUS46 KHNX 050823
CLIHJO


CLIMATE REPORT
NATIONAL WEATHER SERVICE SAN JOAQUIN VALLEY, CA
123 AM PDT THU MAY 5 2016


...................................

...THE HANFORD CA CLIMATE SUMMARY FOR MAY 4 2016...

CLIMATE NORMAL PERIOD 1981 TO 2010
CLIMATE RECORD PERIOD 1998 TO 2016


WEATHER ITEM   OBSERVED TIME   RECORD YEAR NORMAL DEPARTURE
                VALUE   (LST)  VALUE       VALUE  FROM
                                                  NORMAL
...............................................................
TEMPERATURE (F)
 YESTERDAY
  MAXIMUM         82    442 PM 100    2004  81      1
  MINIMUM         59   1158 PM  46    1999  51      8
  AVERAGE         71                        66      5

PRECIPITATION (IN)
  YESTERDAY        0.00          0.06 2003   0.02  -0.02
  MONTH TO DATE    T                         0.08  -0.08
  SINCE OCT 1      8.05                      9.40  -1.35
  SINCE JAN 1      5.45                      6.27  -0.82

SNOWFALL (IN)
  YESTERDAY        0.0
  MONTH TO DATE    0.0
  SINCE MAR 1      0.0
  SINCE JUL 1      0.0
  SNOW DEPTH       0

DEGREE DAYS
 HEATING
  YESTERDAY        0
  MONTH TO DATE    0
  SINCE MAR 1    266
  SINCE JUL 1   2156

 COOLING
  YESTERDAY        6
  MONTH TO DATE   22
  SINCE MAR 1     63
  SINCE JAN 1     63
...............................................................


WIND (MPH)
  HIGHEST WIND SPEED    13   HIGHEST WIND DIRECTION     W (250)
  HIGHEST GUST SPEED    16   HIGHEST GUST DIRECTION     W (270)
  AVERAGE WIND SPEED     5.9




RELATIVE HUMIDITY (PERCENT)
 HIGHEST    84
 LOWEST     30
 AVERAGE    57

..........................................................


THE HANFORD CA CLIMATE NORMALS FOR TODAY
                         NORMAL    RECORD    YEAR
 MAXIMUM TEMPERATURE (F)   81        95      2011
 MINIMUM TEMPERATURE (F)   51        46      2008


SUNRISE AND SUNSET
MAY  5 2016...........SUNRISE   601 AM PDT   SUNSET   750 PM PDT
MAY  6 2016...........SUNRISE   600 AM PDT   SUNSET   751 PM PDT


-  INDICATES NEGATIVE NUMBERS.
R  INDICATES RECORD WAS SET OR TIED.
MM INDICATES DATA IS MISSING.
T  INDICATES TRACE AMOUNT.




$$
