000
CDUS46 KHNX 210845
CLIHJO


CLIMATE REPORT
NATIONAL WEATHER SERVICE SAN JOAQUIN VALLEY, CA
145 AM PDT THU AUG 21 2014


...................................

...THE HANFORD CA CLIMATE SUMMARY FOR AUGUST 20 2014...

CLIMATE NORMAL PERIOD 1981 TO 2010
CLIMATE RECORD PERIOD 1998 TO 2014


WEATHER ITEM   OBSERVED TIME   RECORD YEAR NORMAL DEPARTURE
                VALUE   (LST)  VALUE       VALUE  FROM
                                                  NORMAL
...............................................................
TEMPERATURE (F)
 YESTERDAY
  MAXIMUM         93    404 PM 101    2013  95     -2
  MINIMUM         63    418 AM  55    2010  61      2
                                      2002
  AVERAGE         78                        78      0

PRECIPITATION (IN)
  YESTERDAY        0.00          0.00   MM   0.01  -0.01
  MONTH TO DATE    T                         0.01  -0.01
  SINCE JUL 1      T                         0.03  -0.03
  SINCE JAN 1      2.43                      6.79  -4.36

SNOWFALL (IN)
  YESTERDAY        0.0
  MONTH TO DATE    0.0
  SINCE JUN 1      0.0
  SINCE JUL 1      0.0
  SNOW DEPTH       0

DEGREE DAYS
 HEATING
  YESTERDAY        0
  MONTH TO DATE    0
  SINCE JUN 1      0
  SINCE JUL 1      0

 COOLING
  YESTERDAY       13
  MONTH TO DATE  348
  SINCE JUN 1   1307
  SINCE JAN 1   1595
...............................................................


WIND (MPH)
  HIGHEST WIND SPEED    13   HIGHEST WIND DIRECTION    NW (310)
  HIGHEST GUST SPEED    16   HIGHEST GUST DIRECTION    NW (310)
  AVERAGE WIND SPEED     6.4




RELATIVE HUMIDITY (PERCENT)
 HIGHEST    84
 LOWEST     23
 AVERAGE    54

..........................................................


THE HANFORD CA CLIMATE NORMALS FOR TODAY
                         NORMAL    RECORD    YEAR
 MAXIMUM TEMPERATURE (F)   95       100      2012
                                             2007
 MINIMUM TEMPERATURE (F)   61        57      2002


SUNRISE AND SUNSET
AUGUST 21 2014........SUNRISE   621 AM PDT   SUNSET   741 PM PDT
AUGUST 22 2014........SUNRISE   622 AM PDT   SUNSET   740 PM PDT


-  INDICATES NEGATIVE NUMBERS.
R  INDICATES RECORD WAS SET OR TIED.
MM INDICATES DATA IS MISSING.
T  INDICATES TRACE AMOUNT.




$$
