000
CDUS46 KHNX 190837
CLIHJO


CLIMATE REPORT
NATIONAL WEATHER SERVICE SAN JOAQUIN VALLEY, CA
1235 AM PST THU JAN 19 2017


...................................

...THE HANFORD CA CLIMATE SUMMARY FOR JANUARY 18 2017...

CLIMATE NORMAL PERIOD 1981 TO 2010
CLIMATE RECORD PERIOD 1998 TO 2017


WEATHER ITEM   OBSERVED TIME   RECORD YEAR NORMAL DEPARTURE
                VALUE   (LST)  VALUE       VALUE  FROM
                                                  NORMAL
...............................................................
TEMPERATURE (F)
 YESTERDAY
  MAXIMUM         57   1104 AM  71    2014  54      3
  MINIMUM         36    251 AM  21    2012  36      0
  AVERAGE         47                        45      2

PRECIPITATION (IN)
  YESTERDAY        0.25          0.49 2010   0.05   0.20
  MONTH TO DATE    2.42                      1.52   0.90
  SINCE OCT 1      5.29                      4.65   0.64
  SINCE JAN 1      2.42                      1.52   0.90

SNOWFALL (IN)
  YESTERDAY       MM
  MONTH TO DATE    0.0
  SINCE DEC 1      0.0
  SINCE JUL 1      0.0
  SNOW DEPTH       0

DEGREE DAYS
 HEATING
  YESTERDAY       18
  MONTH TO DATE  289
  SINCE DEC 1    865
  SINCE JUL 1   1171

 COOLING
  YESTERDAY        0
  MONTH TO DATE    0
  SINCE DEC 1      0
  SINCE JAN 1      0
...............................................................


WIND (MPH)
  HIGHEST WIND SPEED    15   HIGHEST WIND DIRECTION     E (110)
  HIGHEST GUST SPEED    21   HIGHEST GUST DIRECTION     E (110)
  AVERAGE WIND SPEED     5.6




RELATIVE HUMIDITY (PERCENT)
 HIGHEST   100
 LOWEST     77
 AVERAGE    89

..........................................................


THE HANFORD CA CLIMATE NORMALS FOR TODAY
                         NORMAL    RECORD    YEAR
 MAXIMUM TEMPERATURE (F)   55        72      2014
 MINIMUM TEMPERATURE (F)   37        20      2012


SUNRISE AND SUNSET
JANUARY 19 2017.......SUNRISE   708 AM PST   SUNSET   512 PM PST
JANUARY 20 2017.......SUNRISE   707 AM PST   SUNSET   513 PM PST


-  INDICATES NEGATIVE NUMBERS.
R  INDICATES RECORD WAS SET OR TIED.
MM INDICATES DATA IS MISSING.
T  INDICATES TRACE AMOUNT.




$$
