000
CDUS46 KHNX 250824
CLIHJO


CLIMATE REPORT
NATIONAL WEATHER SERVICE SAN JOAQUIN VALLEY, CA
124 AM PDT SUN JUN 25 2017


...................................

...THE HANFORD CA CLIMATE SUMMARY FOR JUNE 24 2017...

CLIMATE NORMAL PERIOD 1981 TO 2010
CLIMATE RECORD PERIOD 1998 TO 2017


WEATHER ITEM   OBSERVED TIME   RECORD YEAR NORMAL DEPARTURE
                VALUE   (LST)  VALUE       VALUE  FROM
                                                  NORMAL
...............................................................
TEMPERATURE (F)
 YESTERDAY
  MAXIMUM        101        MM 105    2006  93      8
  MINIMUM         71        MM  55    2012  60     11
  AVERAGE         86                        76     10

PRECIPITATION (IN)
  YESTERDAY        0.00          0.00   MM   0.01  -0.01
  MONTH TO DATE    0.01                      0.15  -0.14
  SINCE OCT 1     11.05                      9.89   1.16
  SINCE JAN 1      8.18                      6.76   1.42

SNOWFALL (IN)
  YESTERDAY        0.0
  MONTH TO DATE    0.0
  SINCE JUN 1      0.0
  SINCE JUL 1      0.0
  SNOW DEPTH       0

DEGREE DAYS
 HEATING
  YESTERDAY        0
  MONTH TO DATE    5
  SINCE JUN 1      5
  SINCE JUL 1   2109

 COOLING
  YESTERDAY       21
  MONTH TO DATE  342
  SINCE JUN 1    342
  SINCE JAN 1    550
...............................................................


WIND (MPH)
  HIGHEST WIND SPEED    13   HIGHEST WIND DIRECTION    NW (320)
  HIGHEST GUST SPEED    MM   HIGHEST GUST DIRECTION    MM
  AVERAGE WIND SPEED     6.6




RELATIVE HUMIDITY (PERCENT)
 HIGHEST    68
 LOWEST     29
 AVERAGE    49

..........................................................


THE HANFORD CA CLIMATE NORMALS FOR TODAY
                         NORMAL    RECORD    YEAR
 MAXIMUM TEMPERATURE (F)   93       105      2015
                                             2006
 MINIMUM TEMPERATURE (F)   60        54      2007


SUNRISE AND SUNSET
JUNE 25 2017..........SUNRISE   542 AM PDT   SUNSET   820 PM PDT
JUNE 26 2017..........SUNRISE   543 AM PDT   SUNSET   820 PM PDT


-  INDICATES NEGATIVE NUMBERS.
R  INDICATES RECORD WAS SET OR TIED.
MM INDICATES DATA IS MISSING.
T  INDICATES TRACE AMOUNT.




$$
