000
CDUS46 KHNX 170832
CLIHJO


CLIMATE REPORT
NATIONAL WEATHER SERVICE SAN JOAQUIN VALLEY, CA
1232 AM PST SUN DEC 17 2017


...................................

...THE HANFORD CA CLIMATE SUMMARY FOR DECEMBER 16 2017...

CLIMATE NORMAL PERIOD 1981 TO 2010
CLIMATE RECORD PERIOD 1998 TO 2017


WEATHER ITEM   OBSERVED TIME   RECORD YEAR NORMAL DEPARTURE
                VALUE   (LST)  VALUE       VALUE  FROM
                                                  NORMAL
...............................................................
TEMPERATURE (F)
 YESTERDAY
  MAXIMUM         59    309 PM  63    2013  54      5
  MINIMUM         35   1159 PM  25    2007  34      1
  AVERAGE         47                        44      3

PRECIPITATION (IN)
  YESTERDAY        0.00          0.42 2002   0.05  -0.05
  MONTH TO DATE    T                         0.49  -0.49
  SINCE OCT 1      0.37                      1.99  -1.62
  SINCE JAN 1      8.71                      8.96  -0.25

SNOWFALL (IN)
  YESTERDAY       MM
  MONTH TO DATE    0.0
  SINCE DEC 1      0.0
  SINCE JUL 1      0.0
  SNOW DEPTH       0

DEGREE DAYS
 HEATING
  YESTERDAY       18
  MONTH TO DATE  282
  SINCE DEC 1    282
  SINCE JUL 1    587

 COOLING
  YESTERDAY        0
  MONTH TO DATE    0
  SINCE DEC 1      0
  SINCE JAN 1   2184
...............................................................


WIND (MPH)
  HIGHEST WIND SPEED    20   HIGHEST WIND DIRECTION    NW (310)
  HIGHEST GUST SPEED    25   HIGHEST GUST DIRECTION    NW (330)
  AVERAGE WIND SPEED     4.7




RELATIVE HUMIDITY (PERCENT)
 HIGHEST   100
 LOWEST     37
 AVERAGE    69

..........................................................


THE HANFORD CA CLIMATE NORMALS FOR TODAY
                         NORMAL    RECORD    YEAR
 MAXIMUM TEMPERATURE (F)   54        65      2012
                                             1998
 MINIMUM TEMPERATURE (F)   34        28      2011


SUNRISE AND SUNSET
DECEMBER 17 2017......SUNRISE   704 AM PST   SUNSET   446 PM PST
DECEMBER 18 2017......SUNRISE   705 AM PST   SUNSET   446 PM PST


-  INDICATES NEGATIVE NUMBERS.
R  INDICATES RECORD WAS SET OR TIED.
MM INDICATES DATA IS MISSING.
T  INDICATES TRACE AMOUNT.




$$
