700
CDUS46 KHNX 100024
CLIHJO


CLIMATE REPORT
NATIONAL WEATHER SERVICE SAN JOAQUIN VALLEY, CA
424 PM PST FRI DEC 9 2016


...................................

...THE HANFORD CA CLIMATE SUMMARY FOR DECEMBER 9 2016...
VALID AS OF 0400 PM LOCAL TIME.

CLIMATE NORMAL PERIOD 1981 TO 2010
CLIMATE RECORD PERIOD 1998 TO 2016


WEATHER ITEM   OBSERVED TIME   RECORD YEAR NORMAL DEPARTURE LAST
                VALUE   (LST)  VALUE       VALUE  FROM      YEAR
                                                  NORMAL
..................................................................
TEMPERATURE (F)
 TODAY
  MAXIMUM         69R   319 PM  67    2006  55     14       57
  MINIMUM         48    743 AM  22    2013  35     13       38
  AVERAGE         59                        45     14       48

PRECIPITATION (IN)
  TODAY            0.00          0.33 2006   0.03  -0.03     0.00
  MONTH TO DATE    0.08                      0.22  -0.14     0.06
  SINCE OCT 1      1.08                      1.72  -0.64     1.32
  SINCE JAN 1      6.74                      8.69  -1.95     3.61

SNOWFALL (IN)
  TODAY            0.0
  MONTH TO DATE    0.0
  SINCE DEC 1      0.0
  SINCE JUL 1      0.0
  SNOW DEPTH       0

DEGREE DAYS
 HEATING
  TODAY            6                                        17
  MONTH TO DATE  165                                       146
  SINCE DEC 1    165                                       146
  SINCE JUL 1    471                                       596

 COOLING
  TODAY            0                                         0
  MONTH TO DATE    0                                         0
  SINCE DEC 1      0                                         0
  SINCE JAN 1   1966                                      2335
..................................................................


WIND (MPH)
  HIGHEST WIND SPEED    12   HIGHEST WIND DIRECTION    SE (150)
  HIGHEST GUST SPEED    15   HIGHEST GUST DIRECTION    SE (140)
  AVERAGE WIND SPEED     3.4




RELATIVE HUMIDITY (PERCENT)
 HIGHEST   100
 LOWEST     68
 AVERAGE    84

..........................................................


THE HANFORD CA CLIMATE NORMALS FOR TOMORROW
                         NORMAL    RECORD    YEAR
 MAXIMUM TEMPERATURE (F)   55        66      2010
 MINIMUM TEMPERATURE (F)   35        21      2013


SUNRISE AND SUNSET
DECEMBER  9 2016......SUNRISE   659 AM PST   SUNSET   444 PM PST
DECEMBER 10 2016......SUNRISE   659 AM PST   SUNSET   444 PM PST


-  INDICATES NEGATIVE NUMBERS.
R  INDICATES RECORD WAS SET OR TIED.
MM INDICATES DATA IS MISSING.
T  INDICATES TRACE AMOUNT.




$$
