000
CDUS46 KHNX 120831
CLIHJO


CLIMATE REPORT
NATIONAL WEATHER SERVICE SAN JOAQUIN VALLEY, CA
1229 AM PST FRI FEB 12 2016


...................................

...THE HANFORD CA CLIMATE SUMMARY FOR FEBRUARY 11 2016...

CLIMATE NORMAL PERIOD 1981 TO 2010
CLIMATE RECORD PERIOD 1998 TO 2016


WEATHER ITEM   OBSERVED TIME   RECORD YEAR NORMAL DEPARTURE
                VALUE   (LST)  VALUE       VALUE  FROM
                                                  NORMAL
...............................................................
TEMPERATURE (F)
 YESTERDAY
  MAXIMUM         73R   333 PM  72    2006  61     12
  MINIMUM         42    805 AM  27    2013  39      3
  AVERAGE         58                        50      8

PRECIPITATION (IN)
  YESTERDAY        0.00          0.30 2001   0.06  -0.06
  MONTH TO DATE    0.00                      0.59  -0.59
  SINCE OCT 1      5.47                      5.76  -0.29
  SINCE JAN 1      2.87                      2.63   0.24

SNOWFALL (IN)
  YESTERDAY        0.0
  MONTH TO DATE    0.0
  SINCE DEC 1      0.0
  SINCE JUL 1      0.0
  SNOW DEPTH       0

DEGREE DAYS
 HEATING
  YESTERDAY        7
  MONTH TO DATE  167
  SINCE DEC 1   1279
  SINCE JUL 1   1729

 COOLING
  YESTERDAY        0
  MONTH TO DATE    0
  SINCE DEC 1      0
  SINCE JAN 1      0
...............................................................


WIND (MPH)
  HIGHEST WIND SPEED     8   HIGHEST WIND DIRECTION    NE (50)
  HIGHEST GUST SPEED    11   HIGHEST GUST DIRECTION     E (100)
  AVERAGE WIND SPEED     1.8




RELATIVE HUMIDITY (PERCENT)
 HIGHEST   100
 LOWEST     53
 AVERAGE    77

..........................................................


THE HANFORD CA CLIMATE NORMALS FOR TODAY
                         NORMAL    RECORD    YEAR
 MAXIMUM TEMPERATURE (F)   61        74      2015
 MINIMUM TEMPERATURE (F)   39        29      2013


SUNRISE AND SUNSET
FEBRUARY 12 2016......SUNRISE   650 AM PST   SUNSET   536 PM PST
FEBRUARY 13 2016......SUNRISE   649 AM PST   SUNSET   537 PM PST


-  INDICATES NEGATIVE NUMBERS.
R  INDICATES RECORD WAS SET OR TIED.
MM INDICATES DATA IS MISSING.
T  INDICATES TRACE AMOUNT.




$$
