000
CDUS41 KPBZ 210757
CLIHLG


CLIMATE REPORT
NATIONAL WEATHER SERVICE PITTSBURGH PA
356 AM EDT THU SEP 21 2017


...................................

...THE WHEELING CLIMATE SUMMARY FOR SEPTEMBER 20 2017...

CLIMATE NORMAL PERIOD 1981 TO 2010
CLIMATE RECORD PERIOD 1878 TO 2017


WEATHER ITEM   OBSERVED TIME   RECORD YEAR NORMAL DEPARTURE LAST
                VALUE   (LST)  VALUE       VALUE  FROM      YEAR
                                                  NORMAL
..................................................................
TEMPERATURE (F)
 YESTERDAY
  MAXIMUM         81    325 PM  94    1925  73      8       85
  MINIMUM         61    627 AM  32    1937  53      8       58
  AVERAGE         71                        63      8       72

PRECIPITATION (IN)
  YESTERDAY        0.00          4.50 1883   0.07  -0.07     0.00
  MONTH TO DATE    0.76                      1.63  -0.87     1.44
  SINCE JAN 1     35.66                     29.13   6.53    27.20

DEGREE DAYS
 HEATING
  YESTERDAY        0                         4     -4        0
  MONTH TO DATE   59                        36     23        0
  SINCE SEP 1     59                        36     23        0
  SINCE JUL 1     66                        47     19        2

 COOLING
  YESTERDAY        6                                         7
  MONTH TO DATE   32                                       145
  SINCE SEP 1     32                                       145
  SINCE JAN 1    660                                      1141
..................................................................


WIND (MPH)
  HIGHEST WIND SPEED     9   HIGHEST WIND DIRECTION     W (280)
  HIGHEST GUST SPEED    11   HIGHEST GUST DIRECTION    SW (220)
  AVERAGE WIND SPEED     1.9


SKY COVER
  POSSIBLE SUNSHINE  MM
  AVERAGE SKY COVER 0.3


WEATHER CONDITIONS
 THE FOLLOWING WEATHER WAS RECORDED YESTERDAY.
  FOG
  FOG W/VISIBILITY <= 1/4 MILE


RELATIVE HUMIDITY (PERCENT)
 HIGHEST   100           300 AM
 LOWEST     58           400 PM
 AVERAGE    79

..........................................................


THE WHEELING CLIMATE NORMALS FOR TODAY
                         NORMAL    RECORD    YEAR
 MAXIMUM TEMPERATURE (F)   72        94      1931
 MINIMUM TEMPERATURE (F)   53        33      1937
                                             1929


SUNRISE AND SUNSET
SEPTEMBER 21 2017.....SUNRISE   709 AM EDT   SUNSET   721 PM EDT
SEPTEMBER 22 2017.....SUNRISE   710 AM EDT   SUNSET   719 PM EDT


-  INDICATES NEGATIVE NUMBERS.
R  INDICATES RECORD WAS SET OR TIED.
MM INDICATES DATA IS MISSING.
T  INDICATES TRACE AMOUNT.




$$
