000
CDUS41 KPBZ 222115
CLIHLG


CLIMATE REPORT
NATIONAL WEATHER SERVICE PITTSBURGH PA
513 PM EDT SAT JUL 22 2017


...................................

...THE WHEELING CLIMATE SUMMARY FOR JULY 22 2017...
VALID TODAY AS OF 0500 PM LOCAL TIME.

CLIMATE NORMAL PERIOD 1981 TO 2010
CLIMATE RECORD PERIOD 1878 TO 2017


WEATHER ITEM   OBSERVED TIME   RECORD YEAR NORMAL DEPARTURE LAST
                VALUE   (LST)  VALUE       VALUE  FROM      YEAR
                                                  NORMAL
..................................................................
TEMPERATURE (F)
 TODAY
  MAXIMUM         79    317 PM 106    1934  82     -3       90
  MINIMUM         69   1003 AM  45    1936  63      6       72
                                      1929
  AVERAGE         74                        72      2       81

PRECIPITATION (IN)
  TODAY            0.56          2.63 1946   0.15   0.41     0.00
  MONTH TO DATE    2.84                      2.86  -0.02     1.80
  SINCE JAN 1     28.02                     22.76   5.26    18.40

DEGREE DAYS
 HEATING
  TODAY            0                         0      0        0
  MONTH TO DATE    0                         0      0        2
  SINCE JUN 1     32                        38     -6       14
  SINCE JUL 1      0                         0      0        2

 COOLING
  TODAY            9                         8      1       16
  MONTH TO DATE  197                       163     34      219
  SINCE JUN 1    360                       299     61      427
  SINCE JAN 1    429                       345     84      490
..................................................................


WIND (MPH)
  HIGHEST WIND SPEED    16   HIGHEST WIND DIRECTION     S (200)
  HIGHEST GUST SPEED    23   HIGHEST GUST DIRECTION    SW (210)
  AVERAGE WIND SPEED     5.2


SKY COVER
  POSSIBLE SUNSHINE  MM
  AVERAGE SKY COVER 0.8


WEATHER CONDITIONS
 THE FOLLOWING WEATHER WAS RECORDED TODAY.
  THUNDERSTORM
  HEAVY RAIN
  RAIN
  LIGHT RAIN
  FOG
  HAZE


RELATIVE HUMIDITY (PERCENT)
 HIGHEST    93          1200 AM
 LOWEST     82           800 AM
 AVERAGE    88

..........................................................


THE WHEELING CLIMATE NORMALS FOR TOMORROW
                         NORMAL    RECORD    YEAR
 MAXIMUM TEMPERATURE (F)   82       100      1933
 MINIMUM TEMPERATURE (F)   63        47      1944


SUNRISE AND SUNSET
JULY 22 2017..........SUNRISE   612 AM EDT   SUNSET   846 PM EDT
JULY 23 2017..........SUNRISE   613 AM EDT   SUNSET   845 PM EDT


-  INDICATES NEGATIVE NUMBERS.
R  INDICATES RECORD WAS SET OR TIED.
MM INDICATES DATA IS MISSING.
T  INDICATES TRACE AMOUNT.




$$
