014
CDUS45 KTFX 271003
CLIHLN


CLIMATE REPORT
NATIONAL WEATHER SERVICE GREAT FALLS MT
402 AM MDT MON MAR 27 2017


...................................

...THE HELENA MT CLIMATE SUMMARY FOR MARCH 26 2017...

CLIMATE NORMAL PERIOD 1981 TO 2010
CLIMATE RECORD PERIOD 1866 TO 2017


WEATHER ITEM   OBSERVED TIME   RECORD YEAR NORMAL DEPARTURE LAST
                VALUE   (LST)  VALUE       VALUE  FROM      YEAR
                                                  NORMAL
..................................................................
TEMPERATURE (F)
 YESTERDAY
  MAXIMUM         57    322 PM  73    1978  52      5       52
  MINIMUM         33    617 AM -22    1955  27      6       20
  AVERAGE         45                        40      5       36

PRECIPITATION (IN)
  YESTERDAY        0.00          0.41 1886   0.02  -0.02     0.00
  MONTH TO DATE    0.42                      0.47  -0.05     0.10
  SINCE OCT 1      4.70                      2.70   2.00     2.27
  SINCE JAN 1      1.72                      1.13   0.59     0.57

SNOWFALL (IN)
  YESTERDAY        0.0           6.1  1886   0.2   -0.2      0.0
  MONTH TO DATE    2.9                       5.2   -2.3       T
  SINCE MAR 1      2.9                       5.2   -2.3       T
  SINCE JUL 1     51.5                      32.5   19.0     14.8
  SNOW DEPTH       0

DEGREE DAYS
 HEATING
  YESTERDAY       20                        26     -6       29
  MONTH TO DATE  621                       768   -147      640
  SINCE MAR 1    621                       768   -147      640
  SINCE JUL 1   6421                      6329     92     5580

 COOLING
  YESTERDAY        0                         0      0        0
  MONTH TO DATE    0                         0      0        0
  SINCE MAR 1      0                         0      0        0
  SINCE JAN 1      0                         0      0        0
..................................................................


WIND (MPH)
  HIGHEST WIND SPEED    14   HIGHEST WIND DIRECTION     W (260)
  HIGHEST GUST SPEED    22   HIGHEST GUST DIRECTION     W (260)
  AVERAGE WIND SPEED     5.9


SKY COVER
  AVERAGE SKY COVER 0.3


WEATHER CONDITIONS
 THE FOLLOWING WEATHER WAS RECORDED YESTERDAY.
  NO SIGNIFICANT WEATHER WAS OBSERVED.


RELATIVE HUMIDITY (PERCENT)
 HIGHEST    75           700 AM
 LOWEST     26           400 PM
 AVERAGE    51

..........................................................


THE HELENA MT CLIMATE NORMALS FOR TODAY
                         NORMAL    RECORD    YEAR
 MAXIMUM TEMPERATURE (F)   52        76      2015
 MINIMUM TEMPERATURE (F)   28       -11      1955


SUNRISE AND SUNSET
MARCH 27 2017.........SUNRISE   717 AM MDT   SUNSET   751 PM MDT
MARCH 28 2017.........SUNRISE   715 AM MDT   SUNSET   752 PM MDT


-  INDICATES NEGATIVE NUMBERS.
R  INDICATES RECORD WAS SET OR TIED.
MM INDICATES DATA IS MISSING.
T  INDICATES TRACE AMOUNT.




$$
