000
CDUS45 KTFX 192215
CLIHLN


CLIMATE REPORT
NATIONAL WEATHER SERVICE GREAT FALLS MT
414 PM MDT TUE AUG 19 2014


...................................

...THE HELENA MT CLIMATE SUMMARY FOR AUGUST 19 2014...
VALID TODAY AS OF 0400 PM LOCAL TIME.

CLIMATE NORMAL PERIOD 1981 TO 2010
CLIMATE RECORD PERIOD 1866 TO 2014


WEATHER ITEM   OBSERVED TIME   RECORD YEAR NORMAL DEPARTURE LAST
                VALUE   (LST)  VALUE       VALUE  FROM      YEAR
                                                  NORMAL
..................................................................
TEMPERATURE (F)
 TODAY
  MAXIMUM         90    247 PM  98    2008  84      6       94
  MINIMUM         54    533 AM  34    1995  52      2       57
  AVERAGE         72                        68      4       76

PRECIPITATION (IN)
  TODAY            0.00          0.87 1964   0.04  -0.04     0.00
  MONTH TO DATE    0.40                      0.72  -0.32     1.45
  SINCE OCT 1      8.15                      9.64  -1.49    11.16
  SINCE JAN 1      7.15                      8.07  -0.92     7.86

SNOWFALL (IN)
  TODAY            0.0           0.0  1999   0.0    0.0      0.0
                                      1995
  MONTH TO DATE    0.0                       0.1   -0.1      0.0
  SINCE JUN 1      0.0                       0.1   -0.1      0.0
  SINCE JUL 1      0.0                       0.1   -0.1      0.0
  SNOW DEPTH       0

DEGREE DAYS
 HEATING
  TODAY            0                         1     -1        0
  MONTH TO DATE    0                        13    -13        3
  SINCE JUN 1    127                       176    -49      149
  SINCE JUL 1      0                        40    -40        3

 COOLING
  TODAY            7                         4      3       11
  MONTH TO DATE  163                       109     54      121
  SINCE JUN 1    430                       339     91      422
  SINCE JAN 1    434                       347     87      429
..................................................................


WIND (MPH)
  HIGHEST WIND SPEED    18   HIGHEST WIND DIRECTION    NW (310)
  HIGHEST GUST SPEED    26   HIGHEST GUST DIRECTION    NW (300)
  AVERAGE WIND SPEED     3.4


SKY COVER
  AVERAGE SKY COVER 0.0


WEATHER CONDITIONS
 THE FOLLOWING WEATHER WAS RECORDED TODAY.
  NO SIGNIFICANT WEATHER WAS OBSERVED.


RELATIVE HUMIDITY (PERCENT)
 HIGHEST    67           700 AM
 LOWEST     17           300 PM
 AVERAGE    42

..........................................................


THE HELENA MT CLIMATE NORMALS FOR TOMORROW
                         NORMAL    RECORD    YEAR
 MAXIMUM TEMPERATURE (F)   84        96      1967
                                             1953
 MINIMUM TEMPERATURE (F)   52        39      1995
                                             1956
                                             1916


SUNRISE AND SUNSET
AUGUST 19 2014........SUNRISE   631 AM MDT   SUNSET   831 PM MDT
AUGUST 20 2014........SUNRISE   633 AM MDT   SUNSET   829 PM MDT


-  INDICATES NEGATIVE NUMBERS.
R  INDICATES RECORD WAS SET OR TIED.
MM INDICATES DATA IS MISSING.
T  INDICATES TRACE AMOUNT.




$$
