548
CDHW40 PHFO 041245
CLIHNL


CLIMATE REPORT
NATIONAL WEATHER SERVICE HONOLULU HI
245 AM HST SUN DEC 4 2016


...................................

...THE HONOLULU HI CLIMATE SUMMARY FOR DECEMBER 3 2016...

CLIMATE NORMAL PERIOD 1981 TO 2010
CLIMATE RECORD PERIOD 1946 TO 2016


WEATHER ITEM   OBSERVED TIME   RECORD YEAR NORMAL DEPARTURE LAST
                VALUE   (LST)  VALUE       VALUE  FROM      YEAR
                                                  NORMAL
..................................................................
TEMPERATURE (F)
 YESTERDAY
  MAXIMUM         82    145 PM  87    1995  82      0       85
                                      1983
  MINIMUM         69   1144 PM  61    1980  70     -1       74
  AVERAGE         76                        76      0       80

PRECIPITATION (IN)
  YESTERDAY        T             3.76 1950   0.08  -0.08      T
  MONTH TO DATE    0.16                      0.23  -0.07     0.04
  SINCE DEC 1      0.16                      0.23  -0.07     0.04
  SINCE JAN 1     12.45                     14.09  -1.64    15.22

SNOWFALL (IN)
  YESTERDAY        0.0
  MONTH TO DATE    0.0
  SINCE DEC 1      0.0
  SINCE JUL 1      0.0
  SNOW DEPTH       0

DEGREE DAYS
 HEATING
  YESTERDAY        0                         0      0        0
  MONTH TO DATE    0                         0      0        0
  SINCE DEC 1      0                         0      0        0
  SINCE JUL 1      0                         0      0        0

 COOLING
  YESTERDAY       11                        11      0       15
  MONTH TO DATE   33                        33      0       44
  SINCE DEC 1     33                        33      0       44
  SINCE JAN 1   4466                      4359    107     4481
..................................................................


WIND (MPH)
  HIGHEST WIND SPEED    17   HIGHEST WIND DIRECTION    SW (230)
  HIGHEST GUST SPEED    20   HIGHEST GUST DIRECTION    SW (230)
  AVERAGE WIND SPEED     4.3


SKY COVER
  POSSIBLE SUNSHINE  MM
  AVERAGE SKY COVER 0.6


WEATHER CONDITIONS
 THE FOLLOWING WEATHER WAS RECORDED YESTERDAY.
  LIGHT RAIN


RELATIVE HUMIDITY (PERCENT)
 HIGHEST    90           200 AM
 LOWEST     62          1100 AM
 AVERAGE    76

..........................................................


THE HONOLULU HI CLIMATE NORMALS FOR TODAY
                         NORMAL    RECORD    YEAR
 MAXIMUM TEMPERATURE (F)   82        88      1983
 MINIMUM TEMPERATURE (F)   70        59      1962


SUNRISE AND SUNSET
DECEMBER  4 2016......SUNRISE   655 AM HST   SUNSET   549 PM HST
DECEMBER  5 2016......SUNRISE   656 AM HST   SUNSET   549 PM HST


-  INDICATES NEGATIVE NUMBERS.
R  INDICATES RECORD WAS SET OR TIED.
MM INDICATES DATA IS MISSING.
T  INDICATES TRACE AMOUNT.




$$
