000
CDHW40 PHFO 241245
CLIHNL


CLIMATE REPORT
NATIONAL WEATHER SERVICE HONOLULU HI
245 AM HST SAT SEP 24 2016


...................................

...THE HONOLULU HI CLIMATE SUMMARY FOR SEPTEMBER 23 2016...

CLIMATE NORMAL PERIOD 1981 TO 2010
CLIMATE RECORD PERIOD 1946 TO 2016


WEATHER ITEM   OBSERVED TIME   RECORD YEAR NORMAL DEPARTURE LAST
                VALUE   (LST)  VALUE       VALUE  FROM      YEAR
                                                  NORMAL
..................................................................
TEMPERATURE (F)
 YESTERDAY
  MAXIMUM         88    210 PM  93    1995  88      0       90
  MINIMUM         74    600 AM  67    1950  74      0       78
  AVERAGE         81                        81      0       84

PRECIPITATION (IN)
  YESTERDAY        T             0.78 1985   0.03  -0.03     0.00
  MONTH TO DATE    2.89                      0.50   2.39     4.47
  SINCE SEP 1      2.89                      0.50   2.39     4.47
  SINCE JAN 1     11.41                      9.40   2.01    10.10

SNOWFALL (IN)
  YESTERDAY        0.0
  MONTH TO DATE    0.0
  SINCE SEP 1      0.0
  SINCE JUL 1      0.0
  SNOW DEPTH       0

DEGREE DAYS
 HEATING
  YESTERDAY        0                         0      0        0
  MONTH TO DATE    0                         0      0        0
  SINCE SEP 1      0                         0      0        0
  SINCE JUL 1      0                         0      0        0

 COOLING
  YESTERDAY       16                        16      0       19
  MONTH TO DATE  367                       384    -17      428
  SINCE SEP 1    367                       384    -17      428
  SINCE JAN 1   3482                      3368    114     3329
..................................................................


WIND (MPH)
  HIGHEST WIND SPEED    21   HIGHEST WIND DIRECTION    NE (50)
  HIGHEST GUST SPEED    27   HIGHEST GUST DIRECTION    NE (50)
  AVERAGE WIND SPEED     9.9


SKY COVER
  POSSIBLE SUNSHINE  MM
  AVERAGE SKY COVER 0.4


WEATHER CONDITIONS
 THE FOLLOWING WEATHER WAS RECORDED YESTERDAY.
  NO SIGNIFICANT WEATHER WAS OBSERVED.


RELATIVE HUMIDITY (PERCENT)
 HIGHEST    87           300 AM
 LOWEST     55           200 PM
 AVERAGE    71

..........................................................


THE HONOLULU HI CLIMATE NORMALS FOR TODAY
                         NORMAL    RECORD    YEAR
 MAXIMUM TEMPERATURE (F)   88        93      1995
                                             1991
                                             1966
 MINIMUM TEMPERATURE (F)   74        68      1955


SUNRISE AND SUNSET
SEPTEMBER 24 2016.....SUNRISE   621 AM HST   SUNSET   625 PM HST
SEPTEMBER 25 2016.....SUNRISE   621 AM HST   SUNSET   624 PM HST


-  INDICATES NEGATIVE NUMBERS.
R  INDICATES RECORD WAS SET OR TIED.
MM INDICATES DATA IS MISSING.
T  INDICATES TRACE AMOUNT.




$$
