000
CDHW40 PHFO 291245
CLIHNL


CLIMATE REPORT
NATIONAL WEATHER SERVICE HONOLULU HI
245 AM HST WED JUL 29 2015


...................................

...THE HONOLULU HI CLIMATE SUMMARY FOR JULY 28 2015...

CLIMATE NORMAL PERIOD 1981 TO 2010
CLIMATE RECORD PERIOD 1946 TO 2015


WEATHER ITEM   OBSERVED TIME   RECORD YEAR NORMAL DEPARTURE LAST
                VALUE   (LST)  VALUE       VALUE  FROM      YEAR
                                                  NORMAL
..................................................................
TEMPERATURE (F)
 YESTERDAY
  MAXIMUM         91    312 PM  92    1987  88      3       90
  MINIMUM         77    458 AM  69    2010  75      2       78
  AVERAGE         84                        82      2       84

PRECIPITATION (IN)
  YESTERDAY        0.00          0.46 1965   0.02  -0.02     0.00
  MONTH TO DATE    0.43                      0.45  -0.02     1.12
  SINCE JUN 1      0.66                      0.71  -0.05     1.70
  SINCE JAN 1      3.65                      8.28  -4.63    11.67

SNOWFALL (IN)
  YESTERDAY        0.0
  MONTH TO DATE    0.0
  SINCE JUN 1      0.0
  SINCE JUL 1      0.0
  SNOW DEPTH       0

DEGREE DAYS
 HEATING
  YESTERDAY        0                         0      0        0
  MONTH TO DATE    0                         0      0        0
  SINCE JUN 1      0                         0      0        0
  SINCE JUL 1      0                         0      0        0

 COOLING
  YESTERDAY       19                        17      2       19
  MONTH TO DATE  516                       450     66      485
  SINCE JUN 1    996                       906     90      948
  SINCE JAN 1   2471                      2408     63     2557
..................................................................


WIND (MPH)
  HIGHEST WIND SPEED    20   HIGHEST WIND DIRECTION    SE (140)
  HIGHEST GUST SPEED    24   HIGHEST GUST DIRECTION    SE (130)
  AVERAGE WIND SPEED     9.7


SKY COVER
  POSSIBLE SUNSHINE  MM
  AVERAGE SKY COVER 0.6


WEATHER CONDITIONS
 THE FOLLOWING WEATHER WAS RECORDED YESTERDAY.
  NO SIGNIFICANT WEATHER WAS OBSERVED.


RELATIVE HUMIDITY (PERCENT)
 HIGHEST    82           400 AM
 LOWEST     52           300 PM
 AVERAGE    67

..........................................................


THE HONOLULU HI CLIMATE NORMALS FOR TODAY
                         NORMAL    RECORD    YEAR
 MAXIMUM TEMPERATURE (F)   88        92      1997
                                             1987
 MINIMUM TEMPERATURE (F)   75        70      1974
                                             1965
                                             1958


SUNRISE AND SUNSET
JULY 29 2015..........SUNRISE   604 AM HST   SUNSET   712 PM HST
JULY 30 2015..........SUNRISE   604 AM HST   SUNSET   712 PM HST


-  INDICATES NEGATIVE NUMBERS.
R  INDICATES RECORD WAS SET OR TIED.
MM INDICATES DATA IS MISSING.
T  INDICATES TRACE AMOUNT.




$$
