000
CDHW40 PHFO 020247
CLIHNL


CLIMATE REPORT
NATIONAL WEATHER SERVICE HONOLULU HI
445 PM HST MON SEP 1 2014


...................................

...THE HONOLULU HI CLIMATE SUMMARY FOR SEPTEMBER 1 2014...
VALID TODAY AS OF 0400 PM LOCAL TIME.

CLIMATE NORMAL PERIOD 1981 TO 2010
CLIMATE RECORD PERIOD 1946 TO 2014


WEATHER ITEM   OBSERVED TIME   RECORD YEAR NORMAL DEPARTURE LAST
                VALUE   (LST)  VALUE       VALUE  FROM      YEAR
                                                  NORMAL
..................................................................
TEMPERATURE (F)
 TODAY
  MAXIMUM         87    238 PM  93    1984  89     -2       87
  MINIMUM         74    602 AM  68    1975  75     -1       73
  AVERAGE         81                        82     -1       80

PRECIPITATION (IN)
  TODAY            0.00          0.77 1972   0.02  -0.02     0.02
  MONTH TO DATE    0.00                      0.02  -0.02     0.02
  SINCE SEP 1      0.00                      0.02  -0.02     0.02
  SINCE JAN 1     12.23                      8.92   3.31     9.10

SNOWFALL (IN)
  TODAY            0.0
  MONTH TO DATE    0.0
  SINCE SEP 1      0.0
  SINCE JUL 1      0.0
  SNOW DEPTH       0

DEGREE DAYS
 HEATING
  TODAY            0                         0      0        0
  MONTH TO DATE    0                         0      0        0
  SINCE SEP 1      0                         0      0        0
  SINCE JUL 1      0                         0      0        0

 COOLING
  TODAY           16                        17     -1       15
  MONTH TO DATE   16                        17     -1       15
  SINCE SEP 1     16                        17     -1       15
  SINCE JAN 1   3174                      3001    173     2875
..................................................................


WIND (MPH)
  HIGHEST WIND SPEED    12   HIGHEST WIND DIRECTION     S (160)
  HIGHEST GUST SPEED    15   HIGHEST GUST DIRECTION     S (160)
  AVERAGE WIND SPEED     5.7


SKY COVER
  POSSIBLE SUNSHINE  MM
  AVERAGE SKY COVER 0.4


WEATHER CONDITIONS
 THE FOLLOWING WEATHER WAS RECORDED TODAY.
  NO SIGNIFICANT WEATHER WAS OBSERVED.


RELATIVE HUMIDITY (PERCENT)
 HIGHEST    84           500 AM
 LOWEST     57           100 PM
 AVERAGE    71

..........................................................


THE HONOLULU HI CLIMATE NORMALS FOR TOMORROW
                         NORMAL    RECORD    YEAR
 MAXIMUM TEMPERATURE (F)   89        94      1997
 MINIMUM TEMPERATURE (F)   75        69      1993


SUNRISE AND SUNSET
SEPTEMBER  1 2014.....SUNRISE   615 AM HST   SUNSET   648 PM HST
SEPTEMBER  2 2014.....SUNRISE   616 AM HST   SUNSET   647 PM HST


-  INDICATES NEGATIVE NUMBERS.
R  INDICATES RECORD WAS SET OR TIED.
MM INDICATES DATA IS MISSING.
T  INDICATES TRACE AMOUNT.




$$
