000
CDHW40 PHFO 181245
CLIHNL


CLIMATE REPORT
NATIONAL WEATHER SERVICE HONOLULU HI
245 AM HST THU DEC 18 2014


...................................

...THE HONOLULU HI CLIMATE SUMMARY FOR DECEMBER 17 2014...

CLIMATE NORMAL PERIOD 1981 TO 2010
CLIMATE RECORD PERIOD 1946 TO 2014


WEATHER ITEM   OBSERVED TIME   RECORD YEAR NORMAL DEPARTURE LAST
                VALUE   (LST)  VALUE       VALUE  FROM      YEAR
                                                  NORMAL
..................................................................
TEMPERATURE (F)
 YESTERDAY
  MAXIMUM         83    145 PM  88    1992  81      2       82
  MINIMUM         69    549 AM  57    1989  68      1       65
                                      1980
  AVERAGE         76                        75      1       74

PRECIPITATION (IN)
  YESTERDAY        0.00          1.47 1971   0.12  -0.12      T
  MONTH TO DATE    0.33                      1.63  -1.30     3.53
  SINCE DEC 1      0.33                      1.63  -1.30     3.53
  SINCE JAN 1     20.08                     15.49   4.59    16.07

SNOWFALL (IN)
  YESTERDAY        0.0
  MONTH TO DATE    0.0
  SINCE DEC 1      0.0
  SINCE JUL 1      0.0
  SNOW DEPTH       0

DEGREE DAYS
 HEATING
  YESTERDAY        0                         0      0        0
  MONTH TO DATE    0                         0      0        0
  SINCE DEC 1      0                         0      0        0
  SINCE JUL 1      0                         0      0        0

 COOLING
  YESTERDAY       11                        10      1        9
  MONTH TO DATE  168                       177     -9      188
  SINCE DEC 1    168                       177     -9      188
  SINCE JAN 1   4793                      4503    290     4325
..................................................................


WIND (MPH)
  HIGHEST WIND SPEED    22   HIGHEST WIND DIRECTION    NE (50)
  HIGHEST GUST SPEED    28   HIGHEST GUST DIRECTION    NE (60)
  AVERAGE WIND SPEED    10.3


SKY COVER
  POSSIBLE SUNSHINE  MM
  AVERAGE SKY COVER 0.5


WEATHER CONDITIONS
 THE FOLLOWING WEATHER WAS RECORDED YESTERDAY.
  HAZE


RELATIVE HUMIDITY (PERCENT)
 HIGHEST    90          1200 AM
 LOWEST     55           200 PM
 AVERAGE    73

..........................................................


THE HONOLULU HI CLIMATE NORMALS FOR TODAY
                         NORMAL    RECORD    YEAR
 MAXIMUM TEMPERATURE (F)   81        88      1995
 MINIMUM TEMPERATURE (F)   68        57      1989
                                             1988
                                             1954


SUNRISE AND SUNSET
DECEMBER 18 2014......SUNRISE   703 AM HST   SUNSET   554 PM HST
DECEMBER 19 2014......SUNRISE   704 AM HST   SUNSET   554 PM HST


-  INDICATES NEGATIVE NUMBERS.
R  INDICATES RECORD WAS SET OR TIED.
MM INDICATES DATA IS MISSING.
T  INDICATES TRACE AMOUNT.




$$
