000
CDUS43 KFSD 230636
CLIHON


CLIMATE REPORT
NATIONAL WEATHER SERVICE SIOUX FALLS SD
1234 AM CST TUE JAN 23 2018


...................................

...THE HURON SD CLIMATE SUMMARY FOR JANUARY 22 2018...

CLIMATE NORMAL PERIOD 1981 TO 2010
CLIMATE RECORD PERIOD 1881 TO 2018


WEATHER ITEM   OBSERVED TIME   RECORD YEAR NORMAL DEPARTURE LAST
                VALUE   (LST)  VALUE       VALUE  FROM      YEAR
                                                  NORMAL
..................................................................
TEMPERATURE (F)
 YESTERDAY
  MAXIMUM         26    129 AM  60    1900  27     -1       31
  MINIMUM         21   1159 PM -31    1886   7     14       20
  AVERAGE         24                        17      7       26

PRECIPITATION (IN)
  YESTERDAY        0.00          0.50 1982   0.01  -0.01     0.00
  MONTH TO DATE    0.30                      0.35  -0.05     0.33
  SINCE DEC 1      0.80                      0.87  -0.07     1.72
  SINCE JAN 1      0.30                      0.35  -0.05     0.33

SNOWFALL (IN)
  YESTERDAY        0.0          10.1  1982   0.2   -0.2      0.0
  MONTH TO DATE    4.8                       5.1   -0.3      4.0
  SINCE DEC 1     11.7                      13.1   -1.4     14.0
  SINCE JUL 1     13.0                      21.4   -8.4     18.7
  SNOW DEPTH       4

DEGREE DAYS
 HEATING
  YESTERDAY       41                        48     -7       39
  MONTH TO DATE 1113                      1071     42     1145
  SINCE DEC 1   2476                      2489    -13     2644
  SINCE JUL 1   4041                      4191   -150     3852

 COOLING
  YESTERDAY        0                         0      0        0
  MONTH TO DATE    0                         0      0        0
  SINCE DEC 1      0                         0      0        0
  SINCE JAN 1      0                         0      0        0
..................................................................


WIND (MPH)
  HIGHEST WIND SPEED    30   HIGHEST WIND DIRECTION     N (350)
  HIGHEST GUST SPEED    37   HIGHEST GUST DIRECTION     N (350)
  AVERAGE WIND SPEED    20.3


SKY COVER
  POSSIBLE SUNSHINE  MM
  AVERAGE SKY COVER 1.0


WEATHER CONDITIONS
 THE FOLLOWING WEATHER WAS RECORDED YESTERDAY.
  FOG
  BLOWING SNOW


RELATIVE HUMIDITY (PERCENT)
 HIGHEST   100           600 AM
 LOWEST     88           200 PM
 AVERAGE    94

..........................................................


THE HURON SD CLIMATE NORMALS FOR TODAY
                         NORMAL    RECORD    YEAR
 MAXIMUM TEMPERATURE (F)   27        57      1981
 MINIMUM TEMPERATURE (F)    7       -24      2003
                                             1948
                                             1883


SUNRISE AND SUNSET
JANUARY 23 2018.......SUNRISE   800 AM CST   SUNSET   530 PM CST
JANUARY 24 2018.......SUNRISE   759 AM CST   SUNSET   531 PM CST


-  INDICATES NEGATIVE NUMBERS.
R  INDICATES RECORD WAS SET OR TIED.
MM INDICATES DATA IS MISSING.
T  INDICATES TRACE AMOUNT.




$$
