000
CDUS43 KFSD 010629
CLIHON


CLIMATE REPORT
NATIONAL WEATHER SERVICE SIOUX FALLS SD
128 AM CDT SUN MAY 1 2016


...................................

...THE HURON SD CLIMATE SUMMARY FOR APRIL 30 2016...

CLIMATE NORMAL PERIOD 1981 TO 2010
CLIMATE RECORD PERIOD 1881 TO 2016


WEATHER ITEM   OBSERVED TIME   RECORD YEAR NORMAL DEPARTURE LAST
                VALUE   (LST)  VALUE       VALUE  FROM      YEAR
                                                  NORMAL
..................................................................
TEMPERATURE (F)
 YESTERDAY
  MAXIMUM         52    547 PM  95    1992  66    -14       79
  MINIMUM         41    625 AM  14    1950  40      1       42
  AVERAGE         47                        53     -6       61

PRECIPITATION (IN)
  YESTERDAY        0.00          2.14 1898   0.09  -0.09     0.03
  MONTH TO DATE    4.14                      2.31   1.83     0.60
  SINCE MAR 1      5.21                      3.77   1.44     0.76
  SINCE JAN 1      6.08                      4.87   1.21     1.37

SNOWFALL (IN)
  YESTERDAY        0.0           2.2  1954   0.0    0.0      0.0
  MONTH TO DATE    T                         4.0   -4.0       T
  SINCE MAR 1      2.3                      12.9  -10.6      1.2
  SINCE JUL 1     33.0                      43.9  -10.9     22.8
  SNOW DEPTH       0

DEGREE DAYS
 HEATING
  YESTERDAY       18                        13      5        4
  MONTH TO DATE  529                       559    -30      443
  SINCE MAR 1   1276                      1546   -270     1301
  SINCE JUL 1   6352                      7378  -1026     7238

 COOLING
  YESTERDAY        0                         0      0        0
  MONTH TO DATE    1                         4     -3        0
  SINCE MAR 1      1                         4     -3        2
  SINCE JAN 1      1                         4     -3        2
..................................................................


WIND (MPH)
  HIGHEST WIND SPEED    29   HIGHEST WIND DIRECTION     E (70)
  HIGHEST GUST SPEED    36   HIGHEST GUST DIRECTION    NE (50)
  AVERAGE WIND SPEED    13.8


SKY COVER
  POSSIBLE SUNSHINE  MM
  AVERAGE SKY COVER 0.4


WEATHER CONDITIONS
 THE FOLLOWING WEATHER WAS RECORDED YESTERDAY.
  NO SIGNIFICANT WEATHER WAS OBSERVED.


RELATIVE HUMIDITY (PERCENT)
 HIGHEST    89          1200 AM
 LOWEST     54           400 PM
 AVERAGE    72

..........................................................


THE HURON SD CLIMATE NORMALS FOR TODAY
                         NORMAL    RECORD    YEAR
 MAXIMUM TEMPERATURE (F)   66        99      1959
 MINIMUM TEMPERATURE (F)   40        17      1961


SUNRISE AND SUNSET
MAY  1 2016...........SUNRISE   623 AM CDT   SUNSET   838 PM CDT
MAY  2 2016...........SUNRISE   621 AM CDT   SUNSET   839 PM CDT


-  INDICATES NEGATIVE NUMBERS.
R  INDICATES RECORD WAS SET OR TIED.
MM INDICATES DATA IS MISSING.
T  INDICATES TRACE AMOUNT.




$$
