987
CDUS43 KFSD 092234
CLIHON


CLIMATE REPORT
NATIONAL WEATHER SERVICE SIOUX FALLS SD
428 PM CST FRI DEC 9 2016


...................................

...THE HURON SD CLIMATE SUMMARY FOR DECEMBER 9 2016...
VALID TODAY AS OF 0400 PM LOCAL TIME.

CLIMATE NORMAL PERIOD 1981 TO 2010
CLIMATE RECORD PERIOD 1881 TO 2016


WEATHER ITEM   OBSERVED TIME   RECORD YEAR NORMAL DEPARTURE LAST
                VALUE   (LST)  VALUE       VALUE  FROM      YEAR
                                                  NORMAL
..................................................................
TEMPERATURE (F)
 TODAY
  MAXIMUM          7    247 PM  64    1939  30    -23       50
  MINIMUM         -5    545 AM -24    1955  11    -16       28
  AVERAGE          1                        21    -20       39

PRECIPITATION (IN)
  TODAY            T             0.23 1918   0.02  -0.02     0.00
  MONTH TO DATE    0.01                      0.16  -0.15     0.33
  SINCE DEC 1      0.01                      0.16  -0.15     0.33
  SINCE JAN 1     18.14                     22.54  -4.40    24.63

SNOWFALL (IN)
  TODAY            T             2.0  1893   0.3   -0.3      0.0
  MONTH TO DATE    T                         2.3   -2.3      5.0
  SINCE DEC 1      T                         2.3   -2.3      5.0
  SINCE JUL 1      4.7                      10.6   -5.9     10.6
  SNOW DEPTH       0

DEGREE DAYS
 HEATING
  TODAY           64                        44     20       26
  MONTH TO DATE  394                       384     10      314
  SINCE DEC 1    394                       384     10      314
  SINCE JUL 1   1602                      2086   -484     1604

 COOLING
  TODAY            0                         0      0        0
  MONTH TO DATE    0                         0      0        0
  SINCE DEC 1      0                         0      0        0
  SINCE JAN 1    887                       742    145      797
..................................................................


WIND (MPH)
  HIGHEST WIND SPEED    10   HIGHEST WIND DIRECTION    NE (40)
  HIGHEST GUST SPEED    13   HIGHEST GUST DIRECTION    NE (30)
  AVERAGE WIND SPEED     5.3


SKY COVER
  POSSIBLE SUNSHINE  MM
  AVERAGE SKY COVER 0.6


WEATHER CONDITIONS
 THE FOLLOWING WEATHER WAS RECORDED TODAY.
  LIGHT SNOW


RELATIVE HUMIDITY (PERCENT)
 HIGHEST    91           200 AM
 LOWEST     76          1200 PM
 AVERAGE    84

..........................................................


THE HURON SD CLIMATE NORMALS FOR TOMORROW
                         NORMAL    RECORD    YEAR
 MAXIMUM TEMPERATURE (F)   30        59      1979
 MINIMUM TEMPERATURE (F)   11       -21      1917


SUNRISE AND SUNSET
DECEMBER  9 2016......SUNRISE   757 AM CST   SUNSET   453 PM CST
DECEMBER 10 2016......SUNRISE   758 AM CST   SUNSET   453 PM CST


-  INDICATES NEGATIVE NUMBERS.
R  INDICATES RECORD WAS SET OR TIED.
MM INDICATES DATA IS MISSING.
T  INDICATES TRACE AMOUNT.




$$
