000
CDUS43 KFSD 300713
CLIHON


CLIMATE REPORT
NATIONAL WEATHER SERVICE SIOUX FALLS SD
212 AM CDT TUE MAY 30 2017


...................................

...THE HURON SD CLIMATE SUMMARY FOR MAY 29 2017...

CLIMATE NORMAL PERIOD 1981 TO 2010
CLIMATE RECORD PERIOD 1881 TO 2017


WEATHER ITEM   OBSERVED TIME   RECORD YEAR NORMAL DEPARTURE LAST
                VALUE   (LST)  VALUE       VALUE  FROM      YEAR
                                                  NORMAL
..................................................................
TEMPERATURE (F)
 YESTERDAY
  MAXIMUM         69    449 PM  99    1934  74     -5       80
  MINIMUM         45   1023 PM  24    1947  51     -6       51
  AVERAGE         57                        62     -5       66

PRECIPITATION (IN)
  YESTERDAY        T             1.17 1942   0.11  -0.11     0.00
  MONTH TO DATE    1.34                      2.87  -1.53     2.49
  SINCE MAR 1      3.29                      6.64  -3.35     7.70
  SINCE JAN 1      4.09                      7.74  -3.65     8.57

SNOWFALL (IN)
  YESTERDAY        0.0           0.0    MM   0.0    0.0      0.0
  MONTH TO DATE    0.0                       0.1   -0.1      0.0
  SINCE MAR 1     13.9                      13.0    0.9      2.3
  SINCE JUL 1     35.9                      44.0   -8.1     33.0
  SNOW DEPTH       0

DEGREE DAYS
 HEATING
  YESTERDAY        8                         4      4        0
  MONTH TO DATE  224                       235    -11      199
  SINCE MAR 1   1714                      1781    -67     1475
  SINCE JUL 1   6863                      7613   -750     6551

 COOLING
  YESTERDAY        0                         2     -2        1
  MONTH TO DATE   21                        27     -6       25
  SINCE MAR 1     21                        31    -10       26
  SINCE JAN 1     21                        31    -10       26
..................................................................


WIND (MPH)
  HIGHEST WIND SPEED    30   HIGHEST WIND DIRECTION     N (340)
  HIGHEST GUST SPEED    36   HIGHEST GUST DIRECTION     N (340)
  AVERAGE WIND SPEED    13.8


SKY COVER
  POSSIBLE SUNSHINE  MM
  AVERAGE SKY COVER 0.4


WEATHER CONDITIONS
 THE FOLLOWING WEATHER WAS RECORDED YESTERDAY.
  LIGHT RAIN


RELATIVE HUMIDITY (PERCENT)
 HIGHEST    92          1200 AM
 LOWEST     34           600 PM
 AVERAGE    63

..........................................................


THE HURON SD CLIMATE NORMALS FOR TODAY
                         NORMAL    RECORD    YEAR
 MAXIMUM TEMPERATURE (F)   74       106      1934
 MINIMUM TEMPERATURE (F)   51        30      1897


SUNRISE AND SUNSET
MAY 30 2017...........SUNRISE   553 AM CDT   SUNSET   909 PM CDT
MAY 31 2017...........SUNRISE   552 AM CDT   SUNSET   910 PM CDT


-  INDICATES NEGATIVE NUMBERS.
R  INDICATES RECORD WAS SET OR TIED.
MM INDICATES DATA IS MISSING.
T  INDICATES TRACE AMOUNT.




$$
