000
CDUS44 KHGX 011403
CLIHOU

CLIMATE REPORT
NATIONAL WEATHER SERVICE HOUSTON/GALVESTON TX
800 AM CST WED MAR 1 2017

...MORNING CLIMATE DATA...

                            MORNING LOW    PRECIP SINCE MIDNIGHT
HOUSTON INTERCONTINENTAL         73                 T
GALVESTON SCHOLES FIELD          71                0.00
BRYAN/COLLEGE STATION            68                 T
HOUSTON HOBBY                    74                0.00

...................................

...THE HOUSTON INTERCONTINENTAL CLIMATE SUMMARY FOR FEBRUARY 28 2017...

CLIMATE NORMAL PERIOD 1981 TO 2010
CLIMATE RECORD PERIOD 1892 TO 2017


WEATHER ITEM   OBSERVED TIME   RECORD YEAR NORMAL DEPARTURE LAST
                VALUE   (LST)  VALUE       VALUE  FROM      YEAR
                                                  NORMAL
..................................................................
TEMPERATURE (F)
 YESTERDAY
  MAXIMUM         83    206 PM  90    1940  69     14       74
  MINIMUM         73    818 AM  28    2002  49     24       44
  AVERAGE         78                        59     19       59

PRECIPITATION (IN)
  YESTERDAY        T             1.44 1991   0.12  -0.12     0.00
  MONTH TO DATE    2.42                      3.20  -0.78     1.95
  SINCE DEC 1     12.07                     10.32   1.75     9.32
  SINCE JAN 1      8.51                      6.58   1.93     4.11

SNOWFALL (IN)
  YESTERDAY        0.0          MM      MM
  MONTH TO DATE    0.0
  SINCE DEC 1      0.0
  SINCE JUL 1      0.0

DEGREE DAYS
 HEATING
  YESTERDAY        0                         7     -7        6
  MONTH TO DATE   71                       263   -192      194
  SINCE DEC 1    542                      1003   -461      804
  SINCE JUL 1    600                      1188   -588      917
..................................................................


WIND (MPH)
  HIGHEST WIND SPEED    23   HIGHEST WIND DIRECTION     S (170)
  HIGHEST GUST SPEED    31   HIGHEST GUST DIRECTION     S (160)




RELATIVE HUMIDITY (PERCENT)
 HIGHEST    87
 LOWEST     55
 AVERAGE    71

..........................................................


THE HOUSTON INTERCONTINENTAL CLIMATE NORMALS FOR TODAY
                         NORMAL    RECORD    YEAR
 MAXIMUM TEMPERATURE (F)   69        84      1975
                                             1904
 MINIMUM TEMPERATURE (F)   50        28      1980


SUNRISE AND SUNSET
MARCH  1 2017.........SUNRISE   647 AM CST   SUNSET   621 PM CST
MARCH  2 2017.........SUNRISE   646 AM CST   SUNSET   621 PM CST


-  INDICATES NEGATIVE NUMBERS.
R  INDICATES RECORD WAS SET OR TIED.
MM INDICATES DATA IS MISSING.
T  INDICATES TRACE AMOUNT.


&&

...................................

...THE HOUSTON/HOBBY AIRPORT CLIMATE SUMMARY FOR FEBRUARY 28 2017...

CLIMATE NORMAL PERIOD 1981 TO 2010
CLIMATE RECORD PERIOD 1930 TO 2017


WEATHER ITEM   OBSERVED TIME   RECORD YEAR NORMAL DEPARTURE LAST
                VALUE   (LST)  VALUE       VALUE  FROM      YEAR
                                                  NORMAL
..................................................................
TEMPERATURE (F)
 YESTERDAY
  MAXIMUM         80    320 PM  84    1948  69     11       75
  MINIMUM         71    730 AM  29    1935  51     20       50
  AVERAGE         76                        60     16       63

PRECIPITATION (IN)
  YESTERDAY        T             1.35 1995   0.11  -0.11     0.00
  MONTH TO DATE    2.05                      3.21  -1.16     1.66
  SINCE DEC 1      9.81                     11.11  -1.30     7.66
  SINCE JAN 1      6.12                      7.08  -0.96     4.17

SNOWFALL (IN)
  YESTERDAY        0.0          MM      MM
  MONTH TO DATE    0.0
  SINCE DEC 1      0.0
  SINCE JUL 1      0.0

DEGREE DAYS
 HEATING
  YESTERDAY        0                         6     -6        2
  MONTH TO DATE   60                       238   -178      153
  SINCE DEC 1    461                       914   -453      664
  SINCE JUL 1    498                      1070   -572      738
..................................................................


WIND (MPH)
  HIGHEST WIND SPEED    24   HIGHEST WIND DIRECTION     S (190)
  HIGHEST GUST SPEED    31   HIGHEST GUST DIRECTION     S (180)




RELATIVE HUMIDITY (PERCENT)
 HIGHEST    93
 LOWEST     67
 AVERAGE    80

..........................................................


THE HOUSTON/HOBBY AIRPORT CLIMATE NORMALS FOR TODAY
                         NORMAL    RECORD    YEAR
 MAXIMUM TEMPERATURE (F)   69        84      1976
                                             1975
 MINIMUM TEMPERATURE (F)   51        29      1980
                                             1968


SUNRISE AND SUNSET
MARCH  1 2017.........SUNRISE   646 AM CST   SUNSET   621 PM CST
MARCH  2 2017.........SUNRISE   645 AM CST   SUNSET   621 PM CST


-  INDICATES NEGATIVE NUMBERS.
R  INDICATES RECORD WAS SET OR TIED.
MM INDICATES DATA IS MISSING.
T  INDICATES TRACE AMOUNT.

...MISCELLANEOUS CLIMATE DATA FOR YESTERDAY...

LOCATION                        HIGH    LOW     PRECIP
PEARLAND                         81      73      0.00
SUGAR LAND                       82      71      0.00
TOMBALL                          84      72       T
CONROE                           82      71      0.00
HUNTSVILLE                       82      71      0.00
ANGLETON/LAKE JACKSON            81      72      0.00
PALACIOS                         80      70      0.00
LEAGUE CITY (NWS)                77      70      0.00


THIS PRODUCT...ALONG WITH OTHER WEATHER...HYDROLOGIC...AND CLIMATE
PRODUCTS...IS AVAILABLE ON THE WEB AT HTTP://WWW.SRH.NOAA.GOV/HGX
OR AT HTTP://WEATHER.GOV



$$
