000
CDUS44 KHGX 240723
CLIHOU


CLIMATE REPORT
NATIONAL WEATHER SERVICE HOUSTON/GALVESTON TX
221 AM CDT SUN MAY 24 2015


...................................

...THE HOUSTON INTERCONTINENTAL CLIMATE SUMMARY FOR MAY 23 2015...

CLIMATE NORMAL PERIOD 1981 TO 2010
CLIMATE RECORD PERIOD 1892 TO 2015


WEATHER ITEM   OBSERVED TIME   RECORD YEAR NORMAL DEPARTURE LAST
                VALUE   (LST)  VALUE       VALUE  FROM      YEAR
                                                  NORMAL
..................................................................
TEMPERATURE (F)
 YESTERDAY
  MAXIMUM         85   1125 AM  95    1996  88     -3       85
                                      1890
  MINIMUM         73    544 AM  45    1892  69      4       66
  AVERAGE         79                        79      0       76

PRECIPITATION (IN)
  YESTERDAY        0.72          3.99 1959   0.16   0.56     0.00
  MONTH TO DATE    6.51                      3.75   2.76     4.25
  SINCE MAR 1     18.95                     10.47   8.48     8.26
  SINCE JAN 1     22.78                     17.05   5.73    11.61

DEGREE DAYS
 COOLING
  YESTERDAY       14                        14      0       11
  MONTH TO DATE  276                       255     21      202
  SINCE MAR 1    580                       498     82      415
  SINCE JAN 1    590                       536     54      449
..................................................................


WIND (MPH)
  HIGHEST WIND SPEED    21   HIGHEST WIND DIRECTION    SE (150)
  HIGHEST GUST SPEED    28   HIGHEST GUST DIRECTION    SE (140)




RELATIVE HUMIDITY (PERCENT)
 HIGHEST   100
 LOWEST     65
 AVERAGE    83

..........................................................


THE HOUSTON INTERCONTINENTAL CLIMATE NORMALS FOR TODAY
                         NORMAL    RECORD    YEAR
 MAXIMUM TEMPERATURE (F)   88        95      1955
 MINIMUM TEMPERATURE (F)   70        54      1892


SUNRISE AND SUNSET
MAY 24 2015...........SUNRISE   624 AM CDT   SUNSET   813 PM CDT
MAY 25 2015...........SUNRISE   623 AM CDT   SUNSET   814 PM CDT


-  INDICATES NEGATIVE NUMBERS.
R  INDICATES RECORD WAS SET OR TIED.
MM INDICATES DATA IS MISSING.
T  INDICATES TRACE AMOUNT.




...................................

...THE HOUSTON/HOBBY AIRPORT CLIMATE SUMMARY FOR MAY 23 2015...

CLIMATE NORMAL PERIOD 1981 TO 2010
CLIMATE RECORD PERIOD 1930 TO 2015


WEATHER ITEM   OBSERVED TIME   RECORD YEAR NORMAL DEPARTURE LAST
                VALUE   (LST)  VALUE       VALUE  FROM      YEAR
                                                  NORMAL
..................................................................
TEMPERATURE (F)
 YESTERDAY
  MAXIMUM         87    226 PM  93    2008  87      0       86
                                      2005
                                      1961
  MINIMUM         76    608 AM  55    1967  70      6       69
  AVERAGE         82                        79      3       78

PRECIPITATION (IN)
  YESTERDAY        0.02          3.58 1959   0.16  -0.14     0.00
  MONTH TO DATE    6.19                      3.34   2.85     3.34
  SINCE MAR 1     20.77                      9.79  10.98     7.19
  SINCE JAN 1     26.65                     16.87   9.78     9.81

DEGREE DAYS
 COOLING
  YESTERDAY       17                        14      3       13
  MONTH TO DATE  303                       258     45      199
  SINCE MAR 1    626                       500    126      414
  SINCE JAN 1    636                       538     98      453
..................................................................


WIND (MPH)
  HIGHEST WIND SPEED    20   HIGHEST WIND DIRECTION    SE (150)
  HIGHEST GUST SPEED    28   HIGHEST GUST DIRECTION    SE (150)




RELATIVE HUMIDITY (PERCENT)
 HIGHEST    94
 LOWEST     61
 AVERAGE    78

..........................................................


THE HOUSTON/HOBBY AIRPORT CLIMATE NORMALS FOR TODAY
                         NORMAL    RECORD    YEAR
 MAXIMUM TEMPERATURE (F)   87        95      1955
 MINIMUM TEMPERATURE (F)   71        57      1940


SUNRISE AND SUNSET
MAY 24 2015...........SUNRISE   624 AM CDT   SUNSET   812 PM CDT
MAY 25 2015...........SUNRISE   624 AM CDT   SUNSET   813 PM CDT


-  INDICATES NEGATIVE NUMBERS.
R  INDICATES RECORD WAS SET OR TIED.
MM INDICATES DATA IS MISSING.
T  INDICATES TRACE AMOUNT.




$$
