000
CDUS44 KHGX 281452
CLIHOU

CLIMATE REPORT
NATIONAL WEATHER SERVICE HOUSTON/GALVESTON TX
830 AM CST FRI NOV 28 2014


...MORNING CLIMATE DATA...

                            MORNING LOW    PRECIP SINCE MIDNIGHT
HOUSTON INTERCONTINENTAL         39                0.00
GALVESTON SCHOLES FIELD          53                0.00
BRYAN/COLLEGE STATION            40                0.00
HOUSTON HOBBY                    43                0.00

...................................

...THE HOUSTON INTERCONTINENTAL CLIMATE SUMMARY FOR NOVEMBER 27 2014...

CLIMATE NORMAL PERIOD 1981 TO 2010
CLIMATE RECORD PERIOD 1892 TO 2014


WEATHER ITEM   OBSERVED TIME   RECORD YEAR NORMAL DEPARTURE LAST
                VALUE   (LST)  VALUE       VALUE  FROM      YEAR
                                                  NORMAL
..................................................................
TEMPERATURE (F)
 YESTERDAY
  MAXIMUM         67    251 PM  84    1989  69     -2       50
  MINIMUM         43   1159 PM  26    1975  49     -6       34
  AVERAGE         55                        58     -3       42

PRECIPITATION (IN)
  YESTERDAY        0.00          3.12 1962   0.14  -0.14     0.00
  MONTH TO DATE    3.40                      3.90  -0.50     3.81
  SINCE SEP 1     10.23                     13.72  -3.49    15.98
  SINCE JAN 1     38.12                     45.59  -7.47    37.18

SNOWFALL (IN)
  YESTERDAY        0.0           0.0  2001
  MONTH TO DATE    0.0
  SINCE SEP 1      0.0
  SINCE JUL 1      0.0

DEGREE DAYS
 HEATING
  YESTERDAY       10                         8      2       23
  MONTH TO DATE  238                       130    108      193
  SINCE SEP 1    238                       160     78      201
  SINCE JUL 1    238                       160     78      201
..................................................................


WIND (MPH)
  HIGHEST WIND SPEED    12   HIGHEST WIND DIRECTION    NE (50)
  HIGHEST GUST SPEED    15   HIGHEST GUST DIRECTION    NE (40)


RELATIVE HUMIDITY (PERCENT)
 HIGHEST    83
 LOWEST     28
 AVERAGE    56

..........................................................


THE HOUSTON INTERCONTINENTAL CLIMATE NORMALS FOR TODAY
                         NORMAL    RECORD    YEAR
 MAXIMUM TEMPERATURE (F)   68        83      1977
 MINIMUM TEMPERATURE (F)   48        26      1976


SUNRISE AND SUNSET
NOVEMBER 28 2014......SUNRISE   657 AM CST   SUNSET   521 PM CST
NOVEMBER 29 2014......SUNRISE   658 AM CST   SUNSET   521 PM CST


-  INDICATES NEGATIVE NUMBERS.
R  INDICATES RECORD WAS SET OR TIED.
MM INDICATES DATA IS MISSING.
T  INDICATES TRACE AMOUNT.


&&

...................................

...THE HOUSTON/HOBBY AIRPORT CLIMATE SUMMARY FOR NOVEMBER 27 2014...

CLIMATE NORMAL PERIOD 1981 TO 2010
CLIMATE RECORD PERIOD 1930 TO 2014


WEATHER ITEM   OBSERVED TIME   RECORD YEAR NORMAL DEPARTURE LAST
                VALUE   (LST)  VALUE       VALUE  FROM      YEAR
                                                  NORMAL
..................................................................
TEMPERATURE (F)
 YESTERDAY
  MAXIMUM         66    431 PM  86    1973  69     -3       51
  MINIMUM         45   1159 PM  25    1938  50     -5       36
  AVERAGE         56                        60     -4       44

PRECIPITATION (IN)
  YESTERDAY        0.00          3.05 2001   0.13  -0.13     0.00
  MONTH TO DATE    4.44                      3.90   0.54     3.58
  SINCE SEP 1     11.99                     15.10  -3.11    19.32
  SINCE JAN 1     36.52                     50.20 -13.68    42.19

SNOWFALL (IN)
  YESTERDAY        0.0          MM      MM
  MONTH TO DATE    0.0
  SINCE SEP 1      0.0
  SINCE JUL 1      0.0

DEGREE DAYS
 HEATING
  YESTERDAY        9                         7      2       21
  MONTH TO DATE  206                       113     93      170
  SINCE SEP 1    206                       134     72      173
  SINCE JUL 1    206                       134     72      173
..................................................................


WIND (MPH)
  HIGHEST WIND SPEED    18   HIGHEST WIND DIRECTION    NE (50)
  HIGHEST GUST SPEED    21   HIGHEST GUST DIRECTION     E (70)


RELATIVE HUMIDITY (PERCENT)
 HIGHEST    86
 LOWEST     28
 AVERAGE    57

..........................................................


THE HOUSTON/HOBBY AIRPORT CLIMATE NORMALS FOR TODAY
                         NORMAL    RECORD    YEAR
 MAXIMUM TEMPERATURE (F)   68        84      1960
 MINIMUM TEMPERATURE (F)   50        28      1976


SUNRISE AND SUNSET
NOVEMBER 28 2014......SUNRISE   656 AM CST   SUNSET   522 PM CST
NOVEMBER 29 2014......SUNRISE   657 AM CST   SUNSET   522 PM CST


-  INDICATES NEGATIVE NUMBERS.
R  INDICATES RECORD WAS SET OR TIED.
MM INDICATES DATA IS MISSING.
T  INDICATES TRACE AMOUNT.

..........................................................

...MISCELLANEOUS CLIMATE DATA FOR YESTERDAY...

LOCATION                        HIGH    LOW     PRECIP

PEARLAND                         66      43      0.00
SUGAR LAND                       68      43      0.00
TOMBALL                          67      40      0.00
CONROE                           65      37      0.00
HUNTSVILLE                       64      41      0.00
ANGLETON/LAKE JACKSON            65      39      0.00
PALACIOS                         68      44      0.00
LEAGUE CITY (NWS)                66      43      0.00


THIS PRODUCT...ALONG WITH OTHER WEATHER...HYDROLOGIC...AND CLIMATE
PRODUCTS...IS AVAILABLE ON THE WEB AT HTTP://WWW.SRH.NOAA.GOV/HGX
OR AT HTTP://WEATHER.GOV

$$
