000
CDUS44 KHGX 280829
CLIHOU


CLIMATE REPORT
NATIONAL WEATHER SERVICE HOUSTON/GALVESTON TX
229 AM CST SUN DEC 28 2014


...................................

...THE HOUSTON INTERCONTINENTAL CLIMATE SUMMARY FOR DECEMBER 27 2014...

CLIMATE NORMAL PERIOD 1981 TO 2010
CLIMATE RECORD PERIOD 1892 TO 2014


WEATHER ITEM   OBSERVED TIME   RECORD YEAR NORMAL DEPARTURE LAST
                VALUE   (LST)  VALUE       VALUE  FROM      YEAR
                                                  NORMAL
..................................................................
TEMPERATURE (F)
 YESTERDAY
  MAXIMUM         74   1229 PM  81    1971  63     11       58
  MINIMUM         46   1159 PM  19    1892  43      3       47
  AVERAGE         60                        53      7       53

PRECIPITATION (IN)
  YESTERDAY        0.22          1.38 1934   0.11   0.11     0.00
  MONTH TO DATE    4.93                      3.33   1.60     1.66
  SINCE DEC 1      4.93                      3.33   1.60     1.66
  SINCE JAN 1     43.05                     49.36  -6.31    38.84

SNOWFALL (IN)
  YESTERDAY       MM             0.0  2001
  MONTH TO DATE    0.0
  SINCE DEC 1      0.0
  SINCE JUL 1      0.0

DEGREE DAYS
 HEATING
  YESTERDAY        5                        13     -8       12
  MONTH TO DATE  173                       303   -130      375
  SINCE DEC 1    173                       303   -130      375
  SINCE JUL 1    421                       488    -67      624
..................................................................


WIND (MPH)
  HIGHEST WIND SPEED    22   HIGHEST WIND DIRECTION    NW (330)
  HIGHEST GUST SPEED    30   HIGHEST GUST DIRECTION     N (360)




RELATIVE HUMIDITY (PERCENT)
 HIGHEST   100
 LOWEST     80
 AVERAGE    90

..........................................................


THE HOUSTON INTERCONTINENTAL CLIMATE NORMALS FOR TODAY
                         NORMAL    RECORD    YEAR
 MAXIMUM TEMPERATURE (F)   63        80      1996
 MINIMUM TEMPERATURE (F)   43        15      1894


SUNRISE AND SUNSET
DECEMBER 28 2014......SUNRISE   716 AM CST   SUNSET   530 PM CST
DECEMBER 29 2014......SUNRISE   716 AM CST   SUNSET   531 PM CST


-  INDICATES NEGATIVE NUMBERS.
R  INDICATES RECORD WAS SET OR TIED.
MM INDICATES DATA IS MISSING.
T  INDICATES TRACE AMOUNT.




...................................

...THE HOUSTON/HOBBY AIRPORT CLIMATE SUMMARY FOR DECEMBER 27 2014...

CLIMATE NORMAL PERIOD 1981 TO 2010
CLIMATE RECORD PERIOD 1930 TO 2014


WEATHER ITEM   OBSERVED TIME   RECORD YEAR NORMAL DEPARTURE LAST
                VALUE   (LST)  VALUE       VALUE  FROM      YEAR
                                                  NORMAL
..................................................................
TEMPERATURE (F)
 YESTERDAY
  MAXIMUM         77    142 PM  80    1971  63     14       57
  MINIMUM         48   1159 PM  31    1939  45      3       50
  AVERAGE         63                        54      9       54

PRECIPITATION (IN)
  YESTERDAY        0.10          1.08 1934   0.12  -0.02     0.00
  MONTH TO DATE    4.03                      3.54   0.49     0.87
  SINCE DEC 1      4.03                      3.54   0.49     0.87
  SINCE JAN 1     40.55                     54.16 -13.61    43.06

SNOWFALL (IN)
  YESTERDAY       MM            MM      MM
  MONTH TO DATE    0.0
  SINCE DEC 1      0.0
  SINCE JUL 1      0.0

DEGREE DAYS
 HEATING
  YESTERDAY        2                        12    -10       11
  MONTH TO DATE  145                       273   -128      338
  SINCE DEC 1    145                       273   -128      338
  SINCE JUL 1    359                       429    -70      555
..................................................................


WIND (MPH)
  HIGHEST WIND SPEED    30   HIGHEST WIND DIRECTION     W (270)
  HIGHEST GUST SPEED    47   HIGHEST GUST DIRECTION     W (270)




RELATIVE HUMIDITY (PERCENT)
 HIGHEST   100
 LOWEST     86
 AVERAGE    93

..........................................................


THE HOUSTON/HOBBY AIRPORT CLIMATE NORMALS FOR TODAY
                         NORMAL    RECORD    YEAR
 MAXIMUM TEMPERATURE (F)   63        80      1996
                                             1971
 MINIMUM TEMPERATURE (F)   45        30      1961


SUNRISE AND SUNSET
DECEMBER 28 2014......SUNRISE   715 AM CST   SUNSET   531 PM CST
DECEMBER 29 2014......SUNRISE   715 AM CST   SUNSET   531 PM CST


-  INDICATES NEGATIVE NUMBERS.
R  INDICATES RECORD WAS SET OR TIED.
MM INDICATES DATA IS MISSING.
T  INDICATES TRACE AMOUNT.




$$
