000
CDUS44 KHGX 302138
CLIHOU

CLIMATE REPORT
NATIONAL WEATHER SERVICE HOUSTON/GALVESTON TX
433 PM CDT SAT AUG 30 2014


...................................

...THE HOUSTON INTERCONTINENTAL CLIMATE SUMMARY FOR AUGUST 30 2014...
VALID TODAY AS OF 400 PM LOCAL TIME.

CLIMATE NORMAL PERIOD 1981 TO 2010
CLIMATE RECORD PERIOD 1892 TO 2014


WEATHER ITEM   OBSERVED TIME   RECORD YEAR NORMAL DEPARTURE LAST
                VALUE   (LST)  VALUE       VALUE  FROM      YEAR
                                                  NORMAL
..................................................................
TEMPERATURE (F)
 TODAY
  MAXIMUM         92    149 PM 104    2000  93     -1       98
  MINIMUM         75    649 AM  62    1986  74      1       78
                                      1893
  AVERAGE         84                        84      0       88

PRECIPITATION (IN)
  TODAY            T             2.56 1944   0.15  -0.15     0.00
  MONTH TO DATE    0.41                      3.60  -3.19     3.33
  SINCE JUN 1      7.99                     13.32  -5.33    11.88
  SINCE JAN 1     27.06                     31.71  -4.65    21.20

DEGREE DAYS
 COOLING
  TODAY           19                        19      0       23
  MONTH TO DATE  600                       592      8      616
  SINCE JUN 1   1721                      1713      8     1803
  SINCE JAN 1   2262                      2365   -103     2373
..................................................................


WIND (MPH)
  RESULTANT WIND SPEED   2   RESULTANT WIND DIRECTION   E (70)
  HIGHEST WIND SPEED    16   HIGHEST WIND DIRECTION     S (160)
  HIGHEST GUST SPEED    20   HIGHEST GUST DIRECTION    SE (150)
  AVERAGE WIND SPEED     4.2



WEATHER CONDITIONS
 THE FOLLOWING WEATHER WAS RECORDED TODAY.
  LIGHT RAIN


RELATIVE HUMIDITY (PERCENT)
 HIGHEST    94          1200 AM
 LOWEST     56          1100 AM
 AVERAGE    75

..........................................................


THE HOUSTON INTERCONTINENTAL CLIMATE NORMALS FOR TOMORROW
                         NORMAL    RECORD    YEAR
 MAXIMUM TEMPERATURE (F)   93       107      2000
 MINIMUM TEMPERATURE (F)   74        62      1893


SUNRISE AND SUNSET
AUGUST 30 2014........SUNRISE   657 AM CDT   SUNSET   746 PM CDT
AUGUST 31 2014........SUNRISE   658 AM CDT   SUNSET   745 PM CDT


-  INDICATES NEGATIVE NUMBERS.
R  INDICATES RECORD WAS SET OR TIED.
MM INDICATES DATA IS MISSING.
T  INDICATES TRACE AMOUNT.




...................................

...THE HOUSTON/HOBBY AIRPORT CLIMATE SUMMARY FOR AUGUST 30 2014...
VALID TODAY AS OF 400 PM LOCAL TIME.

CLIMATE NORMAL PERIOD 1981 TO 2010
CLIMATE RECORD PERIOD 1930 TO 2014


WEATHER ITEM   OBSERVED TIME   RECORD YEAR NORMAL DEPARTURE LAST
                VALUE   (LST)  VALUE       VALUE  FROM      YEAR
                                                  NORMAL
..................................................................
TEMPERATURE (F)
 TODAY
  MAXIMUM         88    230 PM 102    2000  92     -4       95
  MINIMUM         77    600 AM  66    1992  75      2       78
  AVERAGE         83                        83      0       87

PRECIPITATION (IN)
  TODAY            0.00          3.10 2001   0.20  -0.20     0.00
  MONTH TO DATE    1.95                      4.85  -2.90     1.47
  SINCE JUN 1      6.19                     16.61 -10.42     4.41
  SINCE JAN 1     23.03                     34.89 -11.86    22.87

DEGREE DAYS
 COOLING
  TODAY           18                        18      0       22
  MONTH TO DATE  614                       568     46      613
  SINCE JUN 1   1738                      1661     77     1836
  SINCE JAN 1   2289                      2315    -26     2406
..................................................................


WIND (MPH)
  RESULTANT WIND SPEED   1   RESULTANT WIND DIRECTION   W (260)
  HIGHEST WIND SPEED     9   HIGHEST WIND DIRECTION     S (160)
  HIGHEST GUST SPEED    13   HIGHEST GUST DIRECTION     W (290)
  AVERAGE WIND SPEED     3.4



WEATHER CONDITIONS
 THE FOLLOWING WEATHER WAS RECORDED TODAY.
  NO SIGNIFICANT WEATHER WAS OBSERVED.


RELATIVE HUMIDITY (PERCENT)
 HIGHEST    91           500 AM
 LOWEST     59           300 PM
 AVERAGE    75

..........................................................


THE HOUSTON/HOBBY AIRPORT CLIMATE NORMALS FOR TOMORROW
                         NORMAL    RECORD    YEAR
 MAXIMUM TEMPERATURE (F)   91       104      2000
 MINIMUM TEMPERATURE (F)   75        68      1950


SUNRISE AND SUNSET
AUGUST 30 2014........SUNRISE   657 AM CDT   SUNSET   746 PM CDT
AUGUST 31 2014........SUNRISE   658 AM CDT   SUNSET   744 PM CDT


-  INDICATES NEGATIVE NUMBERS.
R  INDICATES RECORD WAS SET OR TIED.
MM INDICATES DATA IS MISSING.
T  INDICATES TRACE AMOUNT.

..........................................................

...MISCELLANEOUS CLIMATE DATA FOR TODAY...

LOCATION                        HIGH    LOW     PRECIP

PEARLAND                         87      77      0.00
SUGAR LAND                       89      74       T
TOMBALL                          94      73      0.00
CONROE                           90      73       T
HUNTSVILLE                       92      74      0.00
ANGLETON/LAKE JACKSON            83      73       T
PALACIOS                         86      74      0.00
LEAGUE CITY (NWS)                85      75      0.15


THIS PRODUCT...ALONG WITH OTHER WEATHER...HYDROLOGIC...AND CLIMATE
PRODUCTS...IS AVAILABLE ON THE WEB AT HTTP://WWW.SRH.NOAA.GOV/HGX
OR AT HTTP://WEATHER.GOV

$$
