000
CDUS46 KSEW 080834
CLIHQM


CLIMATE REPORT
NATIONAL WEATHER SERVICE SEATTLE WA
1234 AM PST THU DEC 8 2016


...................................

...THE HOQUIAM WA AIRPORT CLIMATE SUMMARY FOR DECEMBER 7 2016...

CLIMATE NORMAL PERIOD 1981 TO 2010
CLIMATE RECORD PERIOD 1953 TO 2016


WEATHER ITEM   OBSERVED TIME   RECORD YEAR NORMAL DEPARTURE LAST
                VALUE   (LST)  VALUE       VALUE  FROM      YEAR
                                                  NORMAL
..................................................................
TEMPERATURE (F)
 YESTERDAY
  MAXIMUM         38    259 PM  56    2014  47     -9       54
  MINIMUM         29    348 AM  15    1972  37     -8       48
  AVERAGE         34                        42     -8       51

PRECIPITATION (IN)
  YESTERDAY        0.00          1.74 1998   0.33  -0.33     1.00
  MONTH TO DATE    1.96                      2.38  -0.42     4.92
  SINCE OCT 1     33.73                     20.08  13.65    22.15
  SINCE JAN 1     78.64                     59.97  18.67    53.55

DEGREE DAYS
 HEATING
  YESTERDAY       31                        23      8       14
  MONTH TO DATE  167                       159      8      115
  SINCE DEC 1    167                       159      8      115

 COOLING
  YESTERDAY        0                         0      0        0
  MONTH TO DATE    0                         0      0        0
  SINCE DEC 1      0                         0      0        0
  SINCE JAN 1     50                        23     27       35
..................................................................


WIND (MPH)
  RESULTANT WIND SPEED  12   RESULTANT WIND DIRECTION  NE (50)
  HIGHEST WIND SPEED    25   HIGHEST WIND DIRECTION    NE (50)
  HIGHEST GUST SPEED    38   HIGHEST GUST DIRECTION    NE (50)
  AVERAGE WIND SPEED    12.3


SKY COVER
  AVERAGE SKY COVER 0.1


WEATHER CONDITIONS
 THE FOLLOWING WEATHER WAS RECORDED YESTERDAY.
  NO SIGNIFICANT WEATHER WAS OBSERVED.


RELATIVE HUMIDITY (PERCENT)
 HIGHEST    92           300 AM
 LOWEST     52           100 PM
 AVERAGE    72

..........................................................


THE HOQUIAM WA AIRPORT CLIMATE NORMALS FOR TODAY
                         NORMAL    RECORD    YEAR
 MAXIMUM TEMPERATURE (F)   47        56      2015
                                             2014
 MINIMUM TEMPERATURE (F)   37         9      1972


SUNRISE AND SUNSET
DECEMBER  8 2016......SUNRISE   749 AM PST   SUNSET   427 PM PST
DECEMBER  9 2016......SUNRISE   750 AM PST   SUNSET   427 PM PST


-  INDICATES NEGATIVE NUMBERS.
R  INDICATES RECORD WAS SET OR TIED.
MM INDICATES DATA IS MISSING.
T  INDICATES TRACE AMOUNT.




$$
