000
CDUS46 KSEW 250134
CLIHQM


CLIMATE REPORT
NATIONAL WEATHER SERVICE SEATTLE WA
634 PM PDT TUE MAY 24 2016


...................................

...THE HOQUIAM WA AIRPORT CLIMATE SUMMARY FOR MAY 24 2016...
VALID TODAY AS OF 0600 PM LOCAL TIME.

CLIMATE NORMAL PERIOD 1981 TO 2010
CLIMATE RECORD PERIOD 1953 TO 2016


WEATHER ITEM   OBSERVED TIME   RECORD YEAR NORMAL DEPARTURE LAST
                VALUE   (LST)  VALUE       VALUE  FROM      YEAR
                                                  NORMAL
..................................................................
TEMPERATURE (F)
 TODAY
  MAXIMUM         62    203 PM  86    1993  61      1       57
                                      1992
  MINIMUM         50    519 AM  40    2002  48      2       51
                                      1988
  AVERAGE         56                        54      2       54

PRECIPITATION (IN)
  TODAY            0.00          1.21 1974   0.09  -0.09      T
  MONTH TO DATE    0.54                      2.61  -2.07     0.28
  SINCE OCT 1     72.41                     59.90  12.51    57.53
  SINCE JAN 1     38.99                     32.24   6.75    26.11

DEGREE DAYS
 HEATING
  TODAY            9                        11     -2       11
  MONTH TO DATE  218                       298    -80      264
  SINCE MAR 1   1075                      1376   -301     1199

 COOLING
  TODAY            0                         0      0        0
  MONTH TO DATE    1                         0      1        0
  SINCE MAR 1      5                         0      5        0
  SINCE JAN 1      5                         0      5        0
..................................................................


WIND (MPH)
  RESULTANT WIND SPEED   7   RESULTANT WIND DIRECTION   W (250)
  HIGHEST WIND SPEED    17   HIGHEST WIND DIRECTION     W (250)
  HIGHEST GUST SPEED    21   HIGHEST GUST DIRECTION    SW (240)
  AVERAGE WIND SPEED     7.5


SKY COVER
  AVERAGE SKY COVER 0.8


WEATHER CONDITIONS
 THE FOLLOWING WEATHER WAS RECORDED TODAY.
  FOG


RELATIVE HUMIDITY (PERCENT)
 HIGHEST   100          1200 AM
 LOWEST     64           200 PM
 AVERAGE    82

..........................................................


THE HOQUIAM WA AIRPORT CLIMATE NORMALS FOR TOMORROW
                         NORMAL    RECORD    YEAR
 MAXIMUM TEMPERATURE (F)   61        82      2005
 MINIMUM TEMPERATURE (F)   48        37      1972
                                             1964


SUNRISE AND SUNSET
MAY 24 2016...........SUNRISE   530 AM PDT   SUNSET   856 PM PDT
MAY 25 2016...........SUNRISE   529 AM PDT   SUNSET   857 PM PDT


-  INDICATES NEGATIVE NUMBERS.
R  INDICATES RECORD WAS SET OR TIED.
MM INDICATES DATA IS MISSING.
T  INDICATES TRACE AMOUNT.




$$
