000
CDUS46 KSEW 120840
CLIHQM


CLIMATE REPORT
NATIONAL WEATHER SERVICE SEATTLE WA
1240 AM PST TUE DEC 12 2017


...................................

...THE HOQUIAM WA AIRPORT CLIMATE SUMMARY FOR DECEMBER 11 2017...

CLIMATE NORMAL PERIOD 1981 TO 2010
CLIMATE RECORD PERIOD 1953 TO 2017


WEATHER ITEM   OBSERVED TIME   RECORD YEAR NORMAL DEPARTURE LAST
                VALUE   (LST)  VALUE       VALUE  FROM      YEAR
                                                  NORMAL
..................................................................
TEMPERATURE (F)
 YESTERDAY
  MAXIMUM         52    216 PM  57    2006  46      6       47
                                      1976
  MINIMUM         33    838 AM  18    2009  37     -4       38
  AVERAGE         43                        42      1       43

PRECIPITATION (IN)
  YESTERDAY        0.00          2.54 1955   0.31  -0.31     0.64
  MONTH TO DATE    1.58                      3.63  -2.05     3.82
  SINCE OCT 1     25.35                     21.33   4.02    35.59
  SINCE JAN 1     70.85                     61.22   9.63    80.50

DEGREE DAYS
 HEATING
  YESTERDAY       22                        23     -1       22
  MONTH TO DATE  255                       251      4      270
  SINCE DEC 1    255                       251      4      270

 COOLING
  YESTERDAY        0                         0      0        0
  MONTH TO DATE    0                         0      0        0
  SINCE DEC 1      0                         0      0        0
  SINCE JAN 1     77                        23     54       50
..................................................................


WIND (MPH)
  RESULTANT WIND SPEED  12   RESULTANT WIND DIRECTION   E (70)
  HIGHEST WIND SPEED    18   HIGHEST WIND DIRECTION     E (70)
  HIGHEST GUST SPEED    21   HIGHEST GUST DIRECTION     E (80)
  AVERAGE WIND SPEED    11.5


SKY COVER
  AVERAGE SKY COVER 0.1


WEATHER CONDITIONS
 THE FOLLOWING WEATHER WAS RECORDED YESTERDAY.
  NO SIGNIFICANT WEATHER WAS OBSERVED.


RELATIVE HUMIDITY (PERCENT)
 HIGHEST    96           400 AM
 LOWEST     50           200 PM
 AVERAGE    73

..........................................................


THE HOQUIAM WA AIRPORT CLIMATE NORMALS FOR TODAY
                         NORMAL    RECORD    YEAR
 MAXIMUM TEMPERATURE (F)   46        57      2002
 MINIMUM TEMPERATURE (F)   37        18      1972


SUNRISE AND SUNSET
DECEMBER 12 2017......SUNRISE   752 AM PST   SUNSET   427 PM PST
DECEMBER 13 2017......SUNRISE   753 AM PST   SUNSET   427 PM PST


-  INDICATES NEGATIVE NUMBERS.
R  INDICATES RECORD WAS SET OR TIED.
MM INDICATES DATA IS MISSING.
T  INDICATES TRACE AMOUNT.




$$
