000
CDUS46 KSEW 070119
CLIHQM


CLIMATE REPORT
NATIONAL WEATHER SERVICE SEATTLE WA
519 PM PST FRI MAR 6 2015


...................................

...THE HOQUIAM WA AIRPORT CLIMATE SUMMARY FOR MARCH 6 2015...
VALID TODAY AS OF 0500 PM LOCAL TIME.

CLIMATE NORMAL PERIOD 1981 TO 2010
CLIMATE RECORD PERIOD 1953 TO 2015


WEATHER ITEM   OBSERVED TIME   RECORD YEAR NORMAL DEPARTURE LAST
                VALUE   (LST)  VALUE       VALUE  FROM      YEAR
                                                  NORMAL
..................................................................
TEMPERATURE (F)
 TODAY
  MAXIMUM         63    213 PM  69    2001  52     11       52
  MINIMUM         37    710 AM  26    1956  39     -2       48
  AVERAGE         50                        45      5       50

PRECIPITATION (IN)
  TODAY            0.00          1.92 1957   0.22  -0.22     0.54
  MONTH TO DATE    0.07                      1.38  -1.31     5.59
  SINCE OCT 1     47.36                     46.58   0.78    32.22
  SINCE JAN 1     15.94                     18.92  -2.98    20.11

DEGREE DAYS
 HEATING
  TODAY           15                        20     -5       15
  MONTH TO DATE  121                       120      1       98
  SINCE MAR 1    121                       120      1       98

 COOLING
  TODAY            0                         0      0        0
  MONTH TO DATE    0                         0      0        0
  SINCE MAR 1      0                         0      0        0
  SINCE JAN 1      0                         0      0        0
..................................................................


WIND (MPH)
  RESULTANT WIND SPEED   6   RESULTANT WIND DIRECTION   E (80)
  HIGHEST WIND SPEED    13   HIGHEST WIND DIRECTION     E (80)
  HIGHEST GUST SPEED    14   HIGHEST GUST DIRECTION     E (80)
  AVERAGE WIND SPEED     7.9


SKY COVER
  AVERAGE SKY COVER 0.0


WEATHER CONDITIONS
 THE FOLLOWING WEATHER WAS RECORDED TODAY.
  FOG


RELATIVE HUMIDITY (PERCENT)
 HIGHEST    92           600 AM
 LOWEST     43           200 PM
 AVERAGE    68

..........................................................


THE HOQUIAM WA AIRPORT CLIMATE NORMALS FOR TOMORROW
                         NORMAL    RECORD    YEAR
 MAXIMUM TEMPERATURE (F)   52        64      1965
 MINIMUM TEMPERATURE (F)   39        26      1955


SUNRISE AND SUNSET
MARCH  6 2015.........SUNRISE   646 AM PST   SUNSET   608 PM PST
MARCH  7 2015.........SUNRISE   644 AM PST   SUNSET   610 PM PST


-  INDICATES NEGATIVE NUMBERS.
R  INDICATES RECORD WAS SET OR TIED.
MM INDICATES DATA IS MISSING.
T  INDICATES TRACE AMOUNT.




$$
