000
CDUS44 KBRO 010629
CLIHRL


CLIMATE REPORT
NATIONAL WEATHER SERVICE BROWNSVILLE TX
129 AM CDT FRI AUG 1 2014


...................................

...THE HARLINGEN CLIMATE SUMMARY FOR JULY 31 2014...

CLIMATE NORMAL PERIOD 1981 TO 2010
CLIMATE RECORD PERIOD 1912 TO 2014


WEATHER ITEM   OBSERVED TIME   RECORD YEAR NORMAL DEPARTURE LAST
                VALUE   (LST)  VALUE       VALUE  FROM      YEAR
                                                  NORMAL
..................................................................
TEMPERATURE (F)
 YESTERDAY
  MAXIMUM        100    209 PM 104    1960  96      4      101
  MINIMUM         78    556 AM  69    1971  75      3       73
  AVERAGE         89                        86      3       87

PRECIPITATION (IN)
  YESTERDAY        0.00          2.21 1916   0.05  -0.05     0.00
  MONTH TO DATE    0.59                      1.93  -1.34     1.62
  SINCE JUN 1      0.88                      4.43  -3.55     2.42
  SINCE JAN 1      5.72                     12.35  -6.63     9.59

SNOWFALL (IN)
  YESTERDAY        0.0
  MONTH TO DATE    0.0
  SINCE JUN 1      0.0
  SINCE JUL 1      0.0

DEGREE DAYS
 HEATING
  YESTERDAY        0                         0      0        0
  MONTH TO DATE    0                         0      0        0
  SINCE JUN 1      0                         0      0        0
  SINCE JUL 1      0                         0      0        0

 COOLING
  YESTERDAY       24                        21      3       22
  MONTH TO DATE  650                       623     27      641
  SINCE JUN 1   1272                      1191     81     1276
  SINCE JAN 1   2208                      2292    -84     2371
..................................................................


WIND (MPH)
  HIGHEST WIND SPEED    24   HIGHEST WIND DIRECTION     S (160)
  HIGHEST GUST SPEED    29   HIGHEST GUST DIRECTION     S (160)
  AVERAGE WIND SPEED    14.0



WEATHER CONDITIONS
 THE FOLLOWING WEATHER WAS RECORDED YESTERDAY.
  NO SIGNIFICANT WEATHER WAS OBSERVED.


RELATIVE HUMIDITY (PERCENT)
 HIGHEST    97
 LOWEST     33
 AVERAGE    65

..........................................................


THE HARLINGEN CLIMATE NORMALS FOR TODAY
                         NORMAL    RECORD    YEAR
 MAXIMUM TEMPERATURE (F)   96       103      2012
                                             1960
                                             1995
 MINIMUM TEMPERATURE (F)   75        69      1972


SUNRISE AND SUNSET
AUGUST  1 2014........SUNRISE   656 AM CDT   SUNSET   817 PM CDT
AUGUST  2 2014........SUNRISE   657 AM CDT   SUNSET   817 PM CDT


-  INDICATES NEGATIVE NUMBERS.
R  INDICATES RECORD WAS SET OR TIED.
MM INDICATES DATA IS MISSING.
T  INDICATES TRACE AMOUNT.




$$
