000
CDUS44 KBRO 220631
CLIHRL


CLIMATE REPORT
NATIONAL WEATHER SERVICE BROWNSVILLE TX
130 AM CDT FRI SEP 22 2017


...................................

...THE HARLINGEN CLIMATE SUMMARY FOR SEPTEMBER 21 2017...

CLIMATE NORMAL PERIOD 1981 TO 2010
CLIMATE RECORD PERIOD 1912 TO 2017


WEATHER ITEM   OBSERVED TIME   RECORD YEAR NORMAL DEPARTURE LAST
                VALUE   (LST)  VALUE       VALUE  FROM      YEAR
                                                  NORMAL
..................................................................
TEMPERATURE (F)
 YESTERDAY
  MAXIMUM         98    313 PM 106    1947  90      8       96
  MINIMUM         77    646 AM  59    1938  72      5       74
  AVERAGE         88                        81      7       85

PRECIPITATION (IN)
  YESTERDAY        0.00          4.81 1967   0.18  -0.18     0.00
  MONTH TO DATE    0.86                      3.78  -2.92     1.92
  SINCE SEP 1      0.86                      3.78  -2.92     1.92
  SINCE JAN 1     13.03                     17.99  -4.96    16.82

SNOWFALL (IN)
  YESTERDAY        0.0
  MONTH TO DATE    0.0
  SINCE SEP 1      0.0
  SINCE JUL 1      0.0

DEGREE DAYS
 HEATING
  YESTERDAY        0                         0      0        0
  MONTH TO DATE    0                         0      0        0
  SINCE SEP 1      0                         0      0        0
  SINCE JUL 1      0                         0      0        0

 COOLING
  YESTERDAY       23                        16      7       20
  MONTH TO DATE  387                       371     16      436
  SINCE SEP 1    387                       371     16      436
  SINCE JAN 1   3892                      3295    597     3755
..................................................................


WIND (MPH)
  HIGHEST WIND SPEED    25   HIGHEST WIND DIRECTION    SE (140)
  HIGHEST GUST SPEED    31   HIGHEST GUST DIRECTION    SE (150)
  AVERAGE WIND SPEED    13.7



WEATHER CONDITIONS
 THE FOLLOWING WEATHER WAS RECORDED YESTERDAY.
  FOG


RELATIVE HUMIDITY (PERCENT)
 HIGHEST   100
 LOWEST     48
 AVERAGE    74

..........................................................


THE HARLINGEN CLIMATE NORMALS FOR TODAY
                         NORMAL    RECORD    YEAR
 MAXIMUM TEMPERATURE (F)   90       100      1931
                                             1953
 MINIMUM TEMPERATURE (F)   71        56      1913


SUNRISE AND SUNSET
SEPTEMBER 22 2017.....SUNRISE   719 AM CDT   SUNSET   727 PM CDT
SEPTEMBER 23 2017.....SUNRISE   720 AM CDT   SUNSET   726 PM CDT


-  INDICATES NEGATIVE NUMBERS.
R  INDICATES RECORD WAS SET OR TIED.
MM INDICATES DATA IS MISSING.
T  INDICATES TRACE AMOUNT.




$$
