000
CDUS44 KBRO 240628
CLIHRL


CLIMATE REPORT
NATIONAL WEATHER SERVICE BROWNSVILLE TX
126 AM CDT TUE MAY 24 2016


...................................

...THE HARLINGEN CLIMATE SUMMARY FOR MAY 23 2016...

CLIMATE NORMAL PERIOD 1981 TO 2010
CLIMATE RECORD PERIOD 1912 TO 2016


WEATHER ITEM   OBSERVED TIME   RECORD YEAR NORMAL DEPARTURE LAST
                VALUE   (LST)  VALUE       VALUE  FROM      YEAR
                                                  NORMAL
..................................................................
TEMPERATURE (F)
 YESTERDAY
  MAXIMUM         94   1254 PM 101    1916  92      2       91
  MINIMUM         77    456 AM  56    1928  72      5       76
  AVERAGE         86                        82      4       84

PRECIPITATION (IN)
  YESTERDAY        T             1.73 1959   0.09  -0.09     0.00
  MONTH TO DATE    1.49                      1.78  -0.29     1.13
  SINCE MAR 1      3.76                      4.74  -0.98     7.92
  SINCE JAN 1      5.67                      7.21  -1.54    10.84

DEGREE DAYS
 HEATING
  YESTERDAY        0                         0      0        0
  MONTH TO DATE    0                         0      0        0
  SINCE MAR 1     13                        54    -41       74
  SINCE JUL 1    389                       622   -233      767

 COOLING
  YESTERDAY       21                        17      4       19
  MONTH TO DATE  379                       348     31      386
  SINCE MAR 1   1051                       837    214      886
  SINCE JAN 1   1191                       962    229      945
..................................................................


WIND (MPH)
  HIGHEST WIND SPEED    23   HIGHEST WIND DIRECTION    SE (130)
  HIGHEST GUST SPEED    29   HIGHEST GUST DIRECTION    SE (140)
  AVERAGE WIND SPEED    12.6



WEATHER CONDITIONS
 THE FOLLOWING WEATHER WAS RECORDED YESTERDAY.
  LIGHT RAIN
  FOG
  HAZE


RELATIVE HUMIDITY (PERCENT)
 HIGHEST    94
 LOWEST     60
 AVERAGE    77

..........................................................


THE HARLINGEN CLIMATE NORMALS FOR TODAY
                         NORMAL    RECORD    YEAR
 MAXIMUM TEMPERATURE (F)   92       101      1925
 MINIMUM TEMPERATURE (F)   72        57      1928
                                             1967


SUNRISE AND SUNSET
MAY 24 2016...........SUNRISE   640 AM CDT   SUNSET   815 PM CDT
MAY 25 2016...........SUNRISE   640 AM CDT   SUNSET   816 PM CDT


-  INDICATES NEGATIVE NUMBERS.
R  INDICATES RECORD WAS SET OR TIED.
MM INDICATES DATA IS MISSING.
T  INDICATES TRACE AMOUNT.

$$
