000
CDUS44 KBRO 170727
CLIHRL


CLIMATE REPORT
NATIONAL WEATHER SERVICE BROWNSVILLE TX
126 AM CST TUE JAN 17 2017


...................................

...THE HARLINGEN CLIMATE SUMMARY FOR JANUARY 16 2017...

CLIMATE NORMAL PERIOD 1981 TO 2010
CLIMATE RECORD PERIOD 1912 TO 2017


WEATHER ITEM   OBSERVED TIME   RECORD YEAR NORMAL DEPARTURE LAST
                VALUE   (LST)  VALUE       VALUE  FROM      YEAR
                                                  NORMAL
..................................................................
TEMPERATURE (F)
 YESTERDAY
  MAXIMUM         84        MM  90    1943  71     13       79
  MINIMUM         68        MM  32    1930  49     19       48
                                      1944
  AVERAGE         76                        60     16       64

PRECIPITATION (IN)
  YESTERDAY        0.00          1.73 1988   0.03  -0.03     0.00
  MONTH TO DATE    0.01                      0.42  -0.41     1.81
  SINCE DEC 1      1.34                      1.68  -0.34     2.11
  SINCE JAN 1      0.01                      0.42  -0.41     1.81

SNOWFALL (IN)
  YESTERDAY        0.0
  MONTH TO DATE    0.0
  SINCE DEC 1      0.0
  SINCE JUL 1      0.0

DEGREE DAYS
 HEATING
  YESTERDAY        0                         7     -7        1
  MONTH TO DATE   63                       112    -49      116
  SINCE DEC 1    165                       303   -138      191
  SINCE JUL 1    180                       360   -180      227

 COOLING
  YESTERDAY       11                         2      9        0
  MONTH TO DATE   86                        32     54        7
  SINCE DEC 1    243                        90    153      140
  SINCE JAN 1     86                        32     54        7
..................................................................


WIND (MPH)
  HIGHEST WIND SPEED    23   HIGHEST WIND DIRECTION     S (180)
  HIGHEST GUST SPEED    35   HIGHEST GUST DIRECTION     S (190)
  AVERAGE WIND SPEED    14.9



WEATHER CONDITIONS
 THE FOLLOWING WEATHER WAS RECORDED YESTERDAY.
  FOG


RELATIVE HUMIDITY (PERCENT)
 HIGHEST   100
 LOWEST     58
 AVERAGE    79

..........................................................


THE HARLINGEN CLIMATE NORMALS FOR TODAY
                         NORMAL    RECORD    YEAR
 MAXIMUM TEMPERATURE (F)   71        88      1932
 MINIMUM TEMPERATURE (F)   50        30      1916


SUNRISE AND SUNSET
JANUARY 17 2017.......SUNRISE   720 AM CST   SUNSET   602 PM CST
JANUARY 18 2017.......SUNRISE   719 AM CST   SUNSET   603 PM CST


-  INDICATES NEGATIVE NUMBERS.
R  INDICATES RECORD WAS SET OR TIED.
MM INDICATES DATA IS MISSING.
T  INDICATES TRACE AMOUNT.




$$
