000
CDUS44 KBRO 182126
CLIHRL


CLIMATE REPORT
NATIONAL WEATHER SERVICE BROWNSVILLE TX
426 PM CDT FRI APR 18 2014


...................................

...THE HARLINGEN CLIMATE SUMMARY FOR APRIL 18 2014...
VALID TODAY AS OF 0400 PM LOCAL TIME.

CLIMATE NORMAL PERIOD 1981 TO 2010
CLIMATE RECORD PERIOD 1912 TO 2014


WEATHER ITEM   OBSERVED TIME   RECORD YEAR NORMAL DEPARTURE LAST
                VALUE   (LST)  VALUE       VALUE  FROM      YEAR
                                                  NORMAL
..................................................................
TEMPERATURE (F)
 TODAY
  MAXIMUM         75    225 PM 101    1920  86    -11       98
  MINIMUM         67    644 AM  44    1921  66      1       62
  AVERAGE         71                        76     -5       80

PRECIPITATION (IN)
  TODAY            0.01          1.70 1960   0.07  -0.06     0.00
  MONTH TO DATE    0.17                      1.04  -0.87     0.04
  SINCE MAR 1      1.95                      2.33  -0.38     0.10
  SINCE JAN 1      2.95                      4.80  -1.85     2.84

SNOWFALL (IN)
  TODAY            0.0
  MONTH TO DATE    0.0
  SINCE MAR 1      0.0
  SINCE JUL 1      0.0
  SNOW DEPTH       0

DEGREE DAYS
 HEATING
  TODAY            0                         0      0        0
  MONTH TO DATE   12                         7      5        2
  SINCE MAR 1    119                        53     66       45
  SINCE JUL 1    930                       621    309      393

 COOLING
  TODAY            6                        11     -5       15
  MONTH TO DATE  135                       173    -38      206
  SINCE MAR 1    247                       343    -96      367
  SINCE JAN 1    358                       468   -110      561
..................................................................


WIND (MPH)
  HIGHEST WIND SPEED    17   HIGHEST WIND DIRECTION    NE (40)
  HIGHEST GUST SPEED    21   HIGHEST GUST DIRECTION    NE (40)
  AVERAGE WIND SPEED     9.1



WEATHER CONDITIONS
 THE FOLLOWING WEATHER WAS RECORDED TODAY.
  LIGHT RAIN
  FOG


RELATIVE HUMIDITY (PERCENT)
 HIGHEST    93
 LOWEST     68
 AVERAGE    81

..........................................................


THE HARLINGEN CLIMATE NORMALS FOR TOMORROW
                         NORMAL    RECORD    YEAR
 MAXIMUM TEMPERATURE (F)   86       100      1953
 MINIMUM TEMPERATURE (F)   66        50      2013


SUNRISE AND SUNSET
APRIL 18 2014.........SUNRISE   704 AM CDT   SUNSET   756 PM CDT
APRIL 19 2014.........SUNRISE   704 AM CDT   SUNSET   756 PM CDT


-  INDICATES NEGATIVE NUMBERS.
R  INDICATES RECORD WAS SET OR TIED.
MM INDICATES DATA IS MISSING.
T  INDICATES TRACE AMOUNT.




$$
