000
CDUS44 KBRO 020636
CLIHRL


CLIMATE REPORT
NATIONAL WEATHER SERVICE BROWNSVILLE TX
136 AM CDT SUN AUG 2 2015


...................................

...THE HARLINGEN CLIMATE SUMMARY FOR AUGUST 1 2015...

CLIMATE NORMAL PERIOD 1981 TO 2010
CLIMATE RECORD PERIOD 1912 TO 2015


WEATHER ITEM   OBSERVED TIME   RECORD YEAR NORMAL DEPARTURE LAST
                VALUE   (LST)  VALUE       VALUE  FROM      YEAR
                                                  NORMAL
..................................................................
TEMPERATURE (F)
 YESTERDAY
  MAXIMUM         99    221 PM 103    2012  96      3      100
                                      1960
                                      1995
  MINIMUM         74    604 AM  69    1972  75     -1       76
  AVERAGE         87                        86      1       88

PRECIPITATION (IN)
  YESTERDAY        0.00          2.63 1947   0.05  -0.05     0.00
  MONTH TO DATE    0.00                      0.05  -0.05     0.00
  SINCE JUN 1      3.33                      4.48  -1.15     0.88
  SINCE JAN 1     15.83                     12.40   3.43     5.72

SNOWFALL (IN)
  YESTERDAY        0.0
  MONTH TO DATE    0.0
  SINCE JUN 1      0.0
  SINCE JUL 1      0.0

DEGREE DAYS
 HEATING
  YESTERDAY        0                         0      0        0
  MONTH TO DATE    0                         0      0        0
  SINCE JUN 1      0                         0      0        0
  SINCE JUL 1      0                         0      0        0

 COOLING
  YESTERDAY       22                        21      1       23
  MONTH TO DATE   22                        21      1       23
  SINCE JUN 1   1244                      1212     32     1295
  SINCE JAN 1   2328                      2313     15     2231
..................................................................


WIND (MPH)
  HIGHEST WIND SPEED    18   HIGHEST WIND DIRECTION     E (110)
  HIGHEST GUST SPEED    23   HIGHEST GUST DIRECTION     E (110)
  AVERAGE WIND SPEED     6.0



WEATHER CONDITIONS
 THE FOLLOWING WEATHER WAS RECORDED YESTERDAY.
  NO SIGNIFICANT WEATHER WAS OBSERVED.


RELATIVE HUMIDITY (PERCENT)
 HIGHEST    94
 LOWEST     39
 AVERAGE    67

..........................................................


THE HARLINGEN CLIMATE NORMALS FOR TODAY
                         NORMAL    RECORD    YEAR
 MAXIMUM TEMPERATURE (F)   96       101      1953
                                             1960
                                             2002
 MINIMUM TEMPERATURE (F)   75        69      1933
                                             1951
                                             1972


SUNRISE AND SUNSET
AUGUST  2 2015........SUNRISE   657 AM CDT   SUNSET   817 PM CDT
AUGUST  3 2015........SUNRISE   657 AM CDT   SUNSET   816 PM CDT


-  INDICATES NEGATIVE NUMBERS.
R  INDICATES RECORD WAS SET OR TIED.
MM INDICATES DATA IS MISSING.
T  INDICATES TRACE AMOUNT.




$$
