000
CDUS44 KLZK 251006
CLIHRO


CLIMATE REPORT
NATIONAL WEATHER SERVICE LITTLE ROCK AR
406 AM CST SUN JAN 25 2015


...................................

...THE HARRISON CLIMATE SUMMARY FOR JANUARY 24 2015...

CLIMATE NORMAL PERIOD 1981 TO 2010
CLIMATE RECORD PERIOD 1891 TO 2015


WEATHER ITEM   OBSERVED TIME   RECORD YEAR NORMAL DEPARTURE LAST
                VALUE   (LST)  VALUE       VALUE  FROM      YEAR
                                                  NORMAL
..................................................................
TEMPERATURE (F)
 YESTERDAY
  MAXIMUM         58    312 PM  81    1943  47     11       38
  MINIMUM         32    105 AM  -2    1930  27      5        0
  AVERAGE         45                        37      8       19

PRECIPITATION (IN)
  YESTERDAY        0.00          3.60 1929   0.08  -0.08     0.00
  MONTH TO DATE    1.68                      2.00  -0.32     1.03
  SINCE DEC 1      3.93                      5.20  -1.27     4.78
  SINCE JAN 1      1.68                      2.00  -0.32     1.03

SNOWFALL (IN)
  YESTERDAY        0.0           1.5  1948   0.2   -0.2      0.0
  MONTH TO DATE    T                         3.0   -3.0      1.0
  SINCE DEC 1      T                         4.3   -4.3     10.0
  SINCE JUL 1      0.6                       4.8   -4.2     10.0
  SNOW DEPTH       0

DEGREE DAYS
 HEATING
  YESTERDAY       20                        28     -8       46
  MONTH TO DATE  711                       692     19      776
  SINCE DEC 1   1490                      1527    -37     1654
  SINCE JUL 1   2344                      2291     53     2467

 COOLING
  YESTERDAY        0                         0      0        0
  MONTH TO DATE    0                         0      0        0
  SINCE DEC 1      0                         0      0        0
  SINCE JAN 1      0                         0      0        0
..................................................................


WIND (MPH)
  HIGHEST WIND SPEED    17   HIGHEST WIND DIRECTION    SW (240)
  HIGHEST GUST SPEED    27   HIGHEST GUST DIRECTION     W (260)
  AVERAGE WIND SPEED     9.5


SKY COVER
  POSSIBLE SUNSHINE  MM
  AVERAGE SKY COVER 0.0


WEATHER CONDITIONS
 THE FOLLOWING WEATHER WAS RECORDED YESTERDAY.
  NO SIGNIFICANT WEATHER WAS OBSERVED.


RELATIVE HUMIDITY (PERCENT)
 HIGHEST    64           100 AM
 LOWEST     33           300 PM
 AVERAGE    49

..........................................................


THE HARRISON CLIMATE NORMALS FOR TODAY
                         NORMAL    RECORD    YEAR
 MAXIMUM TEMPERATURE (F)   47        79      1950
 MINIMUM TEMPERATURE (F)   27        -9      1905


SUNRISE AND SUNSET
JANUARY 25 2015.......SUNRISE   719 AM CST   SUNSET   531 PM CST
JANUARY 26 2015.......SUNRISE   718 AM CST   SUNSET   533 PM CST


-  INDICATES NEGATIVE NUMBERS.
R  INDICATES RECORD WAS SET OR TIED.
MM INDICATES DATA IS MISSING.
T  INDICATES TRACE AMOUNT.




$$
