030
CDUS44 KLZK 260721
CLIHRO


CLIMATE REPORT
NATIONAL WEATHER SERVICE LITTLE ROCK AR
221 AM CDT FRI AUG 26 2016


...................................

...THE HARRISON CLIMATE SUMMARY FOR AUGUST 25 2016...

CLIMATE NORMAL PERIOD 1981 TO 2010
CLIMATE RECORD PERIOD 1891 TO 2016


WEATHER ITEM   OBSERVED TIME   RECORD YEAR NORMAL DEPARTURE LAST
                VALUE   (LST)  VALUE       VALUE  FROM      YEAR
                                                  NORMAL
..................................................................
TEMPERATURE (F)
 YESTERDAY
  MAXIMUM         91    310 PM 104    1943  88      3       83
  MINIMUM         69    553 AM  49    1917  65      4       53
  AVERAGE         80                        76      4       68

PRECIPITATION (IN)
  YESTERDAY        0.00          0.84 1934   0.10  -0.10     0.00
  MONTH TO DATE    6.86                      2.89   3.97     2.54
  SINCE JUN 1     15.38                     10.27   5.11    14.68
  SINCE JAN 1     28.21                     28.27  -0.06    37.63

SNOWFALL (IN)
  YESTERDAY        0.0          MM      MM   0.0    0.0      0.0
  MONTH TO DATE    0.0                       0.0    0.0      0.0
  SINCE JUN 1      0.0                       0.0    0.0      0.0
  SINCE JUL 1      0.0                       0.0    0.0      0.0
  SNOW DEPTH       0

DEGREE DAYS
 HEATING
  YESTERDAY        0                         0      0        0
  MONTH TO DATE    0                         0      0        1
  SINCE JUN 1      0                         6     -6        1
  SINCE JUL 1      0                         0      0        1

 COOLING
  YESTERDAY       15                        12      3        3
  MONTH TO DATE  311                       332    -21      256
  SINCE JUN 1   1131                      1011    120     1050
  SINCE JAN 1   1236                      1150     86     1174
..................................................................


WIND (MPH)
  HIGHEST WIND SPEED    14   HIGHEST WIND DIRECTION     W (270)
  HIGHEST GUST SPEED    21   HIGHEST GUST DIRECTION     W (270)
  AVERAGE WIND SPEED     5.4


SKY COVER
  POSSIBLE SUNSHINE  MM
  AVERAGE SKY COVER 0.0


WEATHER CONDITIONS
 THE FOLLOWING WEATHER WAS RECORDED YESTERDAY.
  FOG


RELATIVE HUMIDITY (PERCENT)
 HIGHEST    97           500 AM
 LOWEST     47           200 PM
 AVERAGE    72

..........................................................


THE HARRISON CLIMATE NORMALS FOR TODAY
                         NORMAL    RECORD    YEAR
 MAXIMUM TEMPERATURE (F)   88       105      1943
 MINIMUM TEMPERATURE (F)   65        49      1934


SUNRISE AND SUNSET
AUGUST 26 2016........SUNRISE   640 AM CDT   SUNSET   748 PM CDT
AUGUST 27 2016........SUNRISE   641 AM CDT   SUNSET   747 PM CDT


-  INDICATES NEGATIVE NUMBERS.
R  INDICATES RECORD WAS SET OR TIED.
MM INDICATES DATA IS MISSING.
T  INDICATES TRACE AMOUNT.




$$
