000
CDUS44 KLZK 270644
CLIHRO


CLIMATE REPORT
NATIONAL WEATHER SERVICE LITTLE ROCK AR
144 AM CDT THU APR 27 2017


...................................

...THE HARRISON CLIMATE SUMMARY FOR APRIL 26 2017...

CLIMATE NORMAL PERIOD 1981 TO 2010
CLIMATE RECORD PERIOD 1891 TO 2017


WEATHER ITEM   OBSERVED TIME   RECORD YEAR NORMAL DEPARTURE LAST
                VALUE   (LST)  VALUE       VALUE  FROM      YEAR
                                                  NORMAL
..................................................................
TEMPERATURE (F)
 YESTERDAY
  MAXIMUM         69   1218 AM  92    1927  72     -3       78
  MINIMUM         44   1159 PM  26    1910  50     -6       62
  AVERAGE         57                        61     -4       70

PRECIPITATION (IN)
  YESTERDAY        2.33R         1.60 1967   0.16   2.17     0.00
  MONTH TO DATE    7.54                      3.66   3.88     0.57
  SINCE MAR 1     13.18                      7.45   5.73     4.36
  SINCE JAN 1     16.76                     12.65   4.11     6.64

SNOWFALL (IN)
  YESTERDAY       MM            MM      MM   0.0   MM        0.0
  MONTH TO DATE    0.0                       0.3   -0.3      0.0
  SINCE MAR 1      2.5                       2.3    0.2      0.0
  SINCE JUL 1      3.4                      11.5   -8.1      3.7
  SNOW DEPTH       0

DEGREE DAYS
 HEATING
  YESTERDAY        8                         5      3        0
  MONTH TO DATE  124                       221    -97      145
  SINCE MAR 1    492                       729   -237      508
  SINCE JUL 1   2898                      3901  -1003     3121

 COOLING
  YESTERDAY        0                         1     -1        5
  MONTH TO DATE   34                        26      8       11
  SINCE MAR 1     40                        32      8       16
  SINCE JAN 1     47                        32     15       16
..................................................................


WIND (MPH)
  HIGHEST WIND SPEED    21   HIGHEST WIND DIRECTION     W (290)
  HIGHEST GUST SPEED    35   HIGHEST GUST DIRECTION    NW (310)
  AVERAGE WIND SPEED    10.0


SKY COVER
  POSSIBLE SUNSHINE  MM
  AVERAGE SKY COVER 1.0


WEATHER CONDITIONS
 THE FOLLOWING WEATHER WAS RECORDED YESTERDAY.
  THUNDERSTORM
  HEAVY RAIN
  RAIN
  LIGHT RAIN
  FOG


RELATIVE HUMIDITY (PERCENT)
 HIGHEST   100           300 AM
 LOWEST     78          1200 AM
 AVERAGE    89

..........................................................


THE HARRISON CLIMATE NORMALS FOR TODAY
                         NORMAL    RECORD    YEAR
 MAXIMUM TEMPERATURE (F)   72        99      1927
 MINIMUM TEMPERATURE (F)   50        32      1904


SUNRISE AND SUNSET
APRIL 27 2017.........SUNRISE   624 AM CDT   SUNSET   757 PM CDT
APRIL 28 2017.........SUNRISE   623 AM CDT   SUNSET   758 PM CDT


-  INDICATES NEGATIVE NUMBERS.
R  INDICATES RECORD WAS SET OR TIED.
MM INDICATES DATA IS MISSING.
T  INDICATES TRACE AMOUNT.




$$
