368
CDUS44 KLZK 240632
CLIHRO


CLIMATE REPORT
NATIONAL WEATHER SERVICE LITTLE ROCK AR
131 AM CDT FRI MAR 24 2017


...................................

...THE HARRISON CLIMATE SUMMARY FOR MARCH 23 2017...

CLIMATE NORMAL PERIOD 1981 TO 2010
CLIMATE RECORD PERIOD 1891 TO 2017


WEATHER ITEM   OBSERVED TIME   RECORD YEAR NORMAL DEPARTURE LAST
                VALUE   (LST)  VALUE       VALUE  FROM      YEAR
                                                  NORMAL
..................................................................
TEMPERATURE (F)
 YESTERDAY
  MAXIMUM         79    333 PM  93    1929  62     17       73
  MINIMUM         43    707 AM  20    1968  40      3       56
  AVERAGE         61                        51     10       65

PRECIPITATION (IN)
  YESTERDAY        0.00          1.51 1969   0.12  -0.12     0.29
  MONTH TO DATE    3.60                      2.72   0.88     2.98
  SINCE MAR 1      3.60                      2.72   0.88     2.98
  SINCE JAN 1      7.18                      7.92  -0.74     5.26

SNOWFALL (IN)
  YESTERDAY        0.0           T    1974   0.0    0.0      0.0
  MONTH TO DATE    2.5                       2.0    0.5      0.0
  SINCE MAR 1      2.5                       2.0    0.5      0.0
  SINCE JUL 1      3.4                      11.2   -7.8      3.7
  SNOW DEPTH       0

DEGREE DAYS
 HEATING
  YESTERDAY        4                        14    -10        0
  MONTH TO DATE  317                       404    -87      262
  SINCE MAR 1    317                       404    -87      262
  SINCE JUL 1   2723                      3576   -853     2875

 COOLING
  YESTERDAY        0                         0      0        0
  MONTH TO DATE    6                         0      6        5
  SINCE MAR 1      6                         0      6        5
  SINCE JAN 1     13                         0     13        5
..................................................................


WIND (MPH)
  HIGHEST WIND SPEED    32   HIGHEST WIND DIRECTION     S (160)
  HIGHEST GUST SPEED    39   HIGHEST GUST DIRECTION     S (160)
  AVERAGE WIND SPEED    15.8


SKY COVER
  POSSIBLE SUNSHINE  MM
  AVERAGE SKY COVER 0.2


WEATHER CONDITIONS
 THE FOLLOWING WEATHER WAS RECORDED YESTERDAY.
  NO SIGNIFICANT WEATHER WAS OBSERVED.


RELATIVE HUMIDITY (PERCENT)
 HIGHEST    67           700 AM
 LOWEST     28           400 PM
 AVERAGE    48

..........................................................


THE HARRISON CLIMATE NORMALS FOR TODAY
                         NORMAL    RECORD    YEAR
 MAXIMUM TEMPERATURE (F)   63        98      1929
 MINIMUM TEMPERATURE (F)   40        16      2002


SUNRISE AND SUNSET
MARCH 24 2017.........SUNRISE   710 AM CDT   SUNSET   728 PM CDT
MARCH 25 2017.........SUNRISE   709 AM CDT   SUNSET   729 PM CDT


-  INDICATES NEGATIVE NUMBERS.
R  INDICATES RECORD WAS SET OR TIED.
MM INDICATES DATA IS MISSING.
T  INDICATES TRACE AMOUNT.




$$
