000
CDUS42 KMHX 040634
CLIHSE


CLIMATE REPORT
NATIONAL WEATHER SERVICE NEWPORT/MOREHEAD CITY NC
134 AM EST SUN DEC 4 2016


...................................

...THE CAPE HATTERAS NC CLIMATE SUMMARY FOR DECEMBER 3 2016...

CLIMATE NORMAL PERIOD 1981 TO 2010
CLIMATE RECORD PERIOD 1874 TO 2016


WEATHER ITEM   OBSERVED TIME   RECORD YEAR NORMAL DEPARTURE LAST
                VALUE   (LST)  VALUE       VALUE  FROM      YEAR
                                                  NORMAL
..................................................................
TEMPERATURE (F)
 YESTERDAY
  MAXIMUM         54    321 PM  78    1991  59     -5       70
  MINIMUM         45    714 AM  31    1960  46     -1       50
                                      1944
  AVERAGE         50                        53     -3       60

PRECIPITATION (IN)
  YESTERDAY        0.00          3.35 1897   0.13  -0.13     0.00
  MONTH TO DATE    0.06                      0.40  -0.34     0.48
  SINCE DEC 1      0.06                      0.40  -0.34     0.48
  SINCE JAN 1     68.30                     54.17  14.13    65.06

SNOWFALL (IN)
  YESTERDAY        0.0
  MONTH TO DATE    0.0
  SINCE NOV 1      0.0
  SINCE JUL 1      0.0
  SNOW DEPTH       0

DEGREE DAYS
 HEATING
  YESTERDAY       15                        13      2        5
  MONTH TO DATE   28                        37     -9        9
  SINCE DEC 1     28                        37     -9        9
  SINCE JUL 1    300                       355    -55      181

 COOLING
  YESTERDAY        0                         0      0        0
  MONTH TO DATE    0                         0      0        0
  SINCE DEC 1      0                         0      0        0
  SINCE JAN 1   2221                      1711    510     2039
..................................................................


WIND (MPH)
  HIGHEST WIND SPEED    14   HIGHEST WIND DIRECTION    NW (330)
  HIGHEST GUST SPEED    24   HIGHEST GUST DIRECTION     N (10)
  AVERAGE WIND SPEED     6.9


SKY COVER
  POSSIBLE SUNSHINE  MM
  AVERAGE SKY COVER 0.0


WEATHER CONDITIONS
 THE FOLLOWING WEATHER WAS RECORDED YESTERDAY.
  NO SIGNIFICANT WEATHER WAS OBSERVED.


RELATIVE HUMIDITY (PERCENT)
 HIGHEST    65           500 AM
 LOWEST     46           200 PM
 AVERAGE    56

..........................................................


THE CAPE HATTERAS NC CLIMATE NORMALS FOR TODAY
                         NORMAL    RECORD    YEAR
 MAXIMUM TEMPERATURE (F)   59        76      1982
 MINIMUM TEMPERATURE (F)   46        27      1979


SUNRISE AND SUNSET
DECEMBER  4 2016......SUNRISE   656 AM EST   SUNSET   450 PM EST
DECEMBER  5 2016......SUNRISE   657 AM EST   SUNSET   450 PM EST


-  INDICATES NEGATIVE NUMBERS.
R  INDICATES RECORD WAS SET OR TIED.
MM INDICATES DATA IS MISSING.
T  INDICATES TRACE AMOUNT.




$$
