000
CDUS42 KMHX 310630
CLIHSE


CLIMATE REPORT
NATIONAL WEATHER SERVICE NEWPORT/MOREHEAD CITY NC
130 AM EST SAT JAN 31 2015


...................................

...THE CAPE HATTERAS NC CLIMATE SUMMARY FOR JANUARY 30 2015...

CLIMATE NORMAL PERIOD 1981 TO 2010
CLIMATE RECORD PERIOD 1874 TO 2015


WEATHER ITEM   OBSERVED TIME   RECORD YEAR NORMAL DEPARTURE LAST
                VALUE   (LST)  VALUE       VALUE  FROM      YEAR
                                                  NORMAL
..................................................................
TEMPERATURE (F)
 YESTERDAY
  MAXIMUM         51    136 AM  71    1959  52     -1       39
                                      1932
  MINIMUM         35   1159 PM  17    1966  39     -4       25
                                      1934
  AVERAGE         43                        46     -3       32

PRECIPITATION (IN)
  YESTERDAY        T             3.30 1939   0.17  -0.17     0.02
  MONTH TO DATE    4.61                      5.08  -0.47     5.34
  SINCE DEC 1      7.06                      9.35  -2.29     9.24
  SINCE JAN 1      4.61                      5.08  -0.47     5.34

SNOWFALL (IN)
  YESTERDAY        0.0
  MONTH TO DATE    T
  SINCE NOV 1      T
  SINCE JUL 1      T
  SNOW DEPTH       0

DEGREE DAYS
 HEATING
  YESTERDAY       22                        19      3       33
  MONTH TO DATE  542                       591    -49      619
  SINCE DEC 1   1004                      1080    -76     1006
  SINCE JUL 1   1405                      1398      7     1321

 COOLING
  YESTERDAY        0                         0      0        0
  MONTH TO DATE    2                         0      2        0
  SINCE DEC 1      2                         3     -1        7
  SINCE JAN 1      2                         0      2        0
..................................................................


WIND (MPH)
  HIGHEST WIND SPEED    18   HIGHEST WIND DIRECTION    NW (320)
  HIGHEST GUST SPEED    32   HIGHEST GUST DIRECTION    NW (330)
  AVERAGE WIND SPEED     9.4


SKY COVER
  POSSIBLE SUNSHINE  MM
  AVERAGE SKY COVER 0.7


WEATHER CONDITIONS
 THE FOLLOWING WEATHER WAS RECORDED YESTERDAY.
  LIGHT RAIN


RELATIVE HUMIDITY (PERCENT)
 HIGHEST    82          1100 AM
 LOWEST     47          1100 PM
 AVERAGE    65

..........................................................


THE CAPE HATTERAS NC CLIMATE NORMALS FOR TODAY
                         NORMAL    RECORD    YEAR
 MAXIMUM TEMPERATURE (F)   52        71      1975
 MINIMUM TEMPERATURE (F)   39        20      1966


SUNRISE AND SUNSET
JANUARY 31 2015.......SUNRISE   703 AM EST   SUNSET   530 PM EST
FEBRUARY  1 2015......SUNRISE   702 AM EST   SUNSET   531 PM EST


-  INDICATES NEGATIVE NUMBERS.
R  INDICATES RECORD WAS SET OR TIED.
MM INDICATES DATA IS MISSING.
T  INDICATES TRACE AMOUNT.




$$
