000
CDUS42 KMHX 300528
CLIHSE


CLIMATE REPORT
NATIONAL WEATHER SERVICE NEWPORT/MOREHEAD CITY NC
128 AM EDT SAT APR 30 2016


...................................

...THE CAPE HATTERAS NC CLIMATE SUMMARY FOR APRIL 29 2016...

CLIMATE NORMAL PERIOD 1981 TO 2010
CLIMATE RECORD PERIOD 1874 TO 2016


WEATHER ITEM   OBSERVED TIME   RECORD YEAR NORMAL DEPARTURE LAST
                VALUE   (LST)  VALUE       VALUE  FROM      YEAR
                                                  NORMAL
..................................................................
TEMPERATURE (F)
 YESTERDAY
  MAXIMUM         71    425 PM  84    1994  70      1       63
  MINIMUM         58   1159 PM  40    2010  56      2       44
                                      1967
  AVERAGE         65                        63      2       54

PRECIPITATION (IN)
  YESTERDAY        0.13          1.83 1895   0.11   0.02     0.00
  MONTH TO DATE    2.31                      3.54  -1.23     1.91
  SINCE MAR 1      8.28                      8.31  -0.03     4.46
  SINCE JAN 1     21.39                     17.57   3.82    16.41

SNOWFALL (IN)
  YESTERDAY        0.0
  MONTH TO DATE    0.0
  SINCE NOV 1      T
  SINCE JUL 1      T
  SNOW DEPTH       0

DEGREE DAYS
 HEATING
  YESTERDAY        0                         4     -4       11
  MONTH TO DATE  163                       188    -25      153
  SINCE MAR 1    360                       607   -247      573
  SINCE JUL 1   1673                      2531   -858     2746

 COOLING
  YESTERDAY        0                         1     -1        0
  MONTH TO DATE   28                        20      8       16
  SINCE MAR 1     54                        23     31       17
  SINCE JAN 1     55                        23     32       19
..................................................................


WIND (MPH)
  HIGHEST WIND SPEED    13   HIGHEST WIND DIRECTION     W (250)
  HIGHEST GUST SPEED    22   HIGHEST GUST DIRECTION    NE (30)
  AVERAGE WIND SPEED     7.5


SKY COVER
  POSSIBLE SUNSHINE  MM
  AVERAGE SKY COVER 0.7


WEATHER CONDITIONS
 THE FOLLOWING WEATHER WAS RECORDED YESTERDAY.
  HEAVY RAIN
  RAIN
  LIGHT RAIN
  FOG


RELATIVE HUMIDITY (PERCENT)
 HIGHEST   100           400 AM
 LOWEST     73           100 PM
 AVERAGE    87

..........................................................


THE CAPE HATTERAS NC CLIMATE NORMALS FOR TODAY
                         NORMAL    RECORD    YEAR
 MAXIMUM TEMPERATURE (F)   70        84      1974
 MINIMUM TEMPERATURE (F)   56        36      1967


SUNRISE AND SUNSET
APRIL 30 2016.........SUNRISE   612 AM EDT   SUNSET   748 PM EDT
MAY  1 2016...........SUNRISE   611 AM EDT   SUNSET   749 PM EDT


-  INDICATES NEGATIVE NUMBERS.
R  INDICATES RECORD WAS SET OR TIED.
MM INDICATES DATA IS MISSING.
T  INDICATES TRACE AMOUNT.




$$
