917
CDUS42 KMHX 220625
CLIHSE


CLIMATE REPORT
NATIONAL WEATHER SERVICE NEWPORT/MOREHEAD CITY NC
125 AM EST SUN JAN 22 2017


...................................

...THE CAPE HATTERAS NC CLIMATE SUMMARY FOR JANUARY 21 2017...

CLIMATE NORMAL PERIOD 1981 TO 2010
CLIMATE RECORD PERIOD 1874 TO 2017


WEATHER ITEM   OBSERVED TIME   RECORD YEAR NORMAL DEPARTURE LAST
                VALUE   (LST)  VALUE       VALUE  FROM      YEAR
                                                  NORMAL
..................................................................
TEMPERATURE (F)
 YESTERDAY
  MAXIMUM         65    913 PM  73    1937  52     13       41
  MINIMUM         49    333 AM   6    1985  39     10       34
  AVERAGE         57                        45     12       38

PRECIPITATION (IN)
  YESTERDAY        0.83          1.85 2010   0.17   0.66     0.00
  MONTH TO DATE    3.81                      3.57   0.24     2.96
  SINCE DEC 1      8.82                      7.84   0.98     7.93
  SINCE JAN 1      3.81                      3.57   0.24     2.96

SNOWFALL (IN)
  YESTERDAY       MM
  MONTH TO DATE    T
  SINCE NOV 1      T
  SINCE JUL 1      T
  SNOW DEPTH       0

DEGREE DAYS
 HEATING
  YESTERDAY        8                        20    -12       27
  MONTH TO DATE  268                       413   -145      390
  SINCE DEC 1    654                       902   -248      513
  SINCE JUL 1    926                      1220   -294      685

 COOLING
  YESTERDAY        0                         0      0        0
  MONTH TO DATE    0                         0      0        0
  SINCE DEC 1      3                         3      0       64
  SINCE JAN 1      0                         0      0        0
..................................................................


WIND (MPH)
  HIGHEST WIND SPEED    13   HIGHEST WIND DIRECTION    SE (150)
  HIGHEST GUST SPEED    19   HIGHEST GUST DIRECTION    SE (150)
  AVERAGE WIND SPEED     5.5


SKY COVER
  POSSIBLE SUNSHINE  MM
  AVERAGE SKY COVER 0.7


WEATHER CONDITIONS
 THE FOLLOWING WEATHER WAS RECORDED YESTERDAY.
  HEAVY RAIN
  RAIN
  LIGHT RAIN
  FOG
  FOG W/VISIBILITY <= 1/4 MILE
  HAZE


RELATIVE HUMIDITY (PERCENT)
 HIGHEST   100           900 AM
 LOWEST     84          1200 PM
 AVERAGE    92

..........................................................


THE CAPE HATTERAS NC CLIMATE NORMALS FOR TODAY
                         NORMAL    RECORD    YEAR
 MAXIMUM TEMPERATURE (F)   52        73      1999
 MINIMUM TEMPERATURE (F)   39        12      1970


SUNRISE AND SUNSET
JANUARY 22 2017.......SUNRISE   708 AM EST   SUNSET   521 PM EST
JANUARY 23 2017.......SUNRISE   707 AM EST   SUNSET   522 PM EST


-  INDICATES NEGATIVE NUMBERS.
R  INDICATES RECORD WAS SET OR TIED.
MM INDICATES DATA IS MISSING.
T  INDICATES TRACE AMOUNT.




$$
