000
CDUS42 KMHX 300526
CLIHSE


CLIMATE REPORT
NATIONAL WEATHER SERVICE NEWPORT/MOREHEAD CITY NC
125 AM EDT MON MAR 30 2015


...................................

...THE CAPE HATTERAS NC CLIMATE SUMMARY FOR MARCH 29 2015...

CLIMATE NORMAL PERIOD 1981 TO 2010
CLIMATE RECORD PERIOD 1874 TO 2015


WEATHER ITEM   OBSERVED TIME   RECORD YEAR NORMAL DEPARTURE LAST
                VALUE   (LST)  VALUE       VALUE  FROM      YEAR
                                                  NORMAL
..................................................................
TEMPERATURE (F)
 YESTERDAY
  MAXIMUM         45    321 PM  81    1907  62    -17       66
  MINIMUM         32    633 AM  30    1966  48    -16       58
  AVERAGE         39                        55    -16       62

PRECIPITATION (IN)
  YESTERDAY        0.00          2.61 2010   0.15  -0.15     0.37
  MONTH TO DATE    2.50                      4.45  -1.95     5.48
  SINCE MAR 1      2.50                      4.45  -1.95     5.48
  SINCE JAN 1     14.45                     13.71   0.74    15.57

SNOWFALL (IN)
  YESTERDAY        0.0
  MONTH TO DATE    0.0
  SINCE NOV 1      2.0
  SINCE JUL 1      2.0
  SNOW DEPTH       0

DEGREE DAYS
 HEATING
  YESTERDAY       26                        10     16        3
  MONTH TO DATE  395                       398     -3      474
  SINCE MAR 1    395                       398     -3      474
  SINCE JUL 1   2568                      2322    246     2307

 COOLING
  YESTERDAY        0                         0      0        0
  MONTH TO DATE    1                         0      1        0
  SINCE MAR 1      1                         0      1        0
  SINCE JAN 1      3                         0      3        0
..................................................................


WIND (MPH)
  HIGHEST WIND SPEED    15   HIGHEST WIND DIRECTION    NW (320)
  HIGHEST GUST SPEED    27   HIGHEST GUST DIRECTION     N (360)
  AVERAGE WIND SPEED     8.4


SKY COVER
  POSSIBLE SUNSHINE  MM
  AVERAGE SKY COVER 0.0


WEATHER CONDITIONS
 THE FOLLOWING WEATHER WAS RECORDED YESTERDAY.
  NO SIGNIFICANT WEATHER WAS OBSERVED.


RELATIVE HUMIDITY (PERCENT)
 HIGHEST    70           900 PM
 LOWEST     27           300 PM
 AVERAGE    49

..........................................................


THE CAPE HATTERAS NC CLIMATE NORMALS FOR TODAY
                         NORMAL    RECORD    YEAR
 MAXIMUM TEMPERATURE (F)   62        81      1910
 MINIMUM TEMPERATURE (F)   48        33      1915


SUNRISE AND SUNSET
MARCH 30 2015.........SUNRISE   652 AM EDT   SUNSET   722 PM EDT
MARCH 31 2015.........SUNRISE   651 AM EDT   SUNSET   723 PM EDT


-  INDICATES NEGATIVE NUMBERS.
R  INDICATES RECORD WAS SET OR TIED.
MM INDICATES DATA IS MISSING.
T  INDICATES TRACE AMOUNT.




$$
