152
CDUS42 KMHX 160528
CLIHSE


CLIMATE REPORT
NATIONAL WEATHER SERVICE NEWPORT/MOREHEAD CITY NC
128 AM EDT WED AUG 16 2017


...................................

...THE CAPE HATTERAS NC CLIMATE SUMMARY FOR AUGUST 15 2017...

CLIMATE NORMAL PERIOD 1981 TO 2010
CLIMATE RECORD PERIOD 1874 TO 2017


WEATHER ITEM   OBSERVED TIME   RECORD YEAR NORMAL DEPARTURE LAST
                VALUE   (LST)  VALUE       VALUE  FROM      YEAR
                                                  NORMAL
..................................................................
TEMPERATURE (F)
 YESTERDAY
  MAXIMUM         90   1247 PM  91    2005  84      6       90
  MINIMUM         77   1159 PM  61    1983  73      4       79
  AVERAGE         84                        79      5       85

PRECIPITATION (IN)
  YESTERDAY        0.46          2.00 1992   0.22   0.24     0.00
  MONTH TO DATE    4.41                      3.12   1.29     2.51
  SINCE JUN 1     11.06                     12.14  -1.08    15.07
  SINCE JAN 1     37.79                     33.38   4.41    49.13

SNOWFALL (IN)
  YESTERDAY        0.0
  MONTH TO DATE    0.0
  SINCE NOV 1      T
  SINCE JUL 1      0.0
  SNOW DEPTH       0

DEGREE DAYS
 HEATING
  YESTERDAY        0                         0      0        0
  MONTH TO DATE    0                         0      0        0
  SINCE JUN 1      0                         3     -3        0
  SINCE JUL 1      0                         0      0        0

 COOLING
  YESTERDAY       19                        14      5       20
  MONTH TO DATE  209                       210     -1      275
  SINCE JUN 1   1087                       955    132     1159
  SINCE JAN 1   1514                      1098    416     1368
..................................................................


WIND (MPH)
  HIGHEST WIND SPEED    13   HIGHEST WIND DIRECTION    SW (220)
  HIGHEST GUST SPEED    18   HIGHEST GUST DIRECTION    SW (220)
  AVERAGE WIND SPEED     3.8


SKY COVER
  POSSIBLE SUNSHINE  MM
  AVERAGE SKY COVER 0.3


WEATHER CONDITIONS
 THE FOLLOWING WEATHER WAS RECORDED YESTERDAY.
  HEAVY RAIN
  LIGHT RAIN
  FOG


RELATIVE HUMIDITY (PERCENT)
 HIGHEST   100           300 AM
 LOWEST     63           900 AM
 AVERAGE    82

..........................................................


THE CAPE HATTERAS NC CLIMATE NORMALS FOR TODAY
                         NORMAL    RECORD    YEAR
 MAXIMUM TEMPERATURE (F)   84        94      2016
 MINIMUM TEMPERATURE (F)   73        59      1983


SUNRISE AND SUNSET
AUGUST 16 2017........SUNRISE   623 AM EDT   SUNSET   750 PM EDT
AUGUST 17 2017........SUNRISE   624 AM EDT   SUNSET   748 PM EDT


-  INDICATES NEGATIVE NUMBERS.
R  INDICATES RECORD WAS SET OR TIED.
MM INDICATES DATA IS MISSING.
T  INDICATES TRACE AMOUNT.




$$
