000
CDUS42 KMHX 142129
CLIHSE


CLIMATE REPORT
NATIONAL WEATHER SERVICE NEWPORT/MOREHEAD CITY NC
528 PM EDT SUN SEP 14 2014


...................................

...THE CAPE HATTERAS NC CLIMATE SUMMARY FOR SEPTEMBER 14 2014...
VALID TODAY AS OF 0500 PM LOCAL TIME.

CLIMATE NORMAL PERIOD 1981 TO 2010
CLIMATE RECORD PERIOD 1874 TO 2014


WEATHER ITEM   OBSERVED TIME   RECORD YEAR NORMAL DEPARTURE LAST
                VALUE   (LST)  VALUE       VALUE  FROM      YEAR
                                                  NORMAL
..................................................................
TEMPERATURE (F)
 TODAY
  MAXIMUM         75   1211 AM  87    2011  80     -5       80
                                      2008
                                      2000
  MINIMUM         70    359 PM  55    1964  70      0       69
  AVERAGE         73                        75     -2       75

PRECIPITATION (IN)
  TODAY            0.00          4.00 1917   0.23  -0.23     0.00
  MONTH TO DATE    2.69                      3.15  -0.46     1.33
  SINCE SEP 1      2.69                      3.15  -0.46     1.33
  SINCE JAN 1     43.74                     40.34   3.40    32.53

SNOWFALL (IN)
  TODAY            0.0
  MONTH TO DATE    0.0
  SINCE NOV 1      5.7
  SINCE JUL 1      0.0
  SNOW DEPTH       0

DEGREE DAYS
 HEATING
  TODAY            0                         0      0        0
  MONTH TO DATE    0                         0      0        0
  SINCE SEP 1      0                         0      0        0
  SINCE JUL 1      0                         0      0        0

 COOLING
  TODAY            8                        10     -2       10
  MONTH TO DATE  190                       157     33      187
  SINCE SEP 1    190                       157     33      187
  SINCE JAN 1   1566                      1463    103     1731
..................................................................


WIND (MPH)
  HIGHEST WIND SPEED    16   HIGHEST WIND DIRECTION    NE (40)
  HIGHEST GUST SPEED    25   HIGHEST GUST DIRECTION    NE (30)
  AVERAGE WIND SPEED    10.8


SKY COVER
  POSSIBLE SUNSHINE  MM
  AVERAGE SKY COVER 1.0


WEATHER CONDITIONS
 THE FOLLOWING WEATHER WAS RECORDED TODAY.
  NO SIGNIFICANT WEATHER WAS OBSERVED.


RELATIVE HUMIDITY (PERCENT)
 HIGHEST    94          1200 AM
 LOWEST     79          1200 PM
 AVERAGE    87

..........................................................


THE CAPE HATTERAS NC CLIMATE NORMALS FOR TOMORROW
                         NORMAL    RECORD    YEAR
 MAXIMUM TEMPERATURE (F)   80        89      1994
 MINIMUM TEMPERATURE (F)   69        50      1964


SUNRISE AND SUNSET
SEPTEMBER 14 2014.....SUNRISE   644 AM EDT   SUNSET   711 PM EDT
SEPTEMBER 15 2014.....SUNRISE   645 AM EDT   SUNSET   709 PM EDT


-  INDICATES NEGATIVE NUMBERS.
R  INDICATES RECORD WAS SET OR TIED.
MM INDICATES DATA IS MISSING.
T  INDICATES TRACE AMOUNT.




$$
