000
CDUS42 KMHX 202133
CLIHSE


CLIMATE REPORT
NATIONAL WEATHER SERVICE NEWPORT/MOREHEAD CITY NC
532 PM EDT FRI OCT 20 2017


...................................

...THE CAPE HATTERAS NC CLIMATE SUMMARY FOR OCTOBER 20 2017...
VALID TODAY AS OF 0500 PM LOCAL TIME.

CLIMATE NORMAL PERIOD 1981 TO 2010
CLIMATE RECORD PERIOD 1874 TO 2017


WEATHER ITEM   OBSERVED TIME   RECORD YEAR NORMAL DEPARTURE LAST
                VALUE   (LST)  VALUE       VALUE  FROM      YEAR
                                                  NORMAL
..................................................................
TEMPERATURE (F)
 TODAY
  MAXIMUM         76    319 PM  84    1910  71      5       82
  MINIMUM         56    317 AM  41    1992  58     -2       63
  AVERAGE         66                        65      1       73

PRECIPITATION (IN)
  TODAY            0.00          4.82 1897   0.17  -0.17     0.00
  MONTH TO DATE    0.68                      3.48  -2.80     5.02
  SINCE SEP 1      7.78                      9.73  -1.95    13.88
  SINCE JAN 1     50.14                     46.92   3.22    66.14

SNOWFALL (IN)
  TODAY            0.0
  MONTH TO DATE    0.0
  SINCE NOV 1      T
  SINCE JUL 1      0.0
  SNOW DEPTH       0

DEGREE DAYS
 HEATING
  TODAY            0                         3     -3        0
  MONTH TO DATE    1                        31    -30        4
  SINCE SEP 1      1                        34    -33        4
  SINCE JUL 1      1                        34    -33        4

 COOLING
  TODAY            1                         2     -1        8
  MONTH TO DATE  178                        79     99      142
  SINCE SEP 1    525                       365    160      552
  SINCE JAN 1   2286                      1671    615     2187
..................................................................


WIND (MPH)
  HIGHEST WIND SPEED     8   HIGHEST WIND DIRECTION    NW (310)
  HIGHEST GUST SPEED    11   HIGHEST GUST DIRECTION     W (290)
  AVERAGE WIND SPEED     3.2


SKY COVER
  POSSIBLE SUNSHINE  MM
  AVERAGE SKY COVER 0.0


WEATHER CONDITIONS
 THE FOLLOWING WEATHER WAS RECORDED TODAY.
  NO SIGNIFICANT WEATHER WAS OBSERVED.


RELATIVE HUMIDITY (PERCENT)
 HIGHEST   100          1200 AM
 LOWEST     50           400 PM
 AVERAGE    75

..........................................................


THE CAPE HATTERAS NC CLIMATE NORMALS FOR TOMORROW
                         NORMAL    RECORD    YEAR
 MAXIMUM TEMPERATURE (F)   71        84      1993
 MINIMUM TEMPERATURE (F)   58        40      1992


SUNRISE AND SUNSET
OCTOBER 20 2017.......SUNRISE   713 AM EDT   SUNSET   621 PM EDT
OCTOBER 21 2017.......SUNRISE   714 AM EDT   SUNSET   620 PM EDT


-  INDICATES NEGATIVE NUMBERS.
R  INDICATES RECORD WAS SET OR TIED.
MM INDICATES DATA IS MISSING.
T  INDICATES TRACE AMOUNT.




$$
