000
CDUS43 KGID 182225
CLIHSI


CLIMATE REPORT
NATIONAL WEATHER SERVICE HASTINGS NE
523 PM CDT FRI APR 18 2014


...................................

...THE HASTINGS NE CLIMATE SUMMARY FOR APRIL 18 2014...
VALID TODAY AS OF 0500 PM LOCAL TIME.

CLIMATE NORMAL PERIOD 1981 TO 2010
CLIMATE RECORD PERIOD 1894 TO 2014


WEATHER ITEM   OBSERVED TIME   RECORD YEAR NORMAL DEPARTURE LAST
                VALUE   (LST)  VALUE       VALUE  FROM      YEAR
                                                  NORMAL
..................................................................
TEMPERATURE (F)
 TODAY
  MAXIMUM         70    359 PM  92    1994  64      6       36
                                      1985
  MINIMUM         36    620 AM  19    1953  39     -3       27
  AVERAGE         53                        52      1       32

PRECIPITATION (IN)
  TODAY            0.00          1.31 1944   0.09  -0.09     0.17
  MONTH TO DATE    1.36                      1.28   0.08     1.58
  SINCE MAR 1      1.51                      3.07  -1.56     3.83
  SINCE JAN 1      2.22                      3.97  -1.75     5.05

SNOWFALL (IN)
  TODAY            0.0           5.5  1944   0.0    0.0      1.7
  MONTH TO DATE    2.2                       1.0    1.2      3.7
  SINCE MAR 1      3.4                       6.2   -2.8     11.6
  SINCE JUL 1     21.7                      28.6   -6.9     35.4
  SNOW DEPTH       0

DEGREE DAYS
 HEATING
  TODAY           12                        14     -2       33
  MONTH TO DATE  309                       295     14      407
  SINCE MAR 1   1168                      1072     96     1289
  SINCE JUL 1   6048                      5702    346     5916

 COOLING
  TODAY            0                         0      0        0
  MONTH TO DATE    3                         0      3        0
  SINCE MAR 1      3                         0      3        0
  SINCE JAN 1      3                         0      3        0
..................................................................


WIND (MPH)
  HIGHEST WIND SPEED    24   HIGHEST WIND DIRECTION     S (180)
  HIGHEST GUST SPEED    35   HIGHEST GUST DIRECTION     S (170)
  AVERAGE WIND SPEED    12.9


SKY COVER
  AVERAGE SKY COVER 0.0


WEATHER CONDITIONS
 THE FOLLOWING WEATHER WAS RECORDED TODAY.
  NO SIGNIFICANT WEATHER WAS OBSERVED.


RELATIVE HUMIDITY (PERCENT)
 HIGHEST    82           600 AM
 LOWEST     33           300 PM
 AVERAGE    58

..........................................................


THE HASTINGS NE CLIMATE NORMALS FOR TOMORROW
                         NORMAL    RECORD    YEAR
 MAXIMUM TEMPERATURE (F)   64        87      1946
                                             1921
 MINIMUM TEMPERATURE (F)   40        23      1953


SUNRISE AND SUNSET
APRIL 18 2014.........SUNRISE   651 AM CDT   SUNSET   816 PM CDT
APRIL 19 2014.........SUNRISE   649 AM CDT   SUNSET   817 PM CDT


-  INDICATES NEGATIVE NUMBERS.
R  INDICATES RECORD WAS SET OR TIED.
MM INDICATES DATA IS MISSING.
T  INDICATES TRACE AMOUNT.




$$
