954
CDUS43 KGID 250629
CLIHSI


CLIMATE REPORT
NATIONAL WEATHER SERVICE HASTINGS NE
129 AM CDT WED MAY 25 2016


...................................

...THE HASTINGS NE CLIMATE SUMMARY FOR MAY 24 2016...

CLIMATE NORMAL PERIOD 1981 TO 2010
CLIMATE RECORD PERIOD 1894 TO 2016


WEATHER ITEM   OBSERVED TIME   RECORD YEAR NORMAL DEPARTURE LAST
                VALUE   (LST)  VALUE       VALUE  FROM      YEAR
                                                  NORMAL
..................................................................
TEMPERATURE (F)
 YESTERDAY
  MAXIMUM         79    538 PM  97    1967  75      4       66
                                      1953
  MINIMUM         61    717 AM  32    1924  54      7       58
  AVERAGE         70                        64      6       62

PRECIPITATION (IN)
  YESTERDAY        0.02          1.86 1982   0.14  -0.12     0.01
  MONTH TO DATE    1.39                      3.71  -2.32     3.46
  SINCE MAR 1      7.62                      8.06  -0.44     7.21
  SINCE JAN 1      9.54                      8.96   0.58     8.32

SNOWFALL (IN)
  YESTERDAY        0.0          MM      MM   0.0    0.0      0.0
  MONTH TO DATE    0.0                       0.0    0.0      0.0
  SINCE MAR 1      2.1                       6.4   -4.3      0.8
  SINCE JUL 1     32.4                      28.8    3.6     17.0
  SNOW DEPTH       0

DEGREE DAYS
 HEATING
  YESTERDAY        0                         3     -3        3
  MONTH TO DATE  173                       151     22      168
  SINCE MAR 1   1103                      1360   -257     1159
  SINCE JUL 1   5013                      5990   -977     5782

 COOLING
  YESTERDAY        5                         3      2        0
  MONTH TO DATE   14                        33    -19       22
  SINCE MAR 1     14                        38    -24       26
  SINCE JAN 1     14                        38    -24       26
..................................................................


WIND (MPH)
  HIGHEST WIND SPEED    17   HIGHEST WIND DIRECTION    SE (120)
  HIGHEST GUST SPEED    25   HIGHEST GUST DIRECTION    SE (120)
  AVERAGE WIND SPEED     8.4


SKY COVER
  AVERAGE SKY COVER 0.1


WEATHER CONDITIONS
 THE FOLLOWING WEATHER WAS RECORDED YESTERDAY.
  LIGHT RAIN
  FOG


RELATIVE HUMIDITY (PERCENT)
 HIGHEST   100           400 AM
 LOWEST     48           600 PM
 AVERAGE    74

..........................................................


THE HASTINGS NE CLIMATE NORMALS FOR TODAY
                         NORMAL    RECORD    YEAR
 MAXIMUM TEMPERATURE (F)   75        96      1967
 MINIMUM TEMPERATURE (F)   54        38      2002
                                             1940


SUNRISE AND SUNSET
MAY 25 2016...........SUNRISE   609 AM CDT   SUNSET   853 PM CDT
MAY 26 2016...........SUNRISE   608 AM CDT   SUNSET   854 PM CDT


-  INDICATES NEGATIVE NUMBERS.
R  INDICATES RECORD WAS SET OR TIED.
MM INDICATES DATA IS MISSING.
T  INDICATES TRACE AMOUNT.




$$
