000
CDUS43 KGID 252224
CLIHSI


CLIMATE REPORT
NATIONAL WEATHER SERVICE HASTINGS NE
523 PM CDT MON MAY 25 2015


...................................

...THE HASTINGS NE CLIMATE SUMMARY FOR MAY 25 2015...
VALID TODAY AS OF 0500 PM LOCAL TIME.

CLIMATE NORMAL PERIOD 1981 TO 2010
CLIMATE RECORD PERIOD 1894 TO 2015


WEATHER ITEM   OBSERVED TIME   RECORD YEAR NORMAL DEPARTURE LAST
                VALUE   (LST)  VALUE       VALUE  FROM      YEAR
                                                  NORMAL
..................................................................
TEMPERATURE (F)
 TODAY
  MAXIMUM         75    359 PM  96    1967  75      0       79
  MINIMUM         55    611 AM  38    2002  54      1       64
                                      1940
  AVERAGE         65                        65      0       72

PRECIPITATION (IN)
  TODAY            T             2.76 1903   0.15  -0.15     0.13
  MONTH TO DATE    3.46                      3.86  -0.40     2.15
  SINCE MAR 1      7.21                      8.21  -1.00     6.23
  SINCE JAN 1      8.32                      9.11  -0.79     6.94

SNOWFALL (IN)
  TODAY            0.0          MM      MM   0.0    0.0      0.0
  MONTH TO DATE    0.0                       0.0    0.0      0.0
  SINCE MAR 1      0.8                       6.4   -5.6      3.4
  SINCE JUL 1     17.0                      28.8  -11.8     21.7
  SNOW DEPTH       0

DEGREE DAYS
 HEATING
  TODAY            0                         3     -3        0
  MONTH TO DATE  168                       154     14      174
  SINCE MAR 1   1159                      1363   -204     1437
  SINCE JUL 1   5782                      5993   -211     6317

 COOLING
  TODAY            0                         3     -3        7
  MONTH TO DATE   22                        36    -14       48
  SINCE MAR 1     26                        41    -15       56
  SINCE JAN 1     26                        41    -15       56
..................................................................


WIND (MPH)
  HIGHEST WIND SPEED    16   HIGHEST WIND DIRECTION     S (200)
  HIGHEST GUST SPEED    22   HIGHEST GUST DIRECTION     S (180)
  AVERAGE WIND SPEED     8.3


SKY COVER
  AVERAGE SKY COVER 0.4


WEATHER CONDITIONS
 THE FOLLOWING WEATHER WAS RECORDED TODAY.
  LIGHT RAIN


RELATIVE HUMIDITY (PERCENT)
 HIGHEST    97          1200 AM
 LOWEST     50           400 PM
 AVERAGE    74

..........................................................


THE HASTINGS NE CLIMATE NORMALS FOR TOMORROW
                         NORMAL    RECORD    YEAR
 MAXIMUM TEMPERATURE (F)   75       100      2012
 MINIMUM TEMPERATURE (F)   55        38      1992


SUNRISE AND SUNSET
MAY 25 2015...........SUNRISE   609 AM CDT   SUNSET   853 PM CDT
MAY 26 2015...........SUNRISE   608 AM CDT   SUNSET   854 PM CDT


-  INDICATES NEGATIVE NUMBERS.
R  INDICATES RECORD WAS SET OR TIED.
MM INDICATES DATA IS MISSING.
T  INDICATES TRACE AMOUNT.




$$
