000
CDUS43 KGID 230635
CLIHSI


CLIMATE REPORT
NATIONAL WEATHER SERVICE HASTINGS NE
134 AM CDT WED APR 23 2014


...................................

...THE HASTINGS NE CLIMATE SUMMARY FOR APRIL 22 2014...

CLIMATE NORMAL PERIOD 1981 TO 2010
CLIMATE RECORD PERIOD 1894 TO 2014


WEATHER ITEM   OBSERVED TIME   RECORD YEAR NORMAL DEPARTURE LAST
                VALUE   (LST)  VALUE       VALUE  FROM      YEAR
                                                  NORMAL
..................................................................
TEMPERATURE (F)
 YESTERDAY
  MAXIMUM         72    403 PM  93    1937  65      7       47
  MINIMUM         37    538 AM  26    1951  41     -4       30
                                      1909
  AVERAGE         55                        53      2       39

PRECIPITATION (IN)
  YESTERDAY        0.00          1.02 1975   0.10  -0.10     0.91
  MONTH TO DATE    1.40                      1.66  -0.26     2.63
  SINCE MAR 1      1.55                      3.45  -1.90     4.88
  SINCE JAN 1      2.26                      4.35  -2.09     6.10

SNOWFALL (IN)
  YESTERDAY        0.0           T    2013   0.0    0.0       T
                                      2001
  MONTH TO DATE    2.2                       1.1    1.1      3.7
  SINCE MAR 1      3.4                       6.3   -2.9     11.6
  SINCE JUL 1     21.7                      28.7   -7.0     35.4
  SNOW DEPTH       0

DEGREE DAYS
 HEATING
  YESTERDAY       10                        12     -2       26
  MONTH TO DATE  324                       346    -22      498
  SINCE MAR 1   1183                      1123     60     1380
  SINCE JUL 1   6063                      5753    310     6007

 COOLING
  YESTERDAY        0                         0      0        0
  MONTH TO DATE    4                         0      4        0
  SINCE MAR 1      4                         0      4        0
  SINCE JAN 1      4                         0      4        0
..................................................................


WIND (MPH)
  HIGHEST WIND SPEED    23   HIGHEST WIND DIRECTION     S (160)
  HIGHEST GUST SPEED    32   HIGHEST GUST DIRECTION    SE (130)
  AVERAGE WIND SPEED    11.6


SKY COVER
  AVERAGE SKY COVER 0.2


WEATHER CONDITIONS
 THE FOLLOWING WEATHER WAS RECORDED YESTERDAY.
  NO SIGNIFICANT WEATHER WAS OBSERVED.


RELATIVE HUMIDITY (PERCENT)
 HIGHEST    70           600 AM
 LOWEST     20           600 PM
 AVERAGE    45

..........................................................


THE HASTINGS NE CLIMATE NORMALS FOR TODAY
                         NORMAL    RECORD    YEAR
 MAXIMUM TEMPERATURE (F)   65        96      1989
 MINIMUM TEMPERATURE (F)   41        26      2013


SUNRISE AND SUNSET
APRIL 23 2014.........SUNRISE   643 AM CDT   SUNSET   821 PM CDT
APRIL 24 2014.........SUNRISE   642 AM CDT   SUNSET   822 PM CDT


-  INDICATES NEGATIVE NUMBERS.
R  INDICATES RECORD WAS SET OR TIED.
MM INDICATES DATA IS MISSING.
T  INDICATES TRACE AMOUNT.




$$
