000
CDUS43 KGID 030625
CLIHSI


CLIMATE REPORT
NATIONAL WEATHER SERVICE HASTINGS NE
124 AM CDT FRI JUL 3 2015


...................................

...THE HASTINGS NE CLIMATE SUMMARY FOR JULY 2 2015...

CLIMATE NORMAL PERIOD 1981 TO 2010
CLIMATE RECORD PERIOD 1894 TO 2015


WEATHER ITEM   OBSERVED TIME   RECORD YEAR NORMAL DEPARTURE LAST
                VALUE   (LST)  VALUE       VALUE  FROM      YEAR
                                                  NORMAL
..................................................................
TEMPERATURE (F)
 YESTERDAY
  MAXIMUM         85    349 PM 104    1934  87     -2       74
  MINIMUM         65   1159 PM  50    1945  65      0       52
                                      1924
  AVERAGE         75                        76     -1       63

PRECIPITATION (IN)
  YESTERDAY        0.50          1.88 1982   0.15   0.35     0.00
  MONTH TO DATE    0.50                      0.30   0.20     0.00
  SINCE JUN 1      8.55                      4.10   4.45     8.69
  SINCE JAN 1     17.27                     13.92   3.35    15.63

SNOWFALL (IN)
  YESTERDAY        0.0                       0.0    0.0      0.0
  MONTH TO DATE    0.0                       0.0    0.0      0.0
  SINCE JUN 1      0.0                       0.0    0.0      0.0
  SINCE JUL 1      0.0                       0.0    0.0      0.0
  SNOW DEPTH       0

DEGREE DAYS
 HEATING
  YESTERDAY        0                         0      0        2
  MONTH TO DATE    0                         0      0        2
  SINCE JUN 1      3                        21    -18       10
  SINCE JUL 1      0                         0      0        2

 COOLING
  YESTERDAY       10                        11     -1        0
  MONTH TO DATE   21                        22     -1        5
  SINCE JUN 1    241                       247     -6      236
  SINCE JAN 1    272                       306    -34      354
..................................................................


WIND (MPH)
  HIGHEST WIND SPEED    28   HIGHEST WIND DIRECTION    NE (40)
  HIGHEST GUST SPEED    42   HIGHEST GUST DIRECTION    NE (30)
  AVERAGE WIND SPEED     7.3


SKY COVER
  AVERAGE SKY COVER 0.5


WEATHER CONDITIONS
 THE FOLLOWING WEATHER WAS RECORDED YESTERDAY.
  THUNDERSTORM
  HEAVY RAIN
  RAIN
  LIGHT RAIN
  FOG


RELATIVE HUMIDITY (PERCENT)
 HIGHEST   100           900 AM
 LOWEST     51           300 PM
 AVERAGE    76

..........................................................


THE HASTINGS NE CLIMATE NORMALS FOR TODAY
                         NORMAL    RECORD    YEAR
 MAXIMUM TEMPERATURE (F)   87       109      1990
                                             1936
 MINIMUM TEMPERATURE (F)   65        48      1908


SUNRISE AND SUNSET
JULY  3 2015..........SUNRISE   608 AM CDT   SUNSET   908 PM CDT
JULY  4 2015..........SUNRISE   608 AM CDT   SUNSET   908 PM CDT


-  INDICATES NEGATIVE NUMBERS.
R  INDICATES RECORD WAS SET OR TIED.
MM INDICATES DATA IS MISSING.
T  INDICATES TRACE AMOUNT.




$$
