000
CDUS43 KGID 140627
CLIHSI


CLIMATE REPORT
NATIONAL WEATHER SERVICE HASTINGS NE
1226 AM CST SUN FEB 14 2016


...................................

...THE HASTINGS NE CLIMATE SUMMARY FOR FEBRUARY 13 2016...

CLIMATE NORMAL PERIOD 1981 TO 2010
CLIMATE RECORD PERIOD 1894 TO 2016


WEATHER ITEM   OBSERVED TIME   RECORD YEAR NORMAL DEPARTURE LAST
                VALUE   (LST)  VALUE       VALUE  FROM      YEAR
                                                  NORMAL
..................................................................
TEMPERATURE (F)
 YESTERDAY
  MAXIMUM         22    618 PM  70    1967  40    -18       59
                                      1934
  MINIMUM         15    803 AM  -7    1936  19     -4       18
  AVERAGE         19                        29    -10       39

PRECIPITATION (IN)
  YESTERDAY        0.00          0.65 1912   0.02  -0.02     0.00
  MONTH TO DATE    1.57                      0.22   1.35     0.22
  SINCE DEC 1      4.10                      1.24   2.86     1.53
  SINCE JAN 1      1.92                      0.63   1.29     0.99

SNOWFALL (IN)
  YESTERDAY        0.0           6.0  1912   0.2   -0.2      0.0
  MONTH TO DATE   16.0                       3.3   12.7      3.6
  SINCE DEC 1     26.1                      15.4   10.7     12.7
  SINCE JUL 1     30.3                      19.2   11.1     14.4
  SNOW DEPTH       4

DEGREE DAYS
 HEATING
  YESTERDAY       46                        36     10       26
  MONTH TO DATE  496                       480     16      446
  SINCE DEC 1   2621                      2848   -227     2629
  SINCE JUL 1   3547                      4129   -582     3967

 COOLING
  YESTERDAY        0                         0      0        0
  MONTH TO DATE    0                         0      0        0
  SINCE DEC 1      0                         0      0        0
  SINCE JAN 1      0                         0      0        0
..................................................................


WIND (MPH)
  HIGHEST WIND SPEED    17   HIGHEST WIND DIRECTION    SE (150)
  HIGHEST GUST SPEED    23   HIGHEST GUST DIRECTION     S (160)
  AVERAGE WIND SPEED    11.6


SKY COVER
  AVERAGE SKY COVER 0.8


WEATHER CONDITIONS
 THE FOLLOWING WEATHER WAS RECORDED YESTERDAY.
  NO SIGNIFICANT WEATHER WAS OBSERVED.


RELATIVE HUMIDITY (PERCENT)
 HIGHEST    74          1200 AM
 LOWEST     47           300 PM
 AVERAGE    61

..........................................................


THE HASTINGS NE CLIMATE NORMALS FOR TODAY
                         NORMAL    RECORD    YEAR
 MAXIMUM TEMPERATURE (F)   40        75      1967
 MINIMUM TEMPERATURE (F)   19       -17      1936


SUNRISE AND SUNSET
FEBRUARY 14 2016......SUNRISE   729 AM CST   SUNSET   607 PM CST
FEBRUARY 15 2016......SUNRISE   728 AM CST   SUNSET   608 PM CST


-  INDICATES NEGATIVE NUMBERS.
R  INDICATES RECORD WAS SET OR TIED.
MM INDICATES DATA IS MISSING.
T  INDICATES TRACE AMOUNT.

$$

HALBLAUB
