000
CDUS43 KGID 050633
CLIHSI


CLIMATE REPORT
NATIONAL WEATHER SERVICE HASTINGS NE
1232 AM CST MON DEC 5 2016


...................................

...THE HASTINGS NE CLIMATE SUMMARY FOR DECEMBER 4 2016...

CLIMATE NORMAL PERIOD 1981 TO 2010
CLIMATE RECORD PERIOD 1894 TO 2016


WEATHER ITEM   OBSERVED TIME   RECORD YEAR NORMAL DEPARTURE LAST
                VALUE   (LST)  VALUE       VALUE  FROM      YEAR
                                                  NORMAL
..................................................................
TEMPERATURE (F)
 YESTERDAY
  MAXIMUM         49    337 PM  67    1979  40      9       56
  MINIMUM         28    827 AM  -9    1919  21      7       28
  AVERAGE         39                        30      9       42

PRECIPITATION (IN)
  YESTERDAY        0.00          0.65 1924   0.04  -0.04     0.00
  MONTH TO DATE    0.08                      0.16  -0.08      T
  SINCE DEC 1      0.08                      0.16  -0.08      T
  SINCE JAN 1     20.13                     26.66  -6.53    27.73

SNOWFALL (IN)
  YESTERDAY        0.0           6.0  1910   0.2   -0.2      0.0
  MONTH TO DATE    0.7                       0.7    0.0      0.2
  SINCE DEC 1      0.7                       0.7    0.0      0.2
  SINCE JUL 1      0.8                       4.5   -3.7      4.4
  6 AM SNOW DEPTH  T

DEGREE DAYS
 HEATING
  YESTERDAY       26                        35     -9       23
  MONTH TO DATE  129                       136     -7      123
  SINCE DEC 1    129                       136     -7      123
  SINCE JUL 1    996                      1417   -421     1049

 COOLING
  YESTERDAY        0                         0      0        0
  MONTH TO DATE    0                         0      0        0
  SINCE DEC 1      0                         0      0        0
  SINCE JAN 1   1195                      1077    118     1097
..................................................................


WIND (MPH)
  HIGHEST WIND SPEED    14   HIGHEST WIND DIRECTION     W (260)
  HIGHEST GUST SPEED    18   HIGHEST GUST DIRECTION     W (280)
  AVERAGE WIND SPEED     8.2


SKY COVER
  AVERAGE SKY COVER 0.3


WEATHER CONDITIONS
 THE FOLLOWING WEATHER WAS RECORDED YESTERDAY.
  FOG


RELATIVE HUMIDITY (PERCENT)
 HIGHEST   100           600 AM
 LOWEST     56           300 PM
 AVERAGE    78

..........................................................


THE HASTINGS NE CLIMATE NORMALS FOR TODAY
                         NORMAL    RECORD    YEAR
 MAXIMUM TEMPERATURE (F)   40        71      1939
 MINIMUM TEMPERATURE (F)   21        -4      1950


SUNRISE AND SUNSET
DECEMBER  5 2016......SUNRISE   742 AM CST   SUNSET   507 PM CST
DECEMBER  6 2016......SUNRISE   743 AM CST   SUNSET   507 PM CST


-  INDICATES NEGATIVE NUMBERS.
R  INDICATES RECORD WAS SET OR TIED.
MM INDICATES DATA IS MISSING.
T  INDICATES TRACE AMOUNT.




$$
