000
CDUS43 KGID 300635
CLIHSI


CLIMATE REPORT
NATIONAL WEATHER SERVICE HASTINGS NE
132 AM CDT SAT JUL 30 2016


...................................

...THE HASTINGS NE CLIMATE SUMMARY FOR JULY 29 2016...

CLIMATE NORMAL PERIOD 1981 TO 2010
CLIMATE RECORD PERIOD 1894 TO 2016


WEATHER ITEM   OBSERVED TIME   RECORD YEAR NORMAL DEPARTURE LAST
                VALUE   (LST)  VALUE       VALUE  FROM      YEAR
                                                  NORMAL
..................................................................
TEMPERATURE (F)
 YESTERDAY
  MAXIMUM         81    454 PM 108    1917  87     -6       82
  MINIMUM         64    455 AM  53    1971  67     -3       58
                                      1925
  AVERAGE         73                        77     -4       70

PRECIPITATION (IN)
  YESTERDAY        T             1.82 2007   0.11  -0.11      T
  MONTH TO DATE    2.02                      3.52  -1.50     4.01
  SINCE JUN 1      2.77                      7.32  -4.55    12.06
  SINCE JAN 1     14.60                     17.14  -2.54    20.78

SNOWFALL (IN)
  YESTERDAY        0.0                       0.0    0.0      0.0
  MONTH TO DATE    0.0                       0.0    0.0      0.0
  SINCE JUN 1      0.0                       0.0    0.0      0.0
  SINCE JUL 1      0.0                       0.0    0.0      0.0
  SNOW DEPTH       0

DEGREE DAYS
 HEATING
  YESTERDAY        0                         0      0        0
  MONTH TO DATE    3                         0      3        4
  SINCE JUN 1      3                        21    -18        7
  SINCE JUL 1      3                         0      3        4

 COOLING
  YESTERDAY        8                        12     -4        5
  MONTH TO DATE  354                       351      3      321
  SINCE JUN 1    705                       576    129      541
  SINCE JAN 1    734                       635     99      572
..................................................................


WIND (MPH)
  HIGHEST WIND SPEED    13   HIGHEST WIND DIRECTION    NE (40)
  HIGHEST GUST SPEED    15   HIGHEST GUST DIRECTION    NE (40)
  AVERAGE WIND SPEED     4.3


SKY COVER
  AVERAGE SKY COVER 0.5


WEATHER CONDITIONS
 THE FOLLOWING WEATHER WAS RECORDED YESTERDAY.
  LIGHT RAIN


RELATIVE HUMIDITY (PERCENT)
 HIGHEST   100           100 AM
 LOWEST     54           500 PM
 AVERAGE    77

..........................................................


THE HASTINGS NE CLIMATE NORMALS FOR TODAY
                         NORMAL    RECORD    YEAR
 MAXIMUM TEMPERATURE (F)   87       106      1917
 MINIMUM TEMPERATURE (F)   67        48      1971


SUNRISE AND SUNSET
JULY 30 2016..........SUNRISE   629 AM CDT   SUNSET   850 PM CDT
JULY 31 2016..........SUNRISE   630 AM CDT   SUNSET   849 PM CDT


-  INDICATES NEGATIVE NUMBERS.
R  INDICATES RECORD WAS SET OR TIED.
MM INDICATES DATA IS MISSING.
T  INDICATES TRACE AMOUNT.

$$

KELLEY
