000
CDUS43 KGID 050645
CLIHSI


CLIMATE REPORT
NATIONAL WEATHER SERVICE HASTINGS NE
140 AM CDT SAT SEP 5 2015


...................................

...THE HASTINGS NE CLIMATE SUMMARY FOR SEPTEMBER 4 2015...

CLIMATE NORMAL PERIOD 1981 TO 2010
CLIMATE RECORD PERIOD 1894 TO 2015


WEATHER ITEM   OBSERVED TIME   RECORD YEAR NORMAL DEPARTURE LAST
                VALUE   (LST)  VALUE       VALUE  FROM      YEAR
                                                  NORMAL
..................................................................
TEMPERATURE (F)
 YESTERDAY
  MAXIMUM         96    400 PM 105    1945  82     14       84
  MINIMUM         72    429 AM  40    1974  58     14       66
  AVERAGE         84                        70     14       75

PRECIPITATION (IN)
  YESTERDAY        0.07          2.32 1994   0.11  -0.04     0.00
  MONTH TO DATE    0.07                      0.42  -0.35     0.01
  SINCE SEP 1      0.07                      0.42  -0.35     0.01
  SINCE JAN 1     23.12                     21.08   2.04    24.91

SNOWFALL (IN)
  YESTERDAY        0.0                       0.0    0.0      0.0
  MONTH TO DATE    0.0                       0.0    0.0      0.0
  SINCE SEP 1      0.0                       0.0    0.0      0.0
  SINCE JUL 1      0.0                       0.0    0.0      0.0
  SNOW DEPTH       0

DEGREE DAYS
 HEATING
  YESTERDAY        0                         1     -1        0
  MONTH TO DATE    0                         4     -4        0
  SINCE SEP 1      0                         4     -4        0
  SINCE JUL 1     15                        10      5        6

 COOLING
  YESTERDAY       19                         6     13       10
  MONTH TO DATE   68                        25     43       27
  SINCE SEP 1     68                        25     43       27
  SINCE JAN 1    911                       978    -67      947
..................................................................


WIND (MPH)
  HIGHEST WIND SPEED    22   HIGHEST WIND DIRECTION     S (170)
  HIGHEST GUST SPEED    31   HIGHEST GUST DIRECTION     S (170)
  AVERAGE WIND SPEED    14.3


SKY COVER
  AVERAGE SKY COVER 0.0


WEATHER CONDITIONS
 THE FOLLOWING WEATHER WAS RECORDED YESTERDAY.
  THUNDERSTORM
  LIGHT RAIN


RELATIVE HUMIDITY (PERCENT)
 HIGHEST    79           400 AM
 LOWEST     34           300 PM
 AVERAGE    57

..........................................................


THE HASTINGS NE CLIMATE NORMALS FOR TODAY
                         NORMAL    RECORD    YEAR
 MAXIMUM TEMPERATURE (F)   81       104      1931
 MINIMUM TEMPERATURE (F)   58        39      1962


SUNRISE AND SUNSET
SEPTEMBER  5 2015.....SUNRISE   704 AM CDT   SUNSET   800 PM CDT
SEPTEMBER  6 2015.....SUNRISE   705 AM CDT   SUNSET   758 PM CDT


-  INDICATES NEGATIVE NUMBERS.
R  INDICATES RECORD WAS SET OR TIED.
MM INDICATES DATA IS MISSING.
T  INDICATES TRACE AMOUNT.




$$
