000
CDUS43 KGID 162225
CLIHSI


CLIMATE REPORT
NATIONAL WEATHER SERVICE HASTINGS NE
524 PM CDT TUE SEP 16 2014


...................................

...THE HASTINGS NE CLIMATE SUMMARY FOR SEPTEMBER 16 2014...
VALID TODAY AS OF 0500 PM LOCAL TIME.

CLIMATE NORMAL PERIOD 1981 TO 2010
CLIMATE RECORD PERIOD 1894 TO 2014


WEATHER ITEM   OBSERVED TIME   RECORD YEAR NORMAL DEPARTURE LAST
                VALUE   (LST)  VALUE       VALUE  FROM      YEAR
                                                  NORMAL
..................................................................
TEMPERATURE (F)
 TODAY
  MAXIMUM         69    106 PM  97    1955  78     -9       59
  MINIMUM         44    651 AM  36    1951  54    -10       56
  AVERAGE         57                        66     -9       58

PRECIPITATION (IN)
  TODAY            0.00          1.03 1968   0.08  -0.08     0.14
  MONTH TO DATE    1.34                      1.44  -0.10     0.54
  SINCE SEP 1      1.34                      1.44  -0.10     0.54
  SINCE JAN 1     26.24                     22.10   4.14    18.60

SNOWFALL (IN)
  TODAY            0.0                       0.0    0.0      0.0
  MONTH TO DATE    0.0                       0.0    0.0      0.0
  SINCE SEP 1      0.0                       0.0    0.0      0.0
  SINCE JUL 1      0.0                       0.0    0.0      0.0
  SNOW DEPTH       0

DEGREE DAYS
 HEATING
  TODAY            8                         3      5        7
  MONTH TO DATE   98                        24     74        9
  SINCE SEP 1     98                        24     74        9
  SINCE JUL 1    104                        30     74       15

 COOLING
  TODAY            0                         3     -3        0
  MONTH TO DATE   42                        79    -37      142
  SINCE SEP 1     42                        79    -37      142
  SINCE JAN 1    962                      1032    -70     1100
..................................................................


WIND (MPH)
  HIGHEST WIND SPEED    16   HIGHEST WIND DIRECTION    SE (150)
  HIGHEST GUST SPEED    21   HIGHEST GUST DIRECTION    SE (140)
  AVERAGE WIND SPEED     8.9


SKY COVER
  AVERAGE SKY COVER 0.2


WEATHER CONDITIONS
 THE FOLLOWING WEATHER WAS RECORDED TODAY.
  NO SIGNIFICANT WEATHER WAS OBSERVED.


RELATIVE HUMIDITY (PERCENT)
 HIGHEST    89           500 AM
 LOWEST     53           100 PM
 AVERAGE    71

..........................................................


THE HASTINGS NE CLIMATE NORMALS FOR TOMORROW
                         NORMAL    RECORD    YEAR
 MAXIMUM TEMPERATURE (F)   77       102      1925
 MINIMUM TEMPERATURE (F)   54        35      1980


SUNRISE AND SUNSET
SEPTEMBER 16 2014.....SUNRISE   715 AM CDT   SUNSET   741 PM CDT
SEPTEMBER 17 2014.....SUNRISE   716 AM CDT   SUNSET   739 PM CDT


-  INDICATES NEGATIVE NUMBERS.
R  INDICATES RECORD WAS SET OR TIED.
MM INDICATES DATA IS MISSING.
T  INDICATES TRACE AMOUNT.




$$
