000
CDUS43 KGID 232236
CLIHSI


CLIMATE REPORT
NATIONAL WEATHER SERVICE HASTINGS NE
533 PM CDT MON OCT 23 2017


...................................

...THE HASTINGS NE CLIMATE SUMMARY FOR OCTOBER 23 2017...
VALID TODAY AS OF 0500 PM LOCAL TIME.

CLIMATE NORMAL PERIOD 1981 TO 2010
CLIMATE RECORD PERIOD 1894 TO 2017


WEATHER ITEM   OBSERVED TIME   RECORD YEAR NORMAL DEPARTURE LAST
                VALUE   (LST)  VALUE       VALUE  FROM      YEAR
                                                  NORMAL
..................................................................
TEMPERATURE (F)
 TODAY
  MAXIMUM         64    307 PM  90    1927  61      3       71
  MINIMUM         43    254 AM  15    1917  38      5       42
  AVERAGE         54                        50      4       57

PRECIPITATION (IN)
  TODAY            0.00          1.08 1906   0.06  -0.06     0.00
  MONTH TO DATE    4.68                      1.59   3.09     0.22
  SINCE SEP 1      6.86                      4.15   2.71     2.02
  SINCE JAN 1     30.30                     24.81   5.49    18.59

SNOWFALL (IN)
  TODAY            0.0           3.1  2002   0.1   -0.1      0.0
  MONTH TO DATE    T                         0.6   -0.6      0.0
  SINCE SEP 1      T                         0.8   -0.8      0.0
  SINCE JUL 1      T                         0.8   -0.8      0.0
  SNOW DEPTH       0

DEGREE DAYS
 HEATING
  TODAY           11                        16     -5        8
  MONTH TO DATE  183                       257    -74      188
  SINCE SEP 1    235                       347   -112      251
  SINCE JUL 1    239                       353   -114      255

 COOLING
  TODAY            0                         0      0        0
  MONTH TO DATE    6                        11     -5        7
  SINCE SEP 1    172                       121     51      145
  SINCE JAN 1   1129                      1074     55     1193
..................................................................


WIND (MPH)
  HIGHEST WIND SPEED    38   HIGHEST WIND DIRECTION    NW (330)
  HIGHEST GUST SPEED    49   HIGHEST GUST DIRECTION     N (340)
  AVERAGE WIND SPEED    20.7


SKY COVER
  AVERAGE SKY COVER 0.2


WEATHER CONDITIONS
 THE FOLLOWING WEATHER WAS RECORDED TODAY.
  NO SIGNIFICANT WEATHER WAS OBSERVED.


RELATIVE HUMIDITY (PERCENT)
 HIGHEST    67           300 AM
 LOWEST     21           300 PM
 AVERAGE    44

..........................................................


THE HASTINGS NE CLIMATE NORMALS FOR TOMORROW
                         NORMAL    RECORD    YEAR
 MAXIMUM TEMPERATURE (F)   61        88      1927
 MINIMUM TEMPERATURE (F)   37        16      1917


SUNRISE AND SUNSET
OCTOBER 23 2017.......SUNRISE   754 AM CDT   SUNSET   642 PM CDT
OCTOBER 24 2017.......SUNRISE   755 AM CDT   SUNSET   640 PM CDT


-  INDICATES NEGATIVE NUMBERS.
R  INDICATES RECORD WAS SET OR TIED.
MM INDICATES DATA IS MISSING.
T  INDICATES TRACE AMOUNT.




$$
