000
CDUS43 KGID 300630
CLIHSI


CLIMATE REPORT
NATIONAL WEATHER SERVICE HASTINGS NE
129 AM CDT FRI SEP 30 2016


...................................

...THE HASTINGS NE CLIMATE SUMMARY FOR SEPTEMBER 29 2016...

CLIMATE NORMAL PERIOD 1981 TO 2010
CLIMATE RECORD PERIOD 1894 TO 2016


WEATHER ITEM   OBSERVED TIME   RECORD YEAR NORMAL DEPARTURE LAST
                VALUE   (LST)  VALUE       VALUE  FROM      YEAR
                                                  NORMAL
..................................................................
TEMPERATURE (F)
 YESTERDAY
  MAXIMUM         69    438 PM  96    1953  72     -3       70
  MINIMUM         39    651 AM  30    1916  48     -9       54
                                      1912
  AVERAGE         54                        60     -6       62

PRECIPITATION (IN)
  YESTERDAY        0.00          1.45 1983   0.07  -0.07     0.07
  MONTH TO DATE    1.80                      2.49  -0.69     1.12
  SINCE SEP 1      1.80                      2.49  -0.69     1.12
  SINCE JAN 1     18.37                     23.15  -4.78    24.17

SNOWFALL (IN)
  YESTERDAY        0.0                       0.0    0.0      0.0
  MONTH TO DATE    0.0                       0.2   -0.2      0.0
  SINCE SEP 1      0.0                       0.2   -0.2      0.0
  SINCE JUL 1      0.0                       0.2   -0.2      0.0
  SNOW DEPTH       0

DEGREE DAYS
 HEATING
  YESTERDAY       11                         6      5        3
  MONTH TO DATE   55                        82    -27       15
  SINCE SEP 1     55                        82    -27       15
  SINCE JUL 1     59                        88    -29       30

 COOLING
  YESTERDAY        0                         2     -2        0
  MONTH TO DATE  138                       109     29      226
  SINCE SEP 1    138                       109     29      226
  SINCE JAN 1   1186                      1062    124     1069
..................................................................


WIND (MPH)
  HIGHEST WIND SPEED    10   HIGHEST WIND DIRECTION    SE (120)
  HIGHEST GUST SPEED    14   HIGHEST GUST DIRECTION     E (90)
  AVERAGE WIND SPEED     3.5


SKY COVER
  AVERAGE SKY COVER 0.0


WEATHER CONDITIONS
 THE FOLLOWING WEATHER WAS RECORDED YESTERDAY.
  HAZE


RELATIVE HUMIDITY (PERCENT)
 HIGHEST    92           500 AM
 LOWEST     42           300 PM
 AVERAGE    67

..........................................................


THE HASTINGS NE CLIMATE NORMALS FOR TODAY
                         NORMAL    RECORD    YEAR
 MAXIMUM TEMPERATURE (F)   72        94      1952
 MINIMUM TEMPERATURE (F)   48        28      1920
                                             1912


SUNRISE AND SUNSET
SEPTEMBER 30 2016.....SUNRISE   730 AM CDT   SUNSET   717 PM CDT
OCTOBER  1 2016.......SUNRISE   731 AM CDT   SUNSET   715 PM CDT


-  INDICATES NEGATIVE NUMBERS.
R  INDICATES RECORD WAS SET OR TIED.
MM INDICATES DATA IS MISSING.
T  INDICATES TRACE AMOUNT.




$$
