000
CDUS43 KGID 290625
CLIHSI


CLIMATE REPORT
NATIONAL WEATHER SERVICE HASTINGS NE
124 AM CDT SAT APR 29 2017


...................................

...THE HASTINGS NE CLIMATE SUMMARY FOR APRIL 28 2017...

CLIMATE NORMAL PERIOD 1981 TO 2010
CLIMATE RECORD PERIOD 1894 TO 2017


WEATHER ITEM   OBSERVED TIME   RECORD YEAR NORMAL DEPARTURE LAST
                VALUE   (LST)  VALUE       VALUE  FROM      YEAR
                                                  NORMAL
..................................................................
TEMPERATURE (F)
 YESTERDAY
  MAXIMUM         47    137 AM  93    1989  67    -20       50
                                      1910
  MINIMUM         38    730 PM  29    1961  43     -5       38
  AVERAGE         43                        55    -12       44

PRECIPITATION (IN)
  YESTERDAY        0.70          1.85 1982   0.14   0.56     0.00
  MONTH TO DATE    1.62                      2.30  -0.68     4.67
  SINCE MAR 1      2.70                      4.09  -1.39     5.21
  SINCE JAN 1      3.80                      4.99  -1.19     7.13

SNOWFALL (IN)
  YESTERDAY        0.0           T    2005   0.0    0.0      0.0
  MONTH TO DATE    0.0                       1.2   -1.2      0.0
  SINCE MAR 1      1.2                       6.4   -5.2      2.1
  SINCE JUL 1     10.3                      28.8  -18.5     32.4
  SNOW DEPTH       0

DEGREE DAYS
 HEATING
  YESTERDAY       22                        10     12       21
  MONTH TO DATE  332                       413    -81      318
  SINCE MAR 1    995                      1190   -195      888
  SINCE JUL 1   4925                      5820   -895     4798

 COOLING
  YESTERDAY        0                         0      0        0
  MONTH TO DATE    8                         0      8        0
  SINCE MAR 1      8                         0      8        0
  SINCE JAN 1      8                         0      8        0
..................................................................


WIND (MPH)
  HIGHEST WIND SPEED    28   HIGHEST WIND DIRECTION     E (70)
  HIGHEST GUST SPEED    34   HIGHEST GUST DIRECTION     E (70)
  AVERAGE WIND SPEED    17.6


SKY COVER
  AVERAGE SKY COVER 1.0


WEATHER CONDITIONS
 THE FOLLOWING WEATHER WAS RECORDED YESTERDAY.
  RAIN
  LIGHT RAIN
  FOG


RELATIVE HUMIDITY (PERCENT)
 HIGHEST    93           300 AM
 LOWEST     85           800 PM
 AVERAGE    89

..........................................................


THE HASTINGS NE CLIMATE NORMALS FOR TODAY
                         NORMAL    RECORD    YEAR
 MAXIMUM TEMPERATURE (F)   67        90      1934
 MINIMUM TEMPERATURE (F)   44        24      1975


SUNRISE AND SUNSET
APRIL 29 2017.........SUNRISE   635 AM CDT   SUNSET   828 PM CDT
APRIL 30 2017.........SUNRISE   633 AM CDT   SUNSET   829 PM CDT


-  INDICATES NEGATIVE NUMBERS.
R  INDICATES RECORD WAS SET OR TIED.
MM INDICATES DATA IS MISSING.
T  INDICATES TRACE AMOUNT.




$$
