000
CDUS43 KGID 260627
CLIHSI


CLIMATE REPORT
NATIONAL WEATHER SERVICE HASTINGS NE
126 AM CDT SUN MAR 26 2017


...................................

...THE HASTINGS NE CLIMATE SUMMARY FOR MARCH 25 2017...

CLIMATE NORMAL PERIOD 1981 TO 2010
CLIMATE RECORD PERIOD 1894 TO 2017


WEATHER ITEM   OBSERVED TIME   RECORD YEAR NORMAL DEPARTURE LAST
                VALUE   (LST)  VALUE       VALUE  FROM      YEAR
                                                  NORMAL
..................................................................
TEMPERATURE (F)
 YESTERDAY
  MAXIMUM         42    536 PM  85    1956  55    -13       54
  MINIMUM         36    901 AM  -1    1965  32      4       27
  AVERAGE         39                        43     -4       41

PRECIPITATION (IN)
  YESTERDAY        T             1.44 1942   0.07  -0.07     0.00
  MONTH TO DATE    0.24                      1.26  -1.02     0.38
  SINCE MAR 1      0.24                      1.26  -1.02     0.38
  SINCE JAN 1      1.34                      2.16  -0.82     2.30

SNOWFALL (IN)
  YESTERDAY        0.0           9.5  1971   0.2   -0.2      0.0
  MONTH TO DATE    1.2                       4.4   -3.2      1.9
  SINCE MAR 1      1.2                       4.4   -3.2      1.9
  SINCE JUL 1     10.3                      26.8  -16.5     32.2
  SNOW DEPTH       0

DEGREE DAYS
 HEATING
  YESTERDAY       26                        22      4       24
  MONTH TO DATE  536                       655   -119      462
  SINCE MAR 1    536                       655   -119      462
  SINCE JUL 1   4466                      5285   -819     4372

 COOLING
  YESTERDAY        0                         0      0        0
  MONTH TO DATE    0                         0      0        0
  SINCE MAR 1      0                         0      0        0
  SINCE JAN 1      0                         0      0        0
..................................................................


WIND (MPH)
  HIGHEST WIND SPEED    23   HIGHEST WIND DIRECTION     N (10)
  HIGHEST GUST SPEED    29   HIGHEST GUST DIRECTION     N (360)
  AVERAGE WIND SPEED    13.2


SKY COVER
  AVERAGE SKY COVER 1.0


WEATHER CONDITIONS
 THE FOLLOWING WEATHER WAS RECORDED YESTERDAY.
  LIGHT RAIN
  FOG


RELATIVE HUMIDITY (PERCENT)
 HIGHEST   100           800 AM
 LOWEST     86           400 PM
 AVERAGE    93

..........................................................


THE HASTINGS NE CLIMATE NORMALS FOR TODAY
                         NORMAL    RECORD    YEAR
 MAXIMUM TEMPERATURE (F)   56        82      2012
 MINIMUM TEMPERATURE (F)   32        -5      1996


SUNRISE AND SUNSET
MARCH 26 2017.........SUNRISE   727 AM CDT   SUNSET   752 PM CDT
MARCH 27 2017.........SUNRISE   725 AM CDT   SUNSET   754 PM CDT


-  INDICATES NEGATIVE NUMBERS.
R  INDICATES RECORD WAS SET OR TIED.
MM INDICATES DATA IS MISSING.
T  INDICATES TRACE AMOUNT.




$$
