000
CDUS44 KHUN 040803
CLIHSV


CLIMATE REPORT
NATIONAL WEATHER SERVICE HUNTSVILLE AL
203 AM CST WED MAR 4 2015


...................................

...THE HUNTSVILLE CLIMATE SUMMARY FOR MARCH 3 2015...

CLIMATE NORMAL PERIOD 1981 TO 2010
CLIMATE RECORD PERIOD 1894 TO 2015


WEATHER ITEM   OBSERVED TIME   RECORD YEAR NORMAL DEPARTURE LAST
                VALUE   (LST)  VALUE       VALUE  FROM      YEAR
                                                  NORMAL
..................................................................
TEMPERATURE (F)
 YESTERDAY
  MAXIMUM         67   1130 PM  78    1983  61      6       42
                                      1951
                                      1918
  MINIMUM         47    203 AM   6    1980  39      8       25
  AVERAGE         57                        50      7       34

PRECIPITATION (IN)
  YESTERDAY        0.26          3.45 1979   0.16   0.10     0.76
  MONTH TO DATE    0.82                      0.50   0.32     0.76
  SINCE MAR 1      0.82                      0.50   0.32     0.76
  SINCE JAN 1      8.56                     10.23  -1.67    10.63

SNOWFALL (IN)
  YESTERDAY        0.0
  MONTH TO DATE    0.0
  SINCE MAR 1      0.0
  SINCE JUL 1      8.8
  SNOW DEPTH       0

DEGREE DAYS
 HEATING
  YESTERDAY        8                        15     -7       31
  MONTH TO DATE   41                        46     -5       50
  SINCE MAR 1     41                        46     -5       50
  SINCE JUL 1   2682                      2498    184     2885

 COOLING
  YESTERDAY        0                         0      0        0
  MONTH TO DATE    0                         0      0        0
  SINCE MAR 1      0                         0      0        0
  SINCE JAN 1      0                         1     -1        1
..................................................................


WIND (MPH)
  HIGHEST WIND SPEED    18   HIGHEST WIND DIRECTION    SW (210)
  HIGHEST GUST SPEED    26   HIGHEST GUST DIRECTION    SW (210)
  AVERAGE WIND SPEED     6.4


SKY COVER
  POSSIBLE SUNSHINE  MM
  AVERAGE SKY COVER 1.0


WEATHER CONDITIONS
 THE FOLLOWING WEATHER WAS RECORDED YESTERDAY.
  HEAVY RAIN
  RAIN
  LIGHT RAIN
  FOG


RELATIVE HUMIDITY (PERCENT)
 HIGHEST    97           800 PM
 LOWEST     86          1200 AM
 AVERAGE    92

..........................................................


THE HUNTSVILLE CLIMATE NORMALS FOR TODAY
                         NORMAL    RECORD    YEAR
 MAXIMUM TEMPERATURE (F)   61        82      1923
 MINIMUM TEMPERATURE (F)   40         7      1943


SUNRISE AND SUNSET
MARCH  4 2015.........SUNRISE   613 AM CST   SUNSET   545 PM CST
MARCH  5 2015.........SUNRISE   611 AM CST   SUNSET   546 PM CST


-  INDICATES NEGATIVE NUMBERS.
R  INDICATES RECORD WAS SET OR TIED.
MM INDICATES DATA IS MISSING.
T  INDICATES TRACE AMOUNT.




$$
