000
CDUS44 KHUN 142221
CLIHSV


CLIMATE REPORT
NATIONAL WEATHER SERVICE HUNTSVILLE AL
421 PM CST SUN FEB 14 2016


...................................

...THE HUNTSVILLE CLIMATE SUMMARY FOR FEBRUARY 14 2016...
VALID TODAY AS OF 0400 PM LOCAL TIME.

CLIMATE NORMAL PERIOD 1981 TO 2010
CLIMATE RECORD PERIOD 1894 TO 2016


WEATHER ITEM   OBSERVED TIME   RECORD YEAR NORMAL DEPARTURE LAST
                VALUE   (LST)  VALUE       VALUE  FROM      YEAR
                                                  NORMAL
..................................................................
TEMPERATURE (F)
 TODAY
  MAXIMUM         48    359 PM  77    1926  56     -8       62
  MINIMUM         23    604 AM   9    1960  35    -12       24
  AVERAGE         36                        45     -9       43

PRECIPITATION (IN)
  TODAY            T             1.49 1922   0.17  -0.17     0.00
  MONTH TO DATE    2.27                      2.35  -0.08     0.55
  SINCE DEC 1     16.52                     13.01   3.51    10.25
  SINCE JAN 1      5.84                      7.24  -1.40     4.52

SNOWFALL (IN)
  TODAY            0.0
  MONTH TO DATE    T
  SINCE DEC 1      0.4
  SINCE JUL 1      0.4
  SNOW DEPTH       0

DEGREE DAYS
 HEATING
  TODAY           29                        20      9       22
  MONTH TO DATE  315                       295     20      296
  SINCE DEC 1   1398                      1678   -280     1576
  SINCE JUL 1   1692                      2205   -513     2192

 COOLING
  TODAY            0                         0      0        0
  MONTH TO DATE    1                         0      1        0
  SINCE DEC 1     24                         2     22        0
  SINCE JAN 1      1                         0      1        0
..................................................................


WIND (MPH)
  HIGHEST WIND SPEED    17   HIGHEST WIND DIRECTION    SE (150)
  HIGHEST GUST SPEED    21   HIGHEST GUST DIRECTION     S (160)
  AVERAGE WIND SPEED     8.9


SKY COVER
  POSSIBLE SUNSHINE  MM
  AVERAGE SKY COVER 0.6


WEATHER CONDITIONS
 THE FOLLOWING WEATHER WAS RECORDED TODAY.
  LIGHT RAIN


RELATIVE HUMIDITY (PERCENT)
 HIGHEST    60           500 AM
 LOWEST     21           300 PM
 AVERAGE    41

..........................................................


THE HUNTSVILLE CLIMATE NORMALS FOR TOMORROW
                         NORMAL    RECORD    YEAR
 MAXIMUM TEMPERATURE (F)   56        79      1989
                                             1945
 MINIMUM TEMPERATURE (F)   36         8      1960
                                             1943


SUNRISE AND SUNSET
FEBRUARY 14 2016......SUNRISE   634 AM CST   SUNSET   529 PM CST
FEBRUARY 15 2016......SUNRISE   633 AM CST   SUNSET   530 PM CST


-  INDICATES NEGATIVE NUMBERS.
R  INDICATES RECORD WAS SET OR TIED.
MM INDICATES DATA IS MISSING.
T  INDICATES TRACE AMOUNT.




$$
