000
CDUS44 KHUN 222125
CLIHSV


CLIMATE REPORT
NATIONAL WEATHER SERVICE HUNTSVILLE AL
423 PM CDT SUN OCT 22 2017


...................................

...THE HUNTSVILLE CLIMATE SUMMARY FOR OCTOBER 22 2017...
VALID TODAY AS OF 0400 PM LOCAL TIME.

CLIMATE NORMAL PERIOD 1981 TO 2010
CLIMATE RECORD PERIOD 1894 TO 2017


WEATHER ITEM   OBSERVED TIME   RECORD YEAR NORMAL DEPARTURE LAST
                VALUE   (LST)  VALUE       VALUE  FROM      YEAR
                                                  NORMAL
..................................................................
TEMPERATURE (F)
 TODAY
  MAXIMUM         79    231 PM  88    1963  73      6       70
  MINIMUM         62    544 AM  27    1952  49     13       42
  AVERAGE         71                        61     10       56

PRECIPITATION (IN)
  TODAY            0.00          2.75 1935   0.12  -0.12     0.00
  MONTH TO DATE    3.32                      2.47   0.85     0.77
  SINCE SEP 1      6.03                      6.19  -0.16     1.24
  SINCE JAN 1     46.24                     42.51   3.73    33.75

SNOWFALL (IN)
  TODAY            0.0
  MONTH TO DATE    0.0
  SINCE SEP 1      0.0
  SINCE JUL 1      0.0
  SNOW DEPTH       0

DEGREE DAYS
 HEATING
  TODAY            0                         6     -6        9
  MONTH TO DATE   26                        77    -51       16
  SINCE SEP 1     37                        90    -53       19
  SINCE JUL 1     37                        90    -53       19

 COOLING
  TODAY            6                         1      5        0
  MONTH TO DATE  116                        61     55      134
  SINCE SEP 1    357                       336     21      579
  SINCE JAN 1   2085                      1931    154     2484
..................................................................


WIND (MPH)
  HIGHEST WIND SPEED    24   HIGHEST WIND DIRECTION    SE (150)
  HIGHEST GUST SPEED    32   HIGHEST GUST DIRECTION     S (160)
  AVERAGE WIND SPEED    14.0


SKY COVER
  POSSIBLE SUNSHINE  MM
  AVERAGE SKY COVER 0.6


WEATHER CONDITIONS
 THE FOLLOWING WEATHER WAS RECORDED TODAY.
  NO SIGNIFICANT WEATHER WAS OBSERVED.


RELATIVE HUMIDITY (PERCENT)
 HIGHEST    87          1200 AM
 LOWEST     62          1100 AM
 AVERAGE    75

..........................................................


THE HUNTSVILLE CLIMATE NORMALS FOR TOMORROW
                         NORMAL    RECORD    YEAR
 MAXIMUM TEMPERATURE (F)   72        89      1927
 MINIMUM TEMPERATURE (F)   49        27      1937


SUNRISE AND SUNSET
OCTOBER 22 2017.......SUNRISE   659 AM CDT   SUNSET   604 PM CDT
OCTOBER 23 2017.......SUNRISE   700 AM CDT   SUNSET   603 PM CDT


-  INDICATES NEGATIVE NUMBERS.
R  INDICATES RECORD WAS SET OR TIED.
MM INDICATES DATA IS MISSING.
T  INDICATES TRACE AMOUNT.




$$
