371
CDUS44 KHUN 220704
CLIHSV


CLIMATE REPORT
NATIONAL WEATHER SERVICE HUNTSVILLE AL
203 AM CDT FRI MAY 22 2015


...................................

...THE HUNTSVILLE CLIMATE SUMMARY FOR MAY 21 2015...

CLIMATE NORMAL PERIOD 1981 TO 2010
CLIMATE RECORD PERIOD 1894 TO 2015


WEATHER ITEM   OBSERVED TIME   RECORD YEAR NORMAL DEPARTURE LAST
                VALUE   (LST)  VALUE       VALUE  FROM      YEAR
                                                  NORMAL
..................................................................
TEMPERATURE (F)
 YESTERDAY
  MAXIMUM         69   1206 AM  96    1941  83    -14       87
                                      1933
  MINIMUM         51   1159 PM  41    1954  61    -10       64
  AVERAGE         60                        72    -12       76

PRECIPITATION (IN)
  YESTERDAY        0.00          2.30 1977   0.15  -0.15     0.00
  MONTH TO DATE    1.73                      3.59  -1.86     2.14
  SINCE MAR 1     14.29                     13.12   1.17    12.94
  SINCE JAN 1     22.03                     22.85  -0.82    22.81

SNOWFALL (IN)
  YESTERDAY        0.0
  MONTH TO DATE    0.0
  SINCE MAR 1      1.0
  SINCE JUL 1      9.8
  SNOW DEPTH       0

DEGREE DAYS
 HEATING
  YESTERDAY        5                         0      5        0
  MONTH TO DATE   13                        25    -12       38
  SINCE MAR 1    388                       547   -159      628
  SINCE JUL 1   3029                      2999     30     3463

 COOLING
  YESTERDAY        0                         7     -7       11
  MONTH TO DATE  169                       107     62      110
  SINCE MAR 1    232                       178     54      152
  SINCE JAN 1    232                       179     53      153
..................................................................


WIND (MPH)
  HIGHEST WIND SPEED    18   HIGHEST WIND DIRECTION     N (10)
  HIGHEST GUST SPEED    25   HIGHEST GUST DIRECTION     N (10)
  AVERAGE WIND SPEED     9.6


SKY COVER
  POSSIBLE SUNSHINE  MM
  AVERAGE SKY COVER 0.8


WEATHER CONDITIONS
 THE FOLLOWING WEATHER WAS RECORDED YESTERDAY.
  NO SIGNIFICANT WEATHER WAS OBSERVED.


RELATIVE HUMIDITY (PERCENT)
 HIGHEST    87          1200 AM
 LOWEST     65           300 PM
 AVERAGE    76

..........................................................


THE HUNTSVILLE CLIMATE NORMALS FOR TODAY
                         NORMAL    RECORD    YEAR
 MAXIMUM TEMPERATURE (F)   83        95      1941
 MINIMUM TEMPERATURE (F)   61        43      1993


SUNRISE AND SUNSET
MAY 22 2015...........SUNRISE   540 AM CDT   SUNSET   748 PM CDT
MAY 23 2015...........SUNRISE   539 AM CDT   SUNSET   749 PM CDT


-  INDICATES NEGATIVE NUMBERS.
R  INDICATES RECORD WAS SET OR TIED.
MM INDICATES DATA IS MISSING.
T  INDICATES TRACE AMOUNT.




$$
