000
CDUS44 KHUN 060714
CLIHSV


CLIMATE REPORT
NATIONAL WEATHER SERVICE HUNTSVILLE AL
213 AM CDT FRI MAY 6 2016


...................................

...THE HUNTSVILLE CLIMATE SUMMARY FOR MAY 5 2016...

CLIMATE NORMAL PERIOD 1981 TO 2010
CLIMATE RECORD PERIOD 1894 TO 2016


WEATHER ITEM   OBSERVED TIME   RECORD YEAR NORMAL DEPARTURE LAST
                VALUE   (LST)  VALUE       VALUE  FROM      YEAR
                                                  NORMAL
..................................................................
TEMPERATURE (F)
 YESTERDAY
  MAXIMUM         71    142 PM  94    1959  79     -8       86
  MINIMUM         46    522 AM  36    1957  56    -10       58
                                      1945
  AVERAGE         59                        67     -8       72

PRECIPITATION (IN)
  YESTERDAY        0.00          2.68 1999   0.18  -0.18     0.00
  MONTH TO DATE    0.49                      0.88  -0.39     0.00
  SINCE MAR 1      7.22                     10.41  -3.19    12.56
  SINCE JAN 1     17.17                     20.14  -2.97    20.30

SNOWFALL (IN)
  YESTERDAY        0.0
  MONTH TO DATE    0.0
  SINCE MAR 1      T
  SINCE JUL 1      0.4
  SNOW DEPTH       0

DEGREE DAYS
 HEATING
  YESTERDAY        6                         2      4        0
  MONTH TO DATE    9                        10     -1        8
  SINCE MAR 1    346                       532   -186      383
  SINCE JUL 1   2242                      2984   -742     3024

 COOLING
  YESTERDAY        0                         4     -4        7
  MONTH TO DATE    9                        18     -9       14
  SINCE MAR 1     99                        89     10       77
  SINCE JAN 1    100                        90     10       77
..................................................................


WIND (MPH)
  HIGHEST WIND SPEED    25   HIGHEST WIND DIRECTION    NW (330)
  HIGHEST GUST SPEED    33   HIGHEST GUST DIRECTION     N (340)
  AVERAGE WIND SPEED    10.8


SKY COVER
  POSSIBLE SUNSHINE  MM
  AVERAGE SKY COVER 0.2


WEATHER CONDITIONS
 THE FOLLOWING WEATHER WAS RECORDED YESTERDAY.
  NO SIGNIFICANT WEATHER WAS OBSERVED.


RELATIVE HUMIDITY (PERCENT)
 HIGHEST    86           200 AM
 LOWEST     28           100 PM
 AVERAGE    57

..........................................................


THE HUNTSVILLE CLIMATE NORMALS FOR TODAY
                         NORMAL    RECORD    YEAR
 MAXIMUM TEMPERATURE (F)   79        95      1952
 MINIMUM TEMPERATURE (F)   56        37      1944


SUNRISE AND SUNSET
MAY  6 2016...........SUNRISE   551 AM CDT   SUNSET   736 PM CDT
MAY  7 2016...........SUNRISE   550 AM CDT   SUNSET   737 PM CDT


-  INDICATES NEGATIVE NUMBERS.
R  INDICATES RECORD WAS SET OR TIED.
MM INDICATES DATA IS MISSING.
T  INDICATES TRACE AMOUNT.




$$
