000
CDUS44 KHUN 282122
CLIHSV


CLIMATE REPORT
NATIONAL WEATHER SERVICE HUNTSVILLE AL
422 PM CDT FRI APR 28 2017


...................................

...THE HUNTSVILLE CLIMATE SUMMARY FOR APRIL 28 2017...
VALID TODAY AS OF 0400 PM LOCAL TIME.

CLIMATE NORMAL PERIOD 1981 TO 2010
CLIMATE RECORD PERIOD 1894 TO 2017


WEATHER ITEM   OBSERVED TIME   RECORD YEAR NORMAL DEPARTURE LAST
                VALUE   (LST)  VALUE       VALUE  FROM      YEAR
                                                  NORMAL
..................................................................
TEMPERATURE (F)
 TODAY
  MAXIMUM         86    259 PM  90    1989  77      9       87
  MINIMUM         57    353 AM  34    1928  54      3       62
  AVERAGE         72                        65      7       75

PRECIPITATION (IN)
  TODAY            0.00          3.50 1963   0.16  -0.16     0.00
  MONTH TO DATE    3.64                      4.03  -0.39     1.82
  SINCE MAR 1      7.55                      9.24  -1.69     6.31
  SINCE JAN 1     16.42                     18.97  -2.55    16.26

SNOWFALL (IN)
  TODAY            0.0
  MONTH TO DATE    0.0
  SINCE MAR 1      T
  SINCE JUL 1      T
  SNOW DEPTH       0

DEGREE DAYS
 HEATING
  TODAY            0                         3     -3        0
  MONTH TO DATE   53                       150    -97      104
  SINCE MAR 1    365                       518   -153      337
  SINCE JUL 1   1932                      2970  -1038     2233

 COOLING
  TODAY            7                         3      4       10
  MONTH TO DATE  127                        52     75       53
  SINCE MAR 1    152                        65     87       77
  SINCE JAN 1    157                        66     91       78
..................................................................


WIND (MPH)
  HIGHEST WIND SPEED    23   HIGHEST WIND DIRECTION     S (190)
  HIGHEST GUST SPEED    30   HIGHEST GUST DIRECTION     S (180)
  AVERAGE WIND SPEED     8.3


SKY COVER
  POSSIBLE SUNSHINE  MM
  AVERAGE SKY COVER 0.5


WEATHER CONDITIONS
 THE FOLLOWING WEATHER WAS RECORDED TODAY.
  NO SIGNIFICANT WEATHER WAS OBSERVED.


RELATIVE HUMIDITY (PERCENT)
 HIGHEST   100           400 AM
 LOWEST     59           300 PM
 AVERAGE    80

..........................................................


THE HUNTSVILLE CLIMATE NORMALS FOR TOMORROW
                         NORMAL    RECORD    YEAR
 MAXIMUM TEMPERATURE (F)   77        92      1915
 MINIMUM TEMPERATURE (F)   54        35      1928


SUNRISE AND SUNSET
APRIL 28 2017.........SUNRISE   600 AM CDT   SUNSET   730 PM CDT
APRIL 29 2017.........SUNRISE   559 AM CDT   SUNSET   731 PM CDT


-  INDICATES NEGATIVE NUMBERS.
R  INDICATES RECORD WAS SET OR TIED.
MM INDICATES DATA IS MISSING.
T  INDICATES TRACE AMOUNT.




$$
