000
CDUS43 KAPX 230529
CLIHTL


CLIMATE REPORT
NATIONAL WEATHER SERVICE GAYLORD MI
129 AM EDT MON OCT 23 2017


...................................

...THE HOUGHTON LAKE MI CLIMATE SUMMARY FOR OCTOBER 22 2017...

CLIMATE NORMAL PERIOD 1981 TO 2010
CLIMATE RECORD PERIOD 1913 TO 2017


WEATHER ITEM   OBSERVED TIME   RECORD YEAR NORMAL DEPARTURE LAST
                VALUE   (LST)  VALUE       VALUE  FROM      YEAR
                                                  NORMAL
..................................................................
TEMPERATURE (F)
 YESTERDAY
  MAXIMUM         76    227 PM  81    1947  53     23       52
  MINIMUM         52   1159 PM  14    1930  34     18       34
                                      1924
  AVERAGE         64                        44     20       43

PRECIPITATION (IN)
  YESTERDAY        0.38          1.05 1972   0.08   0.30     0.00
  MONTH TO DATE    2.21                      1.85   0.36     2.20
  SINCE SEP 1      2.94                      4.95  -2.01     5.13
  SINCE JAN 1     28.55                     24.07   4.48    28.74

SNOWFALL (IN)
  YESTERDAY        0.0           1.0  1987   0.0    0.0      0.0
                                      1913
  MONTH TO DATE    0.0                       0.2   -0.2      0.0
  SINCE OCT 1      0.0                       0.2   -0.2      0.0
  SINCE JUL 1      0.0                       0.2   -0.2      0.0
  SNOW DEPTH       0

DEGREE DAYS
 HEATING
  YESTERDAY        1                        21    -20       22
  MONTH TO DATE  191                       390   -199      245
  SINCE SEP 1    363                       644   -281      369
  SINCE JUL 1    453                       771   -318      402

 COOLING
  YESTERDAY        0                         0      0        0
  MONTH TO DATE    4                         0      4        2
  SINCE SEP 1     76                        20     56       50
  SINCE JAN 1    320                       285     35      459
..................................................................


WIND (MPH)
  HIGHEST WIND SPEED    21   HIGHEST WIND DIRECTION    SW (210)
  HIGHEST GUST SPEED    28   HIGHEST GUST DIRECTION     S (180)
  AVERAGE WIND SPEED    10.2




RELATIVE HUMIDITY (PERCENT)
 HIGHEST   100
 LOWEST     46
 AVERAGE    73

..........................................................


THE HOUGHTON LAKE MI CLIMATE NORMALS FOR TODAY
                         NORMAL    RECORD    YEAR
 MAXIMUM TEMPERATURE (F)   53        81      1963
 MINIMUM TEMPERATURE (F)   34        16      1969


SUNRISE AND SUNSET
OCTOBER 23 2017.......SUNRISE   804 AM EDT   SUNSET   641 PM EDT
OCTOBER 24 2017.......SUNRISE   806 AM EDT   SUNSET   639 PM EDT


-  INDICATES NEGATIVE NUMBERS.
R  INDICATES RECORD WAS SET OR TIED.
MM INDICATES DATA IS MISSING.
T  INDICATES TRACE AMOUNT.




$$
