000
CDUS43 KAPX 230553
CLIHTL


CLIMATE REPORT
NATIONAL WEATHER SERVICE GAYLORD MI
1252 AM EST THU FEB 23 2017


...................................

...THE HOUGHTON LAKE MI CLIMATE SUMMARY FOR FEBRUARY 22 2017...

CLIMATE NORMAL PERIOD 1981 TO 2010
CLIMATE RECORD PERIOD 1913 TO 2017


WEATHER ITEM   OBSERVED TIME   RECORD YEAR NORMAL DEPARTURE LAST
                VALUE   (LST)  VALUE       VALUE  FROM      YEAR
                                                  NORMAL
..................................................................
TEMPERATURE (F)
 YESTERDAY
  MAXIMUM         58        MM  64    1930  31     27       30
  MINIMUM         30        MM -22    1936  12     18       21
  AVERAGE         44                        22     22       26

PRECIPITATION (IN)
  YESTERDAY        0.00          0.60 1922   0.05  -0.05     0.01
  MONTH TO DATE    0.81                      0.90  -0.09     1.07
  SINCE DEC 1      6.00                      4.06   1.94     6.40
  SINCE JAN 1      3.78                      2.41   1.37     2.83

SNOWFALL (IN)
  YESTERDAY        0.0           6.7  1974   0.4   -0.4       T
  MONTH TO DATE    2.3                      10.0   -7.7      6.5
  SINCE OCT 1     64.7                      52.1   12.6     29.4
  SINCE JUL 1     64.7                      52.1   12.6     29.4
  SNOW DEPTH       T

DEGREE DAYS
 HEATING
  YESTERDAY       21                        44    -23       39
  MONTH TO DATE  835                      1006   -171      940
  SINCE DEC 1   3337                      3735   -398     3180
  SINCE JUL 1   4657                      5618   -961     4659
..................................................................


WIND (MPH)
  HIGHEST WIND SPEED    12   HIGHEST WIND DIRECTION     S (200)
  HIGHEST GUST SPEED    MM   HIGHEST GUST DIRECTION    MM
  AVERAGE WIND SPEED     5.4




RELATIVE HUMIDITY (PERCENT)
 HIGHEST   100
 LOWEST     77
 AVERAGE    89

..........................................................


THE HOUGHTON LAKE MI CLIMATE NORMALS FOR TODAY
                         NORMAL    RECORD    YEAR
 MAXIMUM TEMPERATURE (F)   32        59      1984
 MINIMUM TEMPERATURE (F)   12       -23      2015


SUNRISE AND SUNSET
FEBRUARY 23 2017......SUNRISE   726 AM EST   SUNSET   619 PM EST
FEBRUARY 24 2017......SUNRISE   724 AM EST   SUNSET   620 PM EST


-  INDICATES NEGATIVE NUMBERS.
R  INDICATES RECORD WAS SET OR TIED.
MM INDICATES DATA IS MISSING.
T  INDICATES TRACE AMOUNT.




$$
