000
CDUS43 KAPX 210527
CLIHTL


CLIMATE REPORT
NATIONAL WEATHER SERVICE GAYLORD MI
126 AM EDT SUN SEP 21 2014


...................................

...THE HOUGHTON LAKE MI CLIMATE SUMMARY FOR SEPTEMBER 20 2014...

CLIMATE NORMAL PERIOD 1981 TO 2010
CLIMATE RECORD PERIOD 1913 TO 2014


WEATHER ITEM   OBSERVED TIME   RECORD YEAR NORMAL DEPARTURE LAST
                VALUE   (LST)  VALUE       VALUE  FROM      YEAR
                                                  NORMAL
..................................................................
TEMPERATURE (F)
 YESTERDAY
  MAXIMUM         73    244 PM  86    1998  67      6       71
                                      1940
                                      1931
  MINIMUM         56    454 AM  25    1937  44     12       61
                                      1929
  AVERAGE         65                        56      9       66

PRECIPITATION (IN)
  YESTERDAY        0.17          1.35 2002   0.10   0.07     0.34
  MONTH TO DATE    2.80                      2.05   0.75     1.17
  SINCE SEP 1      2.80                      2.05   0.75     1.17
  SINCE JAN 1     22.68                     21.17   1.51    21.27

DEGREE DAYS
 HEATING
  YESTERDAY        0                        10    -10        0
  MONTH TO DATE  164                       136     28      129
  SINCE SEP 1    164                       136     28      129
  SINCE JUL 1    320                       263     57      254

 COOLING
  YESTERDAY        0                         0      0        1
  MONTH TO DATE   15                        18     -3       35
  SINCE SEP 1     15                        18     -3       35
  SINCE JAN 1    210                       283    -73      381
..................................................................


WIND (MPH)
  HIGHEST WIND SPEED    17   HIGHEST WIND DIRECTION    SW (240)
  HIGHEST GUST SPEED    25   HIGHEST GUST DIRECTION     W (250)
  AVERAGE WIND SPEED     8.7




RELATIVE HUMIDITY (PERCENT)
 HIGHEST   100
 LOWEST     72
 AVERAGE    86

..........................................................


THE HOUGHTON LAKE MI CLIMATE NORMALS FOR TODAY
                         NORMAL    RECORD    YEAR
 MAXIMUM TEMPERATURE (F)   67        88      1931
 MINIMUM TEMPERATURE (F)   44        30      1991
                                             1973
                                             1942


SUNRISE AND SUNSET
SEPTEMBER 21 2014.....SUNRISE   725 AM EDT   SUNSET   738 PM EDT
SEPTEMBER 22 2014.....SUNRISE   726 AM EDT   SUNSET   736 PM EDT


-  INDICATES NEGATIVE NUMBERS.
R  INDICATES RECORD WAS SET OR TIED.
MM INDICATES DATA IS MISSING.
T  INDICATES TRACE AMOUNT.




$$
