000
CDUS43 KAPX 290527
CLIHTL


CLIMATE REPORT
NATIONAL WEATHER SERVICE GAYLORD MI
126 AM EDT FRI JUL 29 2016


...................................

...THE HOUGHTON LAKE MI CLIMATE SUMMARY FOR JULY 28 2016...

CLIMATE NORMAL PERIOD 1981 TO 2010
CLIMATE RECORD PERIOD 1913 TO 2016


WEATHER ITEM   OBSERVED TIME   RECORD YEAR NORMAL DEPARTURE LAST
                VALUE   (LST)  VALUE       VALUE  FROM      YEAR
                                                  NORMAL
..................................................................
TEMPERATURE (F)
 YESTERDAY
  MAXIMUM         81    352 PM  98    1931  79      2       90
  MINIMUM         62    904 AM  40    1978  55      7       57
                                      1943
                                      1925
  AVERAGE         72                        67      5       74

PRECIPITATION (IN)
  YESTERDAY        T             0.69 2002   0.09  -0.09     0.00
  MONTH TO DATE    2.81                      2.46   0.35     1.39
  SINCE JUN 1      5.57                      5.56   0.01     4.55
  SINCE JAN 1     19.64                     15.42   4.22    13.17

DEGREE DAYS
 HEATING
  YESTERDAY        0                         1     -1        0
  MONTH TO DATE   27                        40    -13       48
  SINCE JUN 1    132                       164    -32      165
  SINCE JUL 1     27                        40    -13       48

 COOLING
  YESTERDAY        7                         3      4        9
  MONTH TO DATE  160                       107     53       91
  SINCE JUN 1    204                       166     38      111
  SINCE JAN 1    233                       182     51      136
..................................................................


WIND (MPH)
  HIGHEST WIND SPEED    10   HIGHEST WIND DIRECTION     E (70)
  HIGHEST GUST SPEED    15   HIGHEST GUST DIRECTION    NE (30)
  AVERAGE WIND SPEED     5.4




RELATIVE HUMIDITY (PERCENT)
 HIGHEST    93
 LOWEST     54
 AVERAGE    74

..........................................................


THE HOUGHTON LAKE MI CLIMATE NORMALS FOR TODAY
                         NORMAL    RECORD    YEAR
 MAXIMUM TEMPERATURE (F)   79        98      1941
 MINIMUM TEMPERATURE (F)   55        33      1928
                                             1925


SUNRISE AND SUNSET
JULY 29 2016..........SUNRISE   623 AM EDT   SUNSET   907 PM EDT
JULY 30 2016..........SUNRISE   624 AM EDT   SUNSET   905 PM EDT


-  INDICATES NEGATIVE NUMBERS.
R  INDICATES RECORD WAS SET OR TIED.
MM INDICATES DATA IS MISSING.
T  INDICATES TRACE AMOUNT.




$$
