000
CDUS43 KAPX 300537
CLIHTL


CLIMATE REPORT
NATIONAL WEATHER SERVICE GAYLORD MI
137 AM EDT SAT MAY 30 2015


...................................

...THE HOUGHTON LAKE MI CLIMATE SUMMARY FOR MAY 29 2015...

CLIMATE NORMAL PERIOD 1981 TO 2010
CLIMATE RECORD PERIOD 1913 TO 2015


WEATHER ITEM   OBSERVED TIME   RECORD YEAR NORMAL DEPARTURE LAST
                VALUE   (LST)  VALUE       VALUE  FROM      YEAR
                                                  NORMAL
..................................................................
TEMPERATURE (F)
 YESTERDAY
  MAXIMUM         82    202 PM  94    1929  70     12       76
  MINIMUM         57    510 AM  27    1949  45     12       44
  AVERAGE         70                        58     12       60

PRECIPITATION (IN)
  YESTERDAY        0.10          1.13 1983   0.10   0.00     0.00
  MONTH TO DATE    3.55                      2.62   0.93     2.87
  SINCE MAR 1      6.28                      6.94  -0.66     9.68
  SINCE JAN 1      8.09                      9.66  -1.57    12.48

DEGREE DAYS
 HEATING
  YESTERDAY        0                         8     -8        5
  MONTH TO DATE  235                       342   -107      324
  SINCE MAR 1   2089                      2131    -42     2446
  SINCE JUL 1   8456                      8003    453     8894

 COOLING
  YESTERDAY        5                         1      4        0
  MONTH TO DATE   25                        10     15       12
  SINCE MAR 1     25                        12     13       12
  SINCE JAN 1     25                        12     13       12
..................................................................


WIND (MPH)
  HIGHEST WIND SPEED    20   HIGHEST WIND DIRECTION     W (250)
  HIGHEST GUST SPEED    29   HIGHEST GUST DIRECTION     W (250)
  AVERAGE WIND SPEED     6.9




RELATIVE HUMIDITY (PERCENT)
 HIGHEST    93
 LOWEST     51
 AVERAGE    72

..........................................................


THE HOUGHTON LAKE MI CLIMATE NORMALS FOR TODAY
                         NORMAL    RECORD    YEAR
 MAXIMUM TEMPERATURE (F)   71        92      1937
 MINIMUM TEMPERATURE (F)   46        28      1947
                                             1945


SUNRISE AND SUNSET
MAY 30 2015...........SUNRISE   559 AM EDT   SUNSET   914 PM EDT
MAY 31 2015...........SUNRISE   558 AM EDT   SUNSET   915 PM EDT


-  INDICATES NEGATIVE NUMBERS.
R  INDICATES RECORD WAS SET OR TIED.
MM INDICATES DATA IS MISSING.
T  INDICATES TRACE AMOUNT.




$$
