000
CDUS43 KAPX 220530
CLIHTL


CLIMATE REPORT
NATIONAL WEATHER SERVICE GAYLORD MI
130 AM EDT FRI AUG 22 2014


...................................

...THE HOUGHTON LAKE MI CLIMATE SUMMARY FOR AUGUST 21 2014...

CLIMATE NORMAL PERIOD 1981 TO 2010
CLIMATE RECORD PERIOD 1913 TO 2014


WEATHER ITEM   OBSERVED TIME   RECORD YEAR NORMAL DEPARTURE LAST
                VALUE   (LST)  VALUE       VALUE  FROM      YEAR
                                                  NORMAL
..................................................................
TEMPERATURE (F)
 YESTERDAY
  MAXIMUM         79    353 PM  96    1955  77      2       88
  MINIMUM         60    420 AM  30    1934  52      8       67
  AVERAGE         70                        64      6       78

PRECIPITATION (IN)
  YESTERDAY        0.00          1.39 2003   0.11  -0.11      T
  MONTH TO DATE    1.72                      2.37  -0.65     0.59
  SINCE JUN 1      7.01                      8.23  -1.22     3.02
  SINCE JAN 1     19.49                     18.09   1.40    18.96

DEGREE DAYS
 HEATING
  YESTERDAY        0                         3     -3        0
  MONTH TO DATE   33                        46    -13       75
  SINCE JUN 1    211                       217     -6      222
  SINCE JUL 1    137                        93     44      120

 COOLING
  YESTERDAY        5                         2      3       13
  MONTH TO DATE   26                        58    -32       32
  SINCE JUN 1    146                       229    -83      257
  SINCE JAN 1    161                       245    -84      297
..................................................................


WIND (MPH)
  HIGHEST WIND SPEED     8   HIGHEST WIND DIRECTION    SW (240)
  HIGHEST GUST SPEED    11   HIGHEST GUST DIRECTION    NW (330)
  AVERAGE WIND SPEED     3.9




RELATIVE HUMIDITY (PERCENT)
 HIGHEST    97
 LOWEST     54
 AVERAGE    76

..........................................................


THE HOUGHTON LAKE MI CLIMATE NORMALS FOR TODAY
                         NORMAL    RECORD    YEAR
 MAXIMUM TEMPERATURE (F)   76        96      1955
 MINIMUM TEMPERATURE (F)   52        29      1923


SUNRISE AND SUNSET
AUGUST 22 2014........SUNRISE   650 AM EDT   SUNSET   832 PM EDT
AUGUST 23 2014........SUNRISE   651 AM EDT   SUNSET   831 PM EDT


-  INDICATES NEGATIVE NUMBERS.
R  INDICATES RECORD WAS SET OR TIED.
MM INDICATES DATA IS MISSING.
T  INDICATES TRACE AMOUNT.




$$
