000
CDUS43 KAPX 250527
CLIHTL


CLIMATE REPORT
NATIONAL WEATHER SERVICE GAYLORD MI
126 AM EDT SUN JUN 25 2017


...................................

...THE HOUGHTON LAKE MI CLIMATE SUMMARY FOR JUNE 24 2017...

CLIMATE NORMAL PERIOD 1981 TO 2010
CLIMATE RECORD PERIOD 1913 TO 2017


WEATHER ITEM   OBSERVED TIME   RECORD YEAR NORMAL DEPARTURE LAST
                VALUE   (LST)  VALUE       VALUE  FROM      YEAR
                                                  NORMAL
..................................................................
TEMPERATURE (F)
 YESTERDAY
  MAXIMUM         72   1128 AM  93    2009  78     -6       82
                                      1923
                                      1921
  MINIMUM         52   1138 PM  34    1932  52      0       46
  AVERAGE         62                        65     -3       64

PRECIPITATION (IN)
  YESTERDAY        0.27          0.82 1994   0.10   0.17     0.00
  MONTH TO DATE    4.46                      2.51   1.95     2.39
  SINCE JUN 1      4.46                      2.51   1.95     2.39
  SINCE JAN 1     20.37                     12.37   8.00    16.46

DEGREE DAYS
 HEATING
  YESTERDAY        3                         3      0        1
  MONTH TO DATE   42                       111    -69       92
  SINCE JUN 1     42                       111    -69       92
  SINCE JUL 1   6874                      8130  -1256     6996

 COOLING
  YESTERDAY        0                         3     -3        0
  MONTH TO DATE   73                        41     32       29
  SINCE JUN 1     73                        41     32       29
  SINCE JAN 1     87                        57     30       58
..................................................................


WIND (MPH)
  HIGHEST WIND SPEED    17   HIGHEST WIND DIRECTION    NW (310)
  HIGHEST GUST SPEED    21   HIGHEST GUST DIRECTION    NW (320)
  AVERAGE WIND SPEED     6.3




RELATIVE HUMIDITY (PERCENT)
 HIGHEST    93
 LOWEST     53
 AVERAGE    73

..........................................................


THE HOUGHTON LAKE MI CLIMATE NORMALS FOR TODAY
                         NORMAL    RECORD    YEAR
 MAXIMUM TEMPERATURE (F)   78        96      1931
 MINIMUM TEMPERATURE (F)   53        36      1979


SUNRISE AND SUNSET
JUNE 25 2017..........SUNRISE   556 AM EDT   SUNSET   927 PM EDT
JUNE 26 2017..........SUNRISE   556 AM EDT   SUNSET   927 PM EDT


-  INDICATES NEGATIVE NUMBERS.
R  INDICATES RECORD WAS SET OR TIED.
MM INDICATES DATA IS MISSING.
T  INDICATES TRACE AMOUNT.




$$
