000
CDUS43 KAPX 310530
CLIHTL


CLIMATE REPORT
NATIONAL WEATHER SERVICE GAYLORD MI
129 AM EDT WED AUG 31 2016


...................................

...THE HOUGHTON LAKE MI CLIMATE SUMMARY FOR AUGUST 30 2016...

CLIMATE NORMAL PERIOD 1981 TO 2010
CLIMATE RECORD PERIOD 1913 TO 2016


WEATHER ITEM   OBSERVED TIME   RECORD YEAR NORMAL DEPARTURE LAST
                VALUE   (LST)  VALUE       VALUE  FROM      YEAR
                                                  NORMAL
..................................................................
TEMPERATURE (F)
 YESTERDAY
  MAXIMUM         86    123 PM  97    1925  75     11       78
  MINIMUM         60    546 AM  29    1931  50     10       52
  AVERAGE         73                        63     10       65

PRECIPITATION (IN)
  YESTERDAY        0.50          1.12 1955   0.10   0.40     0.00
  MONTH TO DATE    3.76                      3.29   0.47     3.27
  SINCE JUN 1      9.54                      9.15   0.39     7.89
  SINCE JAN 1     23.61                     19.01   4.60    16.51

DEGREE DAYS
 HEATING
  YESTERDAY        0                         4     -4        0
  MONTH TO DATE    6                        76    -70       42
  SINCE JUN 1    138                       247   -109      207
  SINCE JUL 1     33                       123    -90       90

 COOLING
  YESTERDAY        8                         2      6        0
  MONTH TO DATE  168                        76     92       90
  SINCE JUN 1    378                       247    131      226
  SINCE JAN 1    407                       263    144      251
..................................................................


WIND (MPH)
  HIGHEST WIND SPEED    28   HIGHEST WIND DIRECTION     W (270)
  HIGHEST GUST SPEED    33   HIGHEST GUST DIRECTION     W (280)
  AVERAGE WIND SPEED     6.0




RELATIVE HUMIDITY (PERCENT)
 HIGHEST   100
 LOWEST     58
 AVERAGE    79

..........................................................


THE HOUGHTON LAKE MI CLIMATE NORMALS FOR TODAY
                         NORMAL    RECORD    YEAR
 MAXIMUM TEMPERATURE (F)   75        94      1932
 MINIMUM TEMPERATURE (F)   50        30      1931


SUNRISE AND SUNSET
AUGUST 31 2016........SUNRISE   701 AM EDT   SUNSET   816 PM EDT
SEPTEMBER  1 2016.....SUNRISE   702 AM EDT   SUNSET   814 PM EDT


-  INDICATES NEGATIVE NUMBERS.
R  INDICATES RECORD WAS SET OR TIED.
MM INDICATES DATA IS MISSING.
T  INDICATES TRACE AMOUNT.




$$
