000
CDUS43 KAPX 220534
CLIHTL


CLIMATE REPORT
NATIONAL WEATHER SERVICE GAYLORD MI
134 AM EDT TUE JUL 22 2014


...................................

...THE HOUGHTON LAKE MI CLIMATE SUMMARY FOR JULY 21 2014...

CLIMATE NORMAL PERIOD 1981 TO 2010
CLIMATE RECORD PERIOD 1913 TO 2014


WEATHER ITEM   OBSERVED TIME   RECORD YEAR NORMAL DEPARTURE LAST
                VALUE   (LST)  VALUE       VALUE  FROM      YEAR
                                                  NORMAL
..................................................................
TEMPERATURE (F)
 YESTERDAY
  MAXIMUM         83    431 PM  99    1926  80      3       76
  MINIMUM         52    545 AM  37    1944  55     -3       41
                                      1936
  AVERAGE         68                        67      1       59

PRECIPITATION (IN)
  YESTERDAY        0.00          1.81 1991   0.10  -0.10     0.00
  MONTH TO DATE    1.91                      1.79   0.12     0.61
  SINCE JUN 1      4.53                      4.89  -0.36     1.90
  SINCE JAN 1     17.01                     14.75   2.26    17.84

DEGREE DAYS
 HEATING
  YESTERDAY        0                         1     -1        6
  MONTH TO DATE   65                        33     32       12
  SINCE JUN 1    139                       157    -18      114
  SINCE JUL 1     65                        33     32       12

 COOLING
  YESTERDAY        3                         4     -1        0
  MONTH TO DATE   29                        81    -52      139
  SINCE JUN 1    102                       140    -38      218
  SINCE JAN 1    117                       156    -39      258
..................................................................


WIND (MPH)
  HIGHEST WIND SPEED    13   HIGHEST WIND DIRECTION    SW (210)
  HIGHEST GUST SPEED    19   HIGHEST GUST DIRECTION    SW (230)
  AVERAGE WIND SPEED     6.0




RELATIVE HUMIDITY (PERCENT)
 HIGHEST   100
 LOWEST     51
 AVERAGE    76

..........................................................


THE HOUGHTON LAKE MI CLIMATE NORMALS FOR TODAY
                         NORMAL    RECORD    YEAR
 MAXIMUM TEMPERATURE (F)   80        95      1935
 MINIMUM TEMPERATURE (F)   55        43      1938
                                             1920


SUNRISE AND SUNSET
JULY 22 2014..........SUNRISE   615 AM EDT   SUNSET   915 PM EDT
JULY 23 2014..........SUNRISE   616 AM EDT   SUNSET   914 PM EDT


-  INDICATES NEGATIVE NUMBERS.
R  INDICATES RECORD WAS SET OR TIED.
MM INDICATES DATA IS MISSING.
T  INDICATES TRACE AMOUNT.




$$
