000
CDUS43 KAPX 210534
CLIHTL


CLIMATE REPORT
NATIONAL WEATHER SERVICE GAYLORD MI
1232 AM EST SUN JAN 21 2018


...................................

...THE HOUGHTON LAKE MI CLIMATE SUMMARY FOR JANUARY 20 2018...

CLIMATE NORMAL PERIOD 1981 TO 2010
CLIMATE RECORD PERIOD 1913 TO 2018


WEATHER ITEM   OBSERVED TIME   RECORD YEAR NORMAL DEPARTURE LAST
                VALUE   (LST)  VALUE       VALUE  FROM      YEAR
                                                  NORMAL
..................................................................
TEMPERATURE (F)
 YESTERDAY
  MAXIMUM         42    438 PM  47    1921  26     16       36
  MINIMUM         30   1145 PM -17    1924   9     21       31
  AVERAGE         36                        18     18       34

PRECIPITATION (IN)
  YESTERDAY        0.00          0.66 1974   0.05  -0.05      T
  MONTH TO DATE    0.84                      1.04  -0.20     1.87
  SINCE DEC 1      2.32                      2.69  -0.37     4.09
  SINCE JAN 1      0.84                      1.04  -0.20     1.87

SNOWFALL (IN)
  YESTERDAY        0.0           5.7  2006   0.5   -0.5      0.0
  MONTH TO DATE    2.6                      11.0   -8.4     10.3
  SINCE OCT 1     22.6                      36.0  -13.4     52.5
  SINCE JUL 1     22.6                      36.0  -13.4     52.5
  SNOW DEPTH       2

DEGREE DAYS
 HEATING
  YESTERDAY       29                        47    -18       31
  MONTH TO DATE  977                       931     46      862
  SINCE DEC 1   2375                      2205    170     2104
  SINCE JUL 1   3976                      4088   -112     3424
..................................................................


WIND (MPH)
  HIGHEST WIND SPEED    17   HIGHEST WIND DIRECTION     W (250)
  HIGHEST GUST SPEED    26   HIGHEST GUST DIRECTION     W (260)
  AVERAGE WIND SPEED     5.5




RELATIVE HUMIDITY (PERCENT)
 HIGHEST    92
 LOWEST     62
 AVERAGE    77

..........................................................


THE HOUGHTON LAKE MI CLIMATE NORMALS FOR TODAY
                         NORMAL    RECORD    YEAR
 MAXIMUM TEMPERATURE (F)   26        50      1933
 MINIMUM TEMPERATURE (F)    9       -19      1984
                                             1970


SUNRISE AND SUNSET
JANUARY 21 2018.......SUNRISE   807 AM EST   SUNSET   533 PM EST
JANUARY 22 2018.......SUNRISE   807 AM EST   SUNSET   535 PM EST


-  INDICATES NEGATIVE NUMBERS.
R  INDICATES RECORD WAS SET OR TIED.
MM INDICATES DATA IS MISSING.
T  INDICATES TRACE AMOUNT.




$$
