000
CDUS43 KAPX 140526
CLIHTL


CLIMATE REPORT
NATIONAL WEATHER SERVICE GAYLORD MI
126 AM EDT MON JUL 14 2014


...................................

...THE HOUGHTON LAKE MI CLIMATE SUMMARY FOR JULY 13 2014...

CLIMATE NORMAL PERIOD 1981 TO 2010
CLIMATE RECORD PERIOD 1913 TO 2014


WEATHER ITEM   OBSERVED TIME   RECORD YEAR NORMAL DEPARTURE LAST
                VALUE   (LST)  VALUE       VALUE  FROM      YEAR
                                                  NORMAL
..................................................................
TEMPERATURE (F)
 YESTERDAY
  MAXIMUM         76    523 PM 107    1936  80     -4       84
  MINIMUM         49   1155 PM  36    2009  55     -6       50
                                      1940
  AVERAGE         63                        67     -4       67

PRECIPITATION (IN)
  YESTERDAY        0.14          1.19 1930   0.08   0.06     0.00
  MONTH TO DATE    0.55                      1.08  -0.53     0.47
  SINCE JUN 1      3.17                      4.18  -1.01     1.76
  SINCE JAN 1     15.65                     14.04   1.61    17.70

DEGREE DAYS
 HEATING
  YESTERDAY        2                         1      1        0
  MONTH TO DATE   35                        25     10        6
  SINCE JUN 1    109                       149    -40      108
  SINCE JUL 1     35                        25     10        6

 COOLING
  YESTERDAY        0                         4     -4        2
  MONTH TO DATE   26                        49    -23       51
  SINCE JUN 1     99                       108     -9      130
  SINCE JAN 1    114                       124    -10      170
..................................................................


WIND (MPH)
  HIGHEST WIND SPEED    20   HIGHEST WIND DIRECTION     W (270)
  HIGHEST GUST SPEED    30   HIGHEST GUST DIRECTION     W (270)
  AVERAGE WIND SPEED     9.5




RELATIVE HUMIDITY (PERCENT)
 HIGHEST   100
 LOWEST     46
 AVERAGE    73

..........................................................


THE HOUGHTON LAKE MI CLIMATE NORMALS FOR TODAY
                         NORMAL    RECORD    YEAR
 MAXIMUM TEMPERATURE (F)   80       101      1936
 MINIMUM TEMPERATURE (F)   55        33      1950
                                             1924


SUNRISE AND SUNSET
JULY 14 2014..........SUNRISE   608 AM EDT   SUNSET   921 PM EDT
JULY 15 2014..........SUNRISE   609 AM EDT   SUNSET   920 PM EDT


-  INDICATES NEGATIVE NUMBERS.
R  INDICATES RECORD WAS SET OR TIED.
MM INDICATES DATA IS MISSING.
T  INDICATES TRACE AMOUNT.




$$
