000
CDUS43 KAPX 170536
CLIHTL


CLIMATE REPORT
NATIONAL WEATHER SERVICE GAYLORD MI
1236 AM EST TUE JAN 17 2017


...................................

...THE HOUGHTON LAKE MI CLIMATE SUMMARY FOR JANUARY 16 2017...

CLIMATE NORMAL PERIOD 1981 TO 2010
CLIMATE RECORD PERIOD 1913 TO 2017


WEATHER ITEM   OBSERVED TIME   RECORD YEAR NORMAL DEPARTURE LAST
                VALUE   (LST)  VALUE       VALUE  FROM      YEAR
                                                  NORMAL
..................................................................
TEMPERATURE (F)
 YESTERDAY
  MAXIMUM         34    619 PM  50    1953  26      8       26
                                      1949
  MINIMUM          6    844 AM -18    1966  10     -4       15
                                      1929
  AVERAGE         20                        18      2       21

PRECIPITATION (IN)
  YESTERDAY        0.05          0.60 1924   0.05   0.00     0.02
  MONTH TO DATE    1.39                      0.85   0.54     1.11
  SINCE DEC 1      3.61                      2.50   1.11     4.68
  SINCE JAN 1      1.39                      0.85   0.54     1.11

SNOWFALL (IN)
  YESTERDAY        0.0           6.0  1924   0.5   -0.5      0.4
  MONTH TO DATE   10.3                       8.7    1.6     11.5
  SINCE OCT 1     52.5                      33.7   18.8     19.4
  SINCE JUL 1     52.5                      33.7   18.8     19.4
  SNOW DEPTH      11

DEGREE DAYS
 HEATING
  YESTERDAY       45                        47     -2       44
  MONTH TO DATE  737                       743     -6      682
  SINCE DEC 1   1979                      2017    -38     1596
  SINCE JUL 1   3299                      3900   -601     3075
..................................................................


WIND (MPH)
  HIGHEST WIND SPEED     9   HIGHEST WIND DIRECTION     E (90)
  HIGHEST GUST SPEED    11   HIGHEST GUST DIRECTION     E (90)
  AVERAGE WIND SPEED     3.1




RELATIVE HUMIDITY (PERCENT)
 HIGHEST    92
 LOWEST     54
 AVERAGE    73

..........................................................


THE HOUGHTON LAKE MI CLIMATE NORMALS FOR TODAY
                         NORMAL    RECORD    YEAR
 MAXIMUM TEMPERATURE (F)   26        47      1990
 MINIMUM TEMPERATURE (F)    9       -19      1923


SUNRISE AND SUNSET
JANUARY 17 2017.......SUNRISE   810 AM EST   SUNSET   528 PM EST
JANUARY 18 2017.......SUNRISE   809 AM EST   SUNSET   530 PM EST


-  INDICATES NEGATIVE NUMBERS.
R  INDICATES RECORD WAS SET OR TIED.
MM INDICATES DATA IS MISSING.
T  INDICATES TRACE AMOUNT.




$$
