000
CDUS41 KRLX 220818
CLIHTS


CLIMATE REPORT
NATIONAL WEATHER SERVICE CHARLESTON WV
318 AM EST MON JAN 22 2018


...................................

...THE HUNTINGTON WV CLIMATE SUMMARY FOR JANUARY 21 2018...

CLIMATE NORMAL PERIOD 1981 TO 2010
CLIMATE RECORD PERIOD 1897 TO 2018


WEATHER ITEM   OBSERVED TIME   RECORD YEAR NORMAL DEPARTURE LAST
                VALUE   (LST)  VALUE       VALUE  FROM      YEAR
                                                  NORMAL
..................................................................
TEMPERATURE (F)
 YESTERDAY
  MAXIMUM         62    452 PM  70    1935  42     20       64
  MINIMUM         49    853 AM -16    1985  25     24       45
  AVERAGE         56                        34     22       55

PRECIPITATION (IN)
  YESTERDAY        T             1.73 1933   0.09  -0.09     0.01
  MONTH TO DATE    2.05                      2.00   0.05     3.20
  SINCE JAN 1      2.05                      2.00   0.05     3.20

SNOWFALL (IN)
  YESTERDAY        0.0           4.5  2014   0.2   -0.2      0.0
  MONTH TO DATE    6.3                       4.4    1.9      2.3
  SINCE SEP 1      6.7                       9.0   -2.3      4.1
  SNOW DEPTH       T

DEGREE DAYS
 HEATING
  YESTERDAY        9                        31    -22       10
  MONTH TO DATE  784                       657    127      484
  SINCE DEC 1   1694                      1525    169     1293
  SINCE JUL 1   2466                      2412     54     1891

 COOLING
  YESTERDAY        0                         0      0        0
  MONTH TO DATE    0                         0      0        0
  SINCE DEC 1      0                         1     -1        0
  SINCE JAN 1      0                         0      0        0
..................................................................


WIND (MPH)
  HIGHEST WIND SPEED    14   HIGHEST WIND DIRECTION     S (180)
  HIGHEST GUST SPEED    19   HIGHEST GUST DIRECTION     S (190)
  AVERAGE WIND SPEED     7.3


SKY COVER
  POSSIBLE SUNSHINE  MM
  AVERAGE SKY COVER 1.0


WEATHER CONDITIONS
 THE FOLLOWING WEATHER WAS RECORDED YESTERDAY.
  LIGHT RAIN


RELATIVE HUMIDITY (PERCENT)
 HIGHEST    71          1200 AM
 LOWEST     51           100 PM
 AVERAGE    61

..........................................................


THE HUNTINGTON WV CLIMATE NORMALS FOR TODAY
                         NORMAL    RECORD    YEAR
 MAXIMUM TEMPERATURE (F)   42        76      1999
 MINIMUM TEMPERATURE (F)   25        -9      1984


SUNRISE AND SUNSET
JANUARY 22 2018.......SUNRISE   743 AM EST   SUNSET   541 PM EST
JANUARY 23 2018.......SUNRISE   742 AM EST   SUNSET   542 PM EST


-  INDICATES NEGATIVE NUMBERS.
R  INDICATES RECORD WAS SET OR TIED.
MM INDICATES DATA IS MISSING.
T  INDICATES TRACE AMOUNT.




$$
