000
CDUS41 KRLX 270717
CLIHTS


CLIMATE REPORT
NATIONAL WEATHER SERVICE CHARLESTON WV
316 AM EDT WED MAY 27 2015


...................................

...THE HUNTINGTON WV CLIMATE SUMMARY FOR MAY 26 2015...

CLIMATE NORMAL PERIOD 1981 TO 2010
CLIMATE RECORD PERIOD 1897 TO 2015


WEATHER ITEM   OBSERVED TIME   RECORD YEAR NORMAL DEPARTURE LAST
                VALUE   (LST)  VALUE       VALUE  FROM      YEAR
                                                  NORMAL
..................................................................
TEMPERATURE (F)
 YESTERDAY
  MAXIMUM         88    420 PM  93    1939  78     10       86
  MINIMUM         65   1159 PM  38    1988  56      9       51
  AVERAGE         77                        66     11       69

PRECIPITATION (IN)
  YESTERDAY        0.22          0.96 1982   0.15   0.07     0.00
  MONTH TO DATE    0.93                      3.88  -2.95     1.83
  SINCE JAN 1     20.27                     17.26   3.01    18.81

SNOWFALL (IN)
  YESTERDAY        0.0
  MONTH TO DATE    0.0
  SINCE SEP 1     36.6
  SNOW DEPTH       0

DEGREE DAYS
 HEATING
  YESTERDAY        0                         2     -2        0
  MONTH TO DATE   64                       104    -40      106
  SINCE MAR 1    966                       991    -25     1056
  SINCE JUL 1   4982                      4492    490     4817

 COOLING
  YESTERDAY       12                         4      8        4
  MONTH TO DATE  110                        60     50       64
  SINCE MAR 1    119                        92     27       78
  SINCE JAN 1    119                        92     27       78
..................................................................


WIND (MPH)
  HIGHEST WIND SPEED    29   HIGHEST WIND DIRECTION     S (190)
  HIGHEST GUST SPEED    42   HIGHEST GUST DIRECTION     S (200)
  AVERAGE WIND SPEED     6.0


SKY COVER
  POSSIBLE SUNSHINE  MM


WEATHER CONDITIONS
 THE FOLLOWING WEATHER WAS RECORDED YESTERDAY.
  THUNDERSTORM
  LIGHT RAIN
  FOG


RELATIVE HUMIDITY (PERCENT)
 HIGHEST    93           200 AM
 LOWEST     45           500 PM
 AVERAGE    69

..........................................................


THE HUNTINGTON WV CLIMATE NORMALS FOR TODAY
                         NORMAL    RECORD    YEAR
 MAXIMUM TEMPERATURE (F)   78        93      1941
                                             1916
                                             1914
 MINIMUM TEMPERATURE (F)   56        36      1961
                                             1907


SUNRISE AND SUNSET
MAY 27 2015...........SUNRISE   611 AM EDT   SUNSET   844 PM EDT
MAY 28 2015...........SUNRISE   610 AM EDT   SUNSET   845 PM EDT


-  INDICATES NEGATIVE NUMBERS.
R  INDICATES RECORD WAS SET OR TIED.
MM INDICATES DATA IS MISSING.
T  INDICATES TRACE AMOUNT.




$$
