000
CDUS41 KRLX 280731
CLIHTS


CLIMATE REPORT
NATIONAL WEATHER SERVICE CHARLESTON WV
329 AM EDT SAT MAY 28 2016


...................................

...THE HUNTINGTON WV CLIMATE SUMMARY FOR MAY 27 2016...

CLIMATE NORMAL PERIOD 1981 TO 2010
CLIMATE RECORD PERIOD 1897 TO 2016


WEATHER ITEM   OBSERVED TIME   RECORD YEAR NORMAL DEPARTURE LAST
                VALUE   (LST)  VALUE       VALUE  FROM      YEAR
                                                  NORMAL
..................................................................
TEMPERATURE (F)
 YESTERDAY
  MAXIMUM         89    454 PM  93    1941  78     11       84
                                      1916
                                      1914
  MINIMUM         65    411 AM  36    1961  56      9       64
                                      1907
  AVERAGE         77                        67     10       74

PRECIPITATION (IN)
  YESTERDAY        0.14          2.12 1917   0.17  -0.03     0.00
  MONTH TO DATE    5.36                      4.05   1.31     0.93
  SINCE JAN 1     19.73                     17.43   2.30    20.27

SNOWFALL (IN)
  YESTERDAY        0.0
  MONTH TO DATE    0.0
  SINCE SEP 1     23.8
  SNOW DEPTH       0

DEGREE DAYS
 HEATING
  YESTERDAY        0                         2     -2        0
  MONTH TO DATE  127                       106     21       64
  SINCE MAR 1    753                       993   -240      966
  SINCE JUL 1   3788                      4494   -706     4982

 COOLING
  YESTERDAY       12                         4      8        9
  MONTH TO DATE   53                        64    -11      119
  SINCE MAR 1    100                        96      4      128
  SINCE JAN 1    100                        96      4      128
..................................................................


WIND (MPH)
  HIGHEST WIND SPEED     8   HIGHEST WIND DIRECTION     W (260)
  HIGHEST GUST SPEED    14   HIGHEST GUST DIRECTION    SW (220)
  AVERAGE WIND SPEED     3.3


SKY COVER
  POSSIBLE SUNSHINE  MM


WEATHER CONDITIONS
 THE FOLLOWING WEATHER WAS RECORDED YESTERDAY.
  HEAVY RAIN
  RAIN
  LIGHT RAIN
  FOG


RELATIVE HUMIDITY (PERCENT)
 HIGHEST    93           100 AM
 LOWEST     41           500 PM
 AVERAGE    67

..........................................................


THE HUNTINGTON WV CLIMATE NORMALS FOR TODAY
                         NORMAL    RECORD    YEAR
 MAXIMUM TEMPERATURE (F)   78        95      1941
 MINIMUM TEMPERATURE (F)   56        37      1994


SUNRISE AND SUNSET
MAY 28 2016...........SUNRISE   610 AM EDT   SUNSET   846 PM EDT
MAY 29 2016...........SUNRISE   609 AM EDT   SUNSET   846 PM EDT


-  INDICATES NEGATIVE NUMBERS.
R  INDICATES RECORD WAS SET OR TIED.
MM INDICATES DATA IS MISSING.
T  INDICATES TRACE AMOUNT.




$$
