000
CDUS41 KRLX 242116
CLIHTS


CLIMATE REPORT
NATIONAL WEATHER SERVICE CHARLESTON WV
516 PM EDT SUN SEP 24 2017


...................................

...THE HUNTINGTON WV CLIMATE SUMMARY FOR SEPTEMBER 24 2017...
VALID TODAY AS OF 0500 PM LOCAL TIME.

CLIMATE NORMAL PERIOD 1981 TO 2010
CLIMATE RECORD PERIOD 1897 TO 2017


WEATHER ITEM   OBSERVED TIME   RECORD YEAR NORMAL DEPARTURE LAST
                VALUE   (LST)  VALUE       VALUE  FROM      YEAR
                                                  NORMAL
..................................................................
TEMPERATURE (F)
 TODAY
  MAXIMUM         89    341 PM  94    2007  76     13       91
                                      1941
  MINIMUM         57    654 AM  31    1983  53      4       65
  AVERAGE         73                        64      9       78

PRECIPITATION (IN)
  TODAY            0.00          1.39 1986   0.09  -0.09     0.00
  MONTH TO DATE    2.72                      2.26   0.46     0.34
  SINCE SEP 1      2.72                      2.26   0.46     0.34
  SINCE JAN 1     36.13                     32.51   3.62    36.43

DEGREE DAYS
 HEATING
  TODAY            0                         3     -3        0
  MONTH TO DATE   26                        29     -3        0
  SINCE SEP 1     26                        29     -3        0
  SINCE JUL 1     26                        31     -5        0

 COOLING
  TODAY            8                         3      5       13
  MONTH TO DATE   98                       121    -23      258
  SINCE SEP 1     98                       121    -23      258
  SINCE JAN 1   1100                      1098      2     1508
..................................................................


WIND (MPH)
  HIGHEST WIND SPEED     9   HIGHEST WIND DIRECTION     N (10)
  HIGHEST GUST SPEED    12   HIGHEST GUST DIRECTION     N (10)
  AVERAGE WIND SPEED     2.6


SKY COVER
  POSSIBLE SUNSHINE  MM
  AVERAGE SKY COVER 0.0


WEATHER CONDITIONS
 THE FOLLOWING WEATHER WAS RECORDED TODAY.
  FOG


RELATIVE HUMIDITY (PERCENT)
 HIGHEST   100           600 AM
 LOWEST     34           300 PM
 AVERAGE    67

..........................................................


THE HUNTINGTON WV CLIMATE NORMALS FOR TOMORROW
                         NORMAL    RECORD    YEAR
 MAXIMUM TEMPERATURE (F)   75        96      2007
 MINIMUM TEMPERATURE (F)   53        35      1983


SUNRISE AND SUNSET
SEPTEMBER 24 2017.....SUNRISE   720 AM EDT   SUNSET   724 PM EDT
SEPTEMBER 25 2017.....SUNRISE   721 AM EDT   SUNSET   722 PM EDT


-  INDICATES NEGATIVE NUMBERS.
R  INDICATES RECORD WAS SET OR TIED.
MM INDICATES DATA IS MISSING.
T  INDICATES TRACE AMOUNT.




$$
