000
CDUS41 KRLX 290800
CLIHTS


CLIMATE REPORT
NATIONAL WEATHER SERVICE CHARLESTON WV
350 AM EDT SUN MAR 29 2015


...................................

...THE HUNTINGTON WV CLIMATE SUMMARY FOR MARCH 28 2015...

CLIMATE NORMAL PERIOD 1981 TO 2010
CLIMATE RECORD PERIOD 1897 TO 2015


WEATHER ITEM   OBSERVED TIME   RECORD YEAR NORMAL DEPARTURE LAST
                VALUE   (LST)  VALUE       VALUE  FROM      YEAR
                                                  NORMAL
..................................................................
TEMPERATURE (F)
 YESTERDAY
  MAXIMUM         37    453 PM  86    1989  61    -24       70
                                      1907
  MINIMUM         22    710 AM  10    1947  39    -17       48
  AVERAGE         30                        50    -20       59

PRECIPITATION (IN)
  YESTERDAY        0.00          1.09 1956   0.12  -0.12     0.10
  MONTH TO DATE    6.32                      3.53   2.79     1.92
  SINCE JAN 1     11.76                      9.57   2.19     9.28

SNOWFALL (IN)
  YESTERDAY        0.0
  MONTH TO DATE   12.8
  SINCE SEP 1     36.6
  SNOW DEPTH       0

DEGREE DAYS
 HEATING
  YESTERDAY       35                        15     20        6
  MONTH TO DATE  579                       553     26      676
  SINCE MAR 1    579                       553     26      676
  SINCE JUL 1   4595                      4054    541     4437

 COOLING
  YESTERDAY        0                         0      0        0
  MONTH TO DATE    0                         0      0        0
  SINCE MAR 1      0                         0      0        0
  SINCE JAN 1      0                         0      0        0
..................................................................


WIND (MPH)
  HIGHEST WIND SPEED    15   HIGHEST WIND DIRECTION     N (340)
  HIGHEST GUST SPEED    22   HIGHEST GUST DIRECTION    NW (320)
  AVERAGE WIND SPEED     7.4


SKY COVER
  POSSIBLE SUNSHINE  MM


WEATHER CONDITIONS
 THE FOLLOWING WEATHER WAS RECORDED YESTERDAY.
  NO SIGNIFICANT WEATHER WAS OBSERVED.


RELATIVE HUMIDITY (PERCENT)
 HIGHEST    68           700 AM
 LOWEST     27           500 PM
 AVERAGE    48

..........................................................


THE HUNTINGTON WV CLIMATE NORMALS FOR TODAY
                         NORMAL    RECORD    YEAR
 MAXIMUM TEMPERATURE (F)   62        87      1910
 MINIMUM TEMPERATURE (F)   39        21      1955


SUNRISE AND SUNSET
MARCH 29 2015.........SUNRISE   720 AM EDT   SUNSET   750 PM EDT
MARCH 30 2015.........SUNRISE   719 AM EDT   SUNSET   751 PM EDT


-  INDICATES NEGATIVE NUMBERS.
R  INDICATES RECORD WAS SET OR TIED.
MM INDICATES DATA IS MISSING.
T  INDICATES TRACE AMOUNT.




$$
