000
CDUS41 KRLX 262118
CLIHTS


CLIMATE REPORT
NATIONAL WEATHER SERVICE CHARLESTON WV
518 PM EDT FRI AUG 26 2016


...................................

...THE HUNTINGTON WV CLIMATE SUMMARY FOR AUGUST 26 2016...
VALID TODAY AS OF 0500 PM LOCAL TIME.

CLIMATE NORMAL PERIOD 1981 TO 2010
CLIMATE RECORD PERIOD 1897 TO 2016


WEATHER ITEM   OBSERVED TIME   RECORD YEAR NORMAL DEPARTURE LAST
                VALUE   (LST)  VALUE       VALUE  FROM      YEAR
                                                  NORMAL
..................................................................
TEMPERATURE (F)
 TODAY
  MAXIMUM         92    322 PM 100    1948  85      7       73
  MINIMUM         70    534 AM  46    1946  63      7       56
  AVERAGE         81                        74      7       65

PRECIPITATION (IN)
  TODAY            0.00          2.94 2005   0.11  -0.11     0.00
  MONTH TO DATE    3.19                      3.19   0.00     1.20
  SINCE JUN 1     16.37                     11.62   4.75    14.37
  SINCE JAN 1     36.01                     29.70   6.31    34.80

DEGREE DAYS
 HEATING
  TODAY            0                         0      0        0
  MONTH TO DATE    0                         0      0        0
  SINCE JUN 1      1                        12    -11       14
  SINCE JUL 1      0                         0      0        0

 COOLING
  TODAY           16                         9      7        0
  MONTH TO DATE  356                       266     90      198
  SINCE JUN 1   1028                       823    205      768
  SINCE JAN 1   1168                       936    232      934
..................................................................


WIND (MPH)
  HIGHEST WIND SPEED     8   HIGHEST WIND DIRECTION     S (180)
  HIGHEST GUST SPEED    10   HIGHEST GUST DIRECTION    SW (230)
  AVERAGE WIND SPEED     1.7


SKY COVER
  POSSIBLE SUNSHINE  MM
  AVERAGE SKY COVER 0.2


WEATHER CONDITIONS
 THE FOLLOWING WEATHER WAS RECORDED TODAY.
  FOG
  FOG W/VISIBILITY <= 1/4 MILE


RELATIVE HUMIDITY (PERCENT)
 HIGHEST   100           400 AM
 LOWEST     52           200 PM
 AVERAGE    76

..........................................................


THE HUNTINGTON WV CLIMATE NORMALS FOR TOMORROW
                         NORMAL    RECORD    YEAR
 MAXIMUM TEMPERATURE (F)   85       103      1948
 MINIMUM TEMPERATURE (F)   63        47      1945


SUNRISE AND SUNSET
AUGUST 26 2016........SUNRISE   655 AM EDT   SUNSET   808 PM EDT
AUGUST 27 2016........SUNRISE   656 AM EDT   SUNSET   807 PM EDT


-  INDICATES NEGATIVE NUMBERS.
R  INDICATES RECORD WAS SET OR TIED.
MM INDICATES DATA IS MISSING.
T  INDICATES TRACE AMOUNT.




$$
