000
CDUS41 KRLX 180824
CLIHTS


CLIMATE REPORT
NATIONAL WEATHER SERVICE CHARLESTON WV
324 AM EST WED JAN 18 2017


...................................

...THE HUNTINGTON WV CLIMATE SUMMARY FOR JANUARY 17 2017...

CLIMATE NORMAL PERIOD 1981 TO 2010
CLIMATE RECORD PERIOD 1897 TO 2017


WEATHER ITEM   OBSERVED TIME   RECORD YEAR NORMAL DEPARTURE LAST
                VALUE   (LST)  VALUE       VALUE  FROM      YEAR
                                                  NORMAL
..................................................................
TEMPERATURE (F)
 YESTERDAY
  MAXIMUM         67    311 PM  74    1932  42     25       34
  MINIMUM         49    141 AM -14    1982  25     24       15
  AVERAGE         58                        34     24       25

PRECIPITATION (IN)
  YESTERDAY        0.55          1.03 1978   0.10   0.45      T
                                      1952
  MONTH TO DATE    2.92                      1.62   1.30     0.71
  SINCE JAN 1      2.92                      1.62   1.30     0.71

SNOWFALL (IN)
  YESTERDAY        0.0
  MONTH TO DATE    2.3
  SINCE SEP 1      4.1
  SNOW DEPTH       0

DEGREE DAYS
 HEATING
  YESTERDAY        7                        32    -25       40
  MONTH TO DATE  428                       533   -105      542
  SINCE DEC 1   1237                      1401   -164     1062
  SINCE JUL 1   1835                      2288   -453     1782

 COOLING
  YESTERDAY        0                         0      0        0
  MONTH TO DATE    0                         0      0        0
  SINCE DEC 1      0                         1     -1        0
  SINCE JAN 1      0                         0      0        0
..................................................................


WIND (MPH)
  HIGHEST WIND SPEED    16   HIGHEST WIND DIRECTION     W (270)
  HIGHEST GUST SPEED    26   HIGHEST GUST DIRECTION    SW (210)
  AVERAGE WIND SPEED     9.2


SKY COVER
  POSSIBLE SUNSHINE  MM


WEATHER CONDITIONS
 THE FOLLOWING WEATHER WAS RECORDED YESTERDAY.
  HEAVY RAIN
  RAIN
  LIGHT RAIN
  FOG


RELATIVE HUMIDITY (PERCENT)
 HIGHEST    93          1200 AM
 LOWEST     63           500 PM
 AVERAGE    78

..........................................................


THE HUNTINGTON WV CLIMATE NORMALS FOR TODAY
                         NORMAL    RECORD    YEAR
 MAXIMUM TEMPERATURE (F)   42        74      1949
                                             1929
 MINIMUM TEMPERATURE (F)   25       -11      1994


SUNRISE AND SUNSET
JANUARY 18 2017.......SUNRISE   745 AM EST   SUNSET   537 PM EST
JANUARY 19 2017.......SUNRISE   744 AM EST   SUNSET   538 PM EST


-  INDICATES NEGATIVE NUMBERS.
R  INDICATES RECORD WAS SET OR TIED.
MM INDICATES DATA IS MISSING.
T  INDICATES TRACE AMOUNT.




$$
