000
CDUS43 KIND 282138
CLIHUF


CLIMATE REPORT
NATIONAL WEATHER SERVICE INDIANAPOLIS IN
437 PM EST FRI NOV 28 2014


...................................

...THE TERRE HAUTE IN CLIMATE SUMMARY FOR NOVEMBER 28 2014...
VALID TODAY AS OF 0400 PM LOCAL TIME.

CLIMATE NORMAL PERIOD 1981 TO 2010
CLIMATE RECORD PERIOD 9999 TO 9999


WEATHER ITEM   OBSERVED TIME   NORMAL DEPARTURE LAST
                VALUE   (LST)  VALUE  FROM      YEAR
                                      NORMAL
......................................................
TEMPERATURE (F)
 TODAY
  MAXIMUM         38    359 PM  46     -8       38
  MINIMUM         16    140 AM  30    -14       17
  AVERAGE         27            38    -11       28

PRECIPITATION (IN)
  TODAY            0.00          0.13  -0.13     0.00
  MONTH TO DATE    2.04          3.57  -1.53     2.80
  SINCE SEP 1     12.28         10.56   1.72     8.33
  SINCE JAN 1     40.41         41.84  -1.43    41.36

......................................................


WIND (MPH)
  HIGHEST WIND SPEED    20   HIGHEST WIND DIRECTION     S (180)
  HIGHEST GUST SPEED    28   HIGHEST GUST DIRECTION     S (180)
  AVERAGE WIND SPEED     7.9


SKY COVER
  AVERAGE SKY COVER 0.5


WEATHER CONDITIONS
 THE FOLLOWING WEATHER WAS RECORDED TODAY.
  NO SIGNIFICANT WEATHER WAS OBSERVED.


RELATIVE HUMIDITY (PERCENT)
 HIGHEST    92           200 AM
 LOWEST     64           200 PM

..........................................................


THE TERRE HAUTE IN CLIMATE NORMALS FOR TOMORROW
                         NORMAL
 MAXIMUM TEMPERATURE (F)   46
 MINIMUM TEMPERATURE (F)   29


SUNRISE AND SUNSET
NOVEMBER 28 2014......SUNRISE   747 AM EST   SUNSET   527 PM EST
NOVEMBER 29 2014......SUNRISE   748 AM EST   SUNSET   527 PM EST


-  INDICATES NEGATIVE NUMBERS.
R  INDICATES RECORD WAS SET OR TIED.
MM INDICATES DATA IS MISSING.
T  INDICATES TRACE AMOUNT.




$$
