000
CDUS43 KIND 140534
CLIHUF


CLIMATE REPORT
NATIONAL WEATHER SERVICE INDIANAPOLIS IN
1232 AM EST THU DEC 14 2017


...................................

...THE TERRE HAUTE IN CLIMATE SUMMARY FOR DECEMBER 13 2017...

CLIMATE NORMAL PERIOD 1981 TO 2010
CLIMATE RECORD PERIOD 9999 TO 9999


WEATHER ITEM   OBSERVED TIME   NORMAL DEPARTURE LAST
                VALUE   (LST)  VALUE  FROM      YEAR
                                      NORMAL
......................................................
TEMPERATURE (F)
 YESTERDAY
  MAXIMUM         46    603 PM  40      6       32
  MINIMUM         20   1220 AM  24     -4       12
  AVERAGE         33            32      1       22

PRECIPITATION (IN)
  YESTERDAY        T             0.08  -0.08     0.01
  MONTH TO DATE    0.18          1.12  -0.94     0.57
  SINCE DEC 1      0.18          1.12  -0.94     0.57
  SINCE JAN 1     45.21         43.23   1.98    34.85

DEGREE DAYS
 HEATING
  YESTERDAY       32            33     -1       43
  MONTH TO DATE  378           401    -23      428
  SINCE DEC 1    378           401    -23      428
  SINCE JUL 1   1315          1479   -164     1154

 COOLING
  YESTERDAY        0             0      0        0
  MONTH TO DATE    0             0      0        0
  SINCE DEC 1      0             0      0        0
  SINCE JAN 1   1129           993    136     1391
......................................................


WIND (MPH)
  HIGHEST WIND SPEED    31   HIGHEST WIND DIRECTION     S (200)
  HIGHEST GUST SPEED    43   HIGHEST GUST DIRECTION     W (280)
  AVERAGE WIND SPEED    14.1


SKY COVER
  AVERAGE SKY COVER 0.8


WEATHER CONDITIONS
 THE FOLLOWING WEATHER WAS RECORDED YESTERDAY.
  LIGHT RAIN
  LIGHT SNOW


RELATIVE HUMIDITY (PERCENT)
 HIGHEST    67          1200 AM
 LOWEST     38           100 PM
 AVERAGE    53

..........................................................


THE TERRE HAUTE IN CLIMATE NORMALS FOR TODAY
                         NORMAL
 MAXIMUM TEMPERATURE (F)   40
 MINIMUM TEMPERATURE (F)   24


SUNRISE AND SUNSET
DECEMBER 14 2017......SUNRISE   802 AM EST   SUNSET   526 PM EST
DECEMBER 15 2017......SUNRISE   802 AM EST   SUNSET   527 PM EST


-  INDICATES NEGATIVE NUMBERS.
R  INDICATES RECORD WAS SET OR TIED.
MM INDICATES DATA IS MISSING.
T  INDICATES TRACE AMOUNT.




$$
