094
CDUS43 KIND 180532
CLIHUF


CLIMATE REPORT
NATIONAL WEATHER SERVICE INDIANAPOLIS IN
1231 AM EST WED JAN 18 2017


...................................

...THE TERRE HAUTE IN CLIMATE SUMMARY FOR JANUARY 17 2017...

CLIMATE NORMAL PERIOD 1981 TO 2010
CLIMATE RECORD PERIOD 9999 TO 9999


WEATHER ITEM   OBSERVED TIME   NORMAL DEPARTURE LAST
                VALUE   (LST)  VALUE  FROM      YEAR
                                      NORMAL
......................................................
TEMPERATURE (F)
 YESTERDAY
  MAXIMUM         58    429 AM  36     22       23
  MINIMUM         39   1159 PM  20     19        6
  AVERAGE         49            28     21       15

PRECIPITATION (IN)
  YESTERDAY        0.02          0.09  -0.07      T
  MONTH TO DATE    2.47          1.59   0.88     0.67
  SINCE DEC 1      4.11          4.64  -0.53     7.16
  SINCE JAN 1      2.47          1.59   0.88     0.67

DEGREE DAYS
 HEATING
  YESTERDAY       16            37    -21       50
  MONTH TO DATE  562           629    -67      592
  SINCE DEC 1   1632          1662    -30     1264
  SINCE JUL 1   2358          2740   -382     2092

 COOLING
  YESTERDAY        0             0      0        0
  MONTH TO DATE    0             0      0        0
  SINCE DEC 1      0             0      0        0
  SINCE JAN 1      0             0      0        0
......................................................


WIND (MPH)
  HIGHEST WIND SPEED    22   HIGHEST WIND DIRECTION     W (250)
  HIGHEST GUST SPEED    29   HIGHEST GUST DIRECTION    SW (240)
  AVERAGE WIND SPEED    11.8


SKY COVER
  AVERAGE SKY COVER 1.0


WEATHER CONDITIONS
 THE FOLLOWING WEATHER WAS RECORDED YESTERDAY.
  LIGHT RAIN
  FOG


RELATIVE HUMIDITY (PERCENT)
 HIGHEST    96           600 PM
 LOWEST     76          1000 AM
 AVERAGE    86

..........................................................


THE TERRE HAUTE IN CLIMATE NORMALS FOR TODAY
                         NORMAL
 MAXIMUM TEMPERATURE (F)   36
 MINIMUM TEMPERATURE (F)   20


SUNRISE AND SUNSET
JANUARY 18 2017.......SUNRISE   806 AM EST   SUNSET   554 PM EST
JANUARY 19 2017.......SUNRISE   806 AM EST   SUNSET   555 PM EST


-  INDICATES NEGATIVE NUMBERS.
R  INDICATES RECORD WAS SET OR TIED.
MM INDICATES DATA IS MISSING.
T  INDICATES TRACE AMOUNT.




$$
