000
CDUS43 KIND 260532
CLIHUF


CLIMATE REPORT
NATIONAL WEATHER SERVICE INDIANAPOLIS IN
1231 AM EST MON JAN 26 2015


...................................

...THE TERRE HAUTE IN CLIMATE SUMMARY FOR JANUARY 25 2015...

CLIMATE NORMAL PERIOD 1981 TO 2010
CLIMATE RECORD PERIOD 9999 TO 9999


WEATHER ITEM   OBSERVED TIME   NORMAL DEPARTURE LAST
                VALUE   (LST)  VALUE  FROM      YEAR
                                      NORMAL
......................................................
TEMPERATURE (F)
 YESTERDAY
  MAXIMUM         39    525 PM  37      2       36
  MINIMUM         27   1159 PM  20      7       13
  AVERAGE         33            28      5       25

PRECIPITATION (IN)
  YESTERDAY        0.19          0.05   0.14     0.01
  MONTH TO DATE    1.67          2.04  -0.37     1.77
  SINCE DEC 1      4.45          5.09  -0.64     5.42
  SINCE JAN 1      1.67          2.04  -0.37     1.77

DEGREE DAYS
 HEATING
  YESTERDAY       32            37     -5       40
  MONTH TO DATE  943           925     18     1067
  SINCE DEC 1   1876          1958    -82     2150
  SINCE JUL 1   3176          3036    140     3272

 COOLING
  YESTERDAY        0             0      0        0
  MONTH TO DATE    0             0      0        0
  SINCE DEC 1      0             0      0        0
  SINCE JAN 1      0             0      0        0
......................................................


WIND (MPH)
  HIGHEST WIND SPEED    23   HIGHEST WIND DIRECTION     N (20)
  HIGHEST GUST SPEED    30   HIGHEST GUST DIRECTION    NE (30)
  AVERAGE WIND SPEED     8.0


SKY COVER
  AVERAGE SKY COVER 0.8


WEATHER CONDITIONS
 THE FOLLOWING WEATHER WAS RECORDED YESTERDAY.
  LIGHT RAIN
  FOG


RELATIVE HUMIDITY (PERCENT)
 HIGHEST    92          1200 PM
 LOWEST     76           100 AM
 AVERAGE    84

..........................................................


THE TERRE HAUTE IN CLIMATE NORMALS FOR TODAY
                         NORMAL
 MAXIMUM TEMPERATURE (F)   37
 MINIMUM TEMPERATURE (F)   20


SUNRISE AND SUNSET
JANUARY 26 2015.......SUNRISE   802 AM EST   SUNSET   602 PM EST
JANUARY 27 2015.......SUNRISE   801 AM EST   SUNSET   603 PM EST


-  INDICATES NEGATIVE NUMBERS.
R  INDICATES RECORD WAS SET OR TIED.
MM INDICATES DATA IS MISSING.
T  INDICATES TRACE AMOUNT.




$$
