000
CDUS43 KIND 290530
CLIHUF


CLIMATE REPORT
NATIONAL WEATHER SERVICE INDIANAPOLIS IN
130 AM EDT THU SEP 29 2016


...................................

...THE TERRE HAUTE IN CLIMATE SUMMARY FOR SEPTEMBER 28 2016...

CLIMATE NORMAL PERIOD 1981 TO 2010
CLIMATE RECORD PERIOD 9999 TO 9999


WEATHER ITEM   OBSERVED TIME   NORMAL DEPARTURE LAST
                VALUE   (LST)  VALUE  FROM      YEAR
                                      NORMAL
......................................................
TEMPERATURE (F)
 YESTERDAY
  MAXIMUM         68   1231 PM  73     -5       83
  MINIMUM         55   1159 PM  48      7       58
  AVERAGE         62            61      1       71

PRECIPITATION (IN)
  YESTERDAY        T             0.10  -0.10      T
  MONTH TO DATE    3.22          3.20   0.02     1.70
  SINCE SEP 1      3.22          3.20   0.02     1.70
  SINCE JAN 1     30.18         34.48  -4.30    27.08

DEGREE DAYS
 HEATING
  YESTERDAY        3             6     -3        0
  MONTH TO DATE    9            60    -51       32
  SINCE SEP 1      9            60    -51       32
  SINCE JUL 1     13            65    -52       36

 COOLING
  YESTERDAY        0             2     -2        6
  MONTH TO DATE  191            97     94      150
  SINCE SEP 1    191            97     94      150
  SINCE JAN 1   1339           976    363     1079
......................................................


WIND (MPH)
  HIGHEST WIND SPEED    18   HIGHEST WIND DIRECTION    NW (310)
  HIGHEST GUST SPEED    24   HIGHEST GUST DIRECTION    NW (320)
  AVERAGE WIND SPEED     6.9


SKY COVER
  AVERAGE SKY COVER 0.9


WEATHER CONDITIONS
 THE FOLLOWING WEATHER WAS RECORDED YESTERDAY.
  NO SIGNIFICANT WEATHER WAS OBSERVED.


RELATIVE HUMIDITY (PERCENT)
 HIGHEST    83          1100 PM
 LOWEST     48           400 PM
 AVERAGE    66

..........................................................


THE TERRE HAUTE IN CLIMATE NORMALS FOR TODAY
                         NORMAL
 MAXIMUM TEMPERATURE (F)   73
 MINIMUM TEMPERATURE (F)   48


SUNRISE AND SUNSET
SEPTEMBER 29 2016.....SUNRISE   744 AM EDT   SUNSET   734 PM EDT
SEPTEMBER 30 2016.....SUNRISE   745 AM EDT   SUNSET   732 PM EDT


-  INDICATES NEGATIVE NUMBERS.
R  INDICATES RECORD WAS SET OR TIED.
MM INDICATES DATA IS MISSING.
T  INDICATES TRACE AMOUNT.




$$
