000
CDUS41 KCAR 190527
CLIHUL


CLIMATE REPORT
NATIONAL WEATHER SERVICE CARIBOU, ME
1226 AM EST SUN FEB 19 2017


...................................

...THE HOULTON ME CLIMATE SUMMARY FOR FEBRUARY 18 2017...

CLIMATE NORMAL PERIOD 1981 TO 2010
CLIMATE RECORD PERIOD 1948 TO 2017


WEATHER ITEM   OBSERVED TIME   RECORD YEAR NORMAL DEPARTURE LAST
                VALUE   (LST)  VALUE       VALUE  FROM      YEAR
                                                  NORMAL
..................................................................
TEMPERATURE (F)
 YESTERDAY
  MAXIMUM         34   1159 PM  50    1981  28      6       28
  MINIMUM          6    516 AM -36    1967   4      2        8
  AVERAGE         20                        16      4       18

PRECIPITATION (IN)
  YESTERDAY        0.00          1.22 1952   0.07  -0.07      T
  MONTH TO DATE    1.00                      1.28  -0.28     1.76
  SINCE DEC 1      6.75                      7.43  -0.68     7.37
  SINCE JAN 1      3.83                      4.14  -0.31     3.18

SNOWFALL (IN)
  YESTERDAY       MM            13.2  1952   0.6   MM       MM
  MONTH TO DATE   MM                        11.5   MM       MM
  SINCE DEC 1     MM                        51.2   MM       MM
  SINCE JUL 1     MM                        59.3   MM       MM
  SNOW DEPTH      MM

DEGREE DAYS
 HEATING
  YESTERDAY       45                        49     -4       47
  MONTH TO DATE  998                       925     73      866
  SINCE DEC 1   3880                      3992   -112     3389
  SINCE JUL 1   5623                      6100   -477     5184

 COOLING
  YESTERDAY        0                         0      0        0
  MONTH TO DATE    0                         0      0        0
  SINCE DEC 1      0                         0      0        0
  SINCE JAN 1      0                         0      0        0
..................................................................


WIND (MPH)
  HIGHEST WIND SPEED    13   HIGHEST WIND DIRECTION     W (290)
  HIGHEST GUST SPEED    17   HIGHEST GUST DIRECTION    NW (300)
  AVERAGE WIND SPEED     4.6


SKY COVER
  POSSIBLE SUNSHINE  MM
  AVERAGE SKY COVER 0.7


WEATHER CONDITIONS
 THE FOLLOWING WEATHER WAS RECORDED YESTERDAY.
  NO SIGNIFICANT WEATHER WAS OBSERVED.


RELATIVE HUMIDITY (PERCENT)
 HIGHEST    91           500 AM
 LOWEST     49           400 PM
 AVERAGE    70

..........................................................


THE HOULTON ME CLIMATE NORMALS FOR TODAY
                         NORMAL    RECORD    YEAR
 MAXIMUM TEMPERATURE (F)   28        55      1981
 MINIMUM TEMPERATURE (F)    5       -33      1967


SUNRISE AND SUNSET
FEBRUARY 19 2017......SUNRISE   627 AM EST   SUNSET   503 PM EST
FEBRUARY 20 2017......SUNRISE   625 AM EST   SUNSET   505 PM EST


-  INDICATES NEGATIVE NUMBERS.
R  INDICATES RECORD WAS SET OR TIED.
MM INDICATES DATA IS MISSING.
T  INDICATES TRACE AMOUNT.




$$
