000
CDUS41 KCAR 240536
CLIHUL


CLIMATE REPORT
NATIONAL WEATHER SERVICE CARIBOU, ME
131 AM EDT WED AUG 24 2016


...................................

...THE HOULTON ME CLIMATE SUMMARY FOR AUGUST 23 2016...

CLIMATE NORMAL PERIOD 1981 TO 2010
CLIMATE RECORD PERIOD 1948 TO 2016


WEATHER ITEM   OBSERVED TIME   RECORD YEAR NORMAL DEPARTURE LAST
                VALUE   (LST)  VALUE       VALUE  FROM      YEAR
                                                  NORMAL
..................................................................
TEMPERATURE (F)
 YESTERDAY
  MAXIMUM         77    355 PM  89    1947  75      2       81
  MINIMUM         51    435 AM  34    1988  51      0       53
  AVERAGE         64                        63      1       67

PRECIPITATION (IN)
  YESTERDAY        0.00          0.64 1970   0.11  -0.11     0.00
  MONTH TO DATE    6.18                      2.86   3.32     2.39
  SINCE JUN 1     12.46                     10.17   2.29     8.01
  SINCE JAN 1     26.84                     24.80   2.04    17.36

SNOWFALL (IN)
  YESTERDAY       MM             0.0  2003   0.0   MM       MM
  MONTH TO DATE   MM                         0.0   MM       MM
  SINCE JUN 1     MM                         0.0   MM       MM
  SINCE JUL 1     MM                         0.0   MM       MM
  SNOW DEPTH      MM

DEGREE DAYS
 HEATING
  YESTERDAY        1                         4     -3        0
  MONTH TO DATE   41                        59    -18       16
  SINCE JUN 1    259                       300    -41      316
  SINCE JUL 1     84                       119    -35       79

 COOLING
  YESTERDAY        0                         1     -1        2
  MONTH TO DATE   43                        47     -4       89
  SINCE JUN 1    175                       163     12      142
  SINCE JAN 1    182                       167     15      167
..................................................................


WIND (MPH)
  HIGHEST WIND SPEED    18   HIGHEST WIND DIRECTION     W (280)
  HIGHEST GUST SPEED    23   HIGHEST GUST DIRECTION     W (280)
  AVERAGE WIND SPEED     8.9


SKY COVER
  POSSIBLE SUNSHINE  MM
  AVERAGE SKY COVER 0.2


WEATHER CONDITIONS
 THE FOLLOWING WEATHER WAS RECORDED YESTERDAY.
  NO SIGNIFICANT WEATHER WAS OBSERVED.


RELATIVE HUMIDITY (PERCENT)
 HIGHEST    96           400 AM
 LOWEST     40           200 PM
 AVERAGE    68

..........................................................


THE HOULTON ME CLIMATE NORMALS FOR TODAY
                         NORMAL    RECORD    YEAR
 MAXIMUM TEMPERATURE (F)   75        90      1980
 MINIMUM TEMPERATURE (F)   50        33      1975


SUNRISE AND SUNSET
AUGUST 24 2016........SUNRISE   542 AM EDT   SUNSET   724 PM EDT
AUGUST 25 2016........SUNRISE   544 AM EDT   SUNSET   722 PM EDT


-  INDICATES NEGATIVE NUMBERS.
R  INDICATES RECORD WAS SET OR TIED.
MM INDICATES DATA IS MISSING.
T  INDICATES TRACE AMOUNT.




$$
