000
CDUS41 KCAR 262245
CLIHUL


CLIMATE REPORT
NATIONAL WEATHER SERVICE CARIBOU, ME
545 PM EST THU FEB 26 2015


...................................

...THE HOULTON ME CLIMATE SUMMARY FOR FEBRUARY 26 2015...
VALID TODAY AS OF 0500 PM LOCAL TIME.

CLIMATE NORMAL PERIOD 1981 TO 2010
CLIMATE RECORD PERIOD 1948 TO 2015


WEATHER ITEM   OBSERVED TIME   RECORD YEAR NORMAL DEPARTURE LAST
                VALUE   (LST)  VALUE       VALUE  FROM      YEAR
                                                  NORMAL
..................................................................
TEMPERATURE (F)
 TODAY
  MAXIMUM         16    257 PM  46    1976  30    -14       20
  MINIMUM         -1    656 AM -23    1993   7     -8      -13
  AVERAGE          8                        19    -11        4

PRECIPITATION (IN)
  TODAY            T             1.00 1961   0.08  -0.08     0.01
  MONTH TO DATE    0.66                      1.85  -1.19     1.40
  SINCE DEC 1      7.60                      8.00  -0.40     7.95
  SINCE JAN 1      2.10                      4.71  -2.61     5.58

SNOWFALL (IN)
  TODAY           MM             7.2  1979   0.6   MM       MM
  MONTH TO DATE   MM                        16.5   MM       MM
  SINCE DEC 1     MM                        56.2   MM       MM
  SINCE JUL 1     MM                        64.3   MM       MM
  SNOW DEPTH       0

DEGREE DAYS
 HEATING
  TODAY           57                        46     11       61
  MONTH TO DATE 1607                      1305    302     1332
  SINCE DEC 1   4544                      4372    172     4459
  SINCE JUL 1   6441                      6480    -39     6460

 COOLING
  TODAY            0                         0      0        0
  MONTH TO DATE    0                         0      0        0
  SINCE DEC 1      0                         0      0        0
  SINCE JAN 1      0                         0      0        0
..................................................................


WIND (MPH)
  HIGHEST WIND SPEED    17   HIGHEST WIND DIRECTION     W (270)
  HIGHEST GUST SPEED    29   HIGHEST GUST DIRECTION     W (280)
  AVERAGE WIND SPEED     8.4


SKY COVER
  POSSIBLE SUNSHINE  MM
  AVERAGE SKY COVER 0.0


WEATHER CONDITIONS
 THE FOLLOWING WEATHER WAS RECORDED TODAY.
  LIGHT SNOW


RELATIVE HUMIDITY (PERCENT)
 HIGHEST    59          1200 AM
 LOWEST     27           400 PM
 AVERAGE    43

..........................................................


THE HOULTON ME CLIMATE NORMALS FOR TOMORROW
                         NORMAL    RECORD    YEAR
 MAXIMUM TEMPERATURE (F)   30        47      2009
                                             2002
 MINIMUM TEMPERATURE (F)    8       -27      1950


SUNRISE AND SUNSET
FEBRUARY 26 2015......SUNRISE   616 AM EST   SUNSET   513 PM EST
FEBRUARY 27 2015......SUNRISE   614 AM EST   SUNSET   514 PM EST


-  INDICATES NEGATIVE NUMBERS.
R  INDICATES RECORD WAS SET OR TIED.
MM INDICATES DATA IS MISSING.
T  INDICATES TRACE AMOUNT.




$$
