000
CDUS41 KCAR 250528
CLIHUL


CLIMATE REPORT
NATIONAL WEATHER SERVICE CARIBOU, ME
127 AM EDT FRI JUL 25 2014


...................................

...THE HOULTON ME CLIMATE SUMMARY FOR JULY 24 2014...

CLIMATE NORMAL PERIOD 1981 TO 2010
CLIMATE RECORD PERIOD 1948 TO 2014


WEATHER ITEM   OBSERVED TIME   RECORD YEAR NORMAL DEPARTURE LAST
                VALUE   (LST)  VALUE       VALUE  FROM      YEAR
                                                  NORMAL
..................................................................
TEMPERATURE (F)
 YESTERDAY
  MAXIMUM         73    448 PM  95    1970  78     -5       80
  MINIMUM         48   1140 PM  41    2004  54     -6       52
                                      2002
  AVERAGE         61                        66     -5       66

PRECIPITATION (IN)
  YESTERDAY        0.06          1.18 1976   0.12  -0.06     0.10
  MONTH TO DATE    5.89                      2.82   3.07     4.47
  SINCE JUN 1     10.15                      6.47   3.68     9.55
  SINCE JAN 1     24.85                     21.10   3.75    20.78

SNOWFALL (IN)
  YESTERDAY       MM             0.0  2003   0.0   MM       MM
  MONTH TO DATE   MM                         0.0   MM       MM
  SINCE JUN 1     MM                         0.0   MM       MM
  SINCE JUL 1     MM                         0.0   MM       MM
  SNOW DEPTH      MM

DEGREE DAYS
 HEATING
  YESTERDAY        4                         2      2        0
  MONTH TO DATE   27                        51    -24       27
  SINCE JUN 1    156                       232    -76      224
  SINCE JUL 1     27                        51    -24       27

 COOLING
  YESTERDAY        0                         3     -3        1
  MONTH TO DATE  118                        70     48      106
  SINCE JUN 1    143                       105     38      142
  SINCE JAN 1    144                       109     35      146
..................................................................


WIND (MPH)
  HIGHEST WIND SPEED    17   HIGHEST WIND DIRECTION     N (10)
  HIGHEST GUST SPEED    21   HIGHEST GUST DIRECTION     N (10)
  AVERAGE WIND SPEED     6.8


SKY COVER
  POSSIBLE SUNSHINE  MM
  AVERAGE SKY COVER 0.3


WEATHER CONDITIONS
 THE FOLLOWING WEATHER WAS RECORDED YESTERDAY.
  FOG


RELATIVE HUMIDITY (PERCENT)
 HIGHEST    96          1000 PM
 LOWEST     38           300 PM
 AVERAGE    67

..........................................................


THE HOULTON ME CLIMATE NORMALS FOR TODAY
                         NORMAL    RECORD    YEAR
 MAXIMUM TEMPERATURE (F)   78        96      1970
 MINIMUM TEMPERATURE (F)   54        38      2002


SUNRISE AND SUNSET
JULY 25 2014..........SUNRISE   505 AM EDT   SUNSET   810 PM EDT
JULY 26 2014..........SUNRISE   506 AM EDT   SUNSET   808 PM EDT


-  INDICATES NEGATIVE NUMBERS.
R  INDICATES RECORD WAS SET OR TIED.
MM INDICATES DATA IS MISSING.
T  INDICATES TRACE AMOUNT.




$$
