000
CDUS41 KCAR 290537
CLIHUL


CLIMATE REPORT
NATIONAL WEATHER SERVICE CARIBOU, ME
133 AM EDT FRI APR 29 2016


...................................

...THE HOULTON ME CLIMATE SUMMARY FOR APRIL 28 2016...

CLIMATE NORMAL PERIOD 1981 TO 2010
CLIMATE RECORD PERIOD 1948 TO 2016


WEATHER ITEM   OBSERVED TIME   RECORD YEAR NORMAL DEPARTURE LAST
                VALUE   (LST)  VALUE       VALUE  FROM      YEAR
                                                  NORMAL
..................................................................
TEMPERATURE (F)
 YESTERDAY
  MAXIMUM         39    444 PM  81    2009  57    -18       50
  MINIMUM         19   1144 PM  17    1947  33    -14       36
  AVERAGE         29                        45    -16       43

PRECIPITATION (IN)
  YESTERDAY        T             2.13 1973   0.14  -0.14     0.11
  MONTH TO DATE    2.76                      3.60  -0.84     2.63
  SINCE MAR 1      6.76                      6.19   0.57     3.34
  SINCE JAN 1     11.72                     11.05   0.67     5.44

SNOWFALL (IN)
  YESTERDAY       MM             3.2  1997   0.1   MM       MM
  MONTH TO DATE    0.0                       5.9   -5.9     MM
  SINCE MAR 1      0.0                      23.7  -23.7     MM
  SINCE JUL 1      0.0                      89.3  -89.3     MM
  SNOW DEPTH      MM

DEGREE DAYS
 HEATING
  YESTERDAY       36                        20     16       22
  MONTH TO DATE  795                       738     57      797
  SINCE MAR 1   1972                      1961     11     2193
  SINCE JUL 1   7590                      8534   -944     8761

 COOLING
  YESTERDAY        0                         0      0        0
  MONTH TO DATE    0                         0      0        0
  SINCE MAR 1      0                         0      0        0
  SINCE JAN 1      0                         0      0        0
..................................................................


WIND (MPH)
  HIGHEST WIND SPEED    18   HIGHEST WIND DIRECTION     N (340)
  HIGHEST GUST SPEED    25   HIGHEST GUST DIRECTION     N (340)
  AVERAGE WIND SPEED     7.6


SKY COVER
  POSSIBLE SUNSHINE  MM
  AVERAGE SKY COVER 0.5


WEATHER CONDITIONS
 THE FOLLOWING WEATHER WAS RECORDED YESTERDAY.
  LIGHT SNOW


RELATIVE HUMIDITY (PERCENT)
 HIGHEST    77           300 AM
 LOWEST     27           300 PM
 AVERAGE    52

..........................................................


THE HOULTON ME CLIMATE NORMALS FOR TODAY
                         NORMAL    RECORD    YEAR
 MAXIMUM TEMPERATURE (F)   57        73      1984
 MINIMUM TEMPERATURE (F)   33        10      1947


SUNRISE AND SUNSET
APRIL 29 2016.........SUNRISE   520 AM EDT   SUNSET   737 PM EDT
APRIL 30 2016.........SUNRISE   519 AM EDT   SUNSET   739 PM EDT


-  INDICATES NEGATIVE NUMBERS.
R  INDICATES RECORD WAS SET OR TIED.
MM INDICATES DATA IS MISSING.
T  INDICATES TRACE AMOUNT.




$$
