000
CDUS41 KCAR 020550
CLIHUL


CLIMATE REPORT
NATIONAL WEATHER SERVICE CARIBOU, ME
148 AM EDT WED SEP 2 2015


...................................

...THE HOULTON ME CLIMATE SUMMARY FOR SEPTEMBER 1 2015...

CLIMATE NORMAL PERIOD 1981 TO 2010
CLIMATE RECORD PERIOD 1948 TO 2015


WEATHER ITEM   OBSERVED TIME   RECORD YEAR NORMAL DEPARTURE LAST
                VALUE   (LST)  VALUE       VALUE  FROM      YEAR
                                                  NORMAL
..................................................................
TEMPERATURE (F)
 YESTERDAY
  MAXIMUM         72    423 PM  93    2010  73     -1       81
  MINIMUM         54    909 PM  34    1991  48      6       65
  AVERAGE         63                        60      3       73

PRECIPITATION (IN)
  YESTERDAY        0.00          1.58 1961   0.10  -0.10      T
  MONTH TO DATE    0.00                      0.10  -0.10      T
  SINCE SEP 1      0.00                      0.10  -0.10      T
  SINCE JAN 1     18.76                     25.72  -6.96    27.66

SNOWFALL (IN)
  YESTERDAY       MM             0.0  2003   0.0   MM       MM
  MONTH TO DATE   MM                         0.0   MM       MM
  SINCE SEP 1     MM                         0.0   MM       MM
  SINCE JUL 1      0.0                       0.0    0.0     MM
  SNOW DEPTH      MM

DEGREE DAYS
 HEATING
  YESTERDAY        2                         6     -4        0
  MONTH TO DATE    2                         6     -4        0
  SINCE SEP 1      2                         6     -4        0
  SINCE JUL 1     89                       162    -73       85

 COOLING
  YESTERDAY        0                         1     -1        8
  MONTH TO DATE    0                         1     -1        8
  SINCE SEP 1      0                         1     -1        8
  SINCE JAN 1    190                       179     11      211
..................................................................


WIND (MPH)
  HIGHEST WIND SPEED    18   HIGHEST WIND DIRECTION     N (10)
  HIGHEST GUST SPEED    24   HIGHEST GUST DIRECTION     N (10)
  AVERAGE WIND SPEED     6.9


SKY COVER
  POSSIBLE SUNSHINE  MM
  AVERAGE SKY COVER 0.0


WEATHER CONDITIONS
 THE FOLLOWING WEATHER WAS RECORDED YESTERDAY.
  NO SIGNIFICANT WEATHER WAS OBSERVED.


RELATIVE HUMIDITY (PERCENT)
 HIGHEST    93           700 PM
 LOWEST     41           200 PM
 AVERAGE    67

..........................................................


THE HOULTON ME CLIMATE NORMALS FOR TODAY
                         NORMAL    RECORD    YEAR
 MAXIMUM TEMPERATURE (F)   72        90      1942
 MINIMUM TEMPERATURE (F)   48        31      1991


SUNRISE AND SUNSET
SEPTEMBER  2 2015.....SUNRISE   553 AM EDT   SUNSET   708 PM EDT
SEPTEMBER  3 2015.....SUNRISE   554 AM EDT   SUNSET   706 PM EDT


-  INDICATES NEGATIVE NUMBERS.
R  INDICATES RECORD WAS SET OR TIED.
MM INDICATES DATA IS MISSING.
T  INDICATES TRACE AMOUNT.




$$
