000
CDUS41 KCAR 162028
CLIHUL


CLIMATE REPORT
NATIONAL WEATHER SERVICE CARIBOU, ME
428 PM EDT WED AUG 16 2017


...................................

...THE HOULTON ME CLIMATE SUMMARY FOR AUGUST 16 2017...
VALID TODAY AS OF 0400 PM LOCAL TIME.

CLIMATE NORMAL PERIOD 1981 TO 2010
CLIMATE RECORD PERIOD 1948 TO 2017


WEATHER ITEM   OBSERVED TIME   RECORD YEAR NORMAL DEPARTURE LAST
                VALUE   (LST)  VALUE       VALUE  FROM      YEAR
                                                  NORMAL
..................................................................
TEMPERATURE (F)
 TODAY
  MAXIMUM         73    228 PM  96    1944  76     -3       81
  MINIMUM         62    435 AM  37    1974  52     10       47
  AVERAGE         68                        64      4       64

PRECIPITATION (IN)
  TODAY            0.00          0.93 1959   0.12  -0.12     0.06
  MONTH TO DATE    2.67                      2.04   0.63     3.72
  SINCE JUN 1      7.38                      9.35  -1.97    10.00
  SINCE JAN 1     22.13                     23.98  -1.85    24.38

SNOWFALL (IN)
  TODAY           MM             0.0  2003   0.0   MM       MM
  MONTH TO DATE   MM                         0.0   MM       MM
  SINCE JUN 1     MM                         0.0   MM       MM
  SINCE JUL 1     MM                         0.0   MM       MM
  SNOW DEPTH      MM

DEGREE DAYS
 HEATING
  TODAY            0                         3     -3        1
  MONTH TO DATE   21                        36    -15       28
  SINCE JUN 1    232                       277    -45      246
  SINCE JUL 1     72                        96    -24       71

 COOLING
  TODAY            3                         2      1        0
  MONTH TO DATE   36                        34      2       37
  SINCE JUN 1    154                       150      4      169
  SINCE JAN 1    160                       154      6      176
..................................................................


WIND (MPH)
  HIGHEST WIND SPEED    17   HIGHEST WIND DIRECTION    NW (300)
  HIGHEST GUST SPEED    27   HIGHEST GUST DIRECTION    NW (330)
  AVERAGE WIND SPEED     8.2


SKY COVER
  POSSIBLE SUNSHINE  MM
  AVERAGE SKY COVER 0.6


WEATHER CONDITIONS
 THE FOLLOWING WEATHER WAS RECORDED TODAY.
  FOG


RELATIVE HUMIDITY (PERCENT)
 HIGHEST   100           200 AM
 LOWEST     38           200 PM
 AVERAGE    69

..........................................................


THE HOULTON ME CLIMATE NORMALS FOR TOMORROW
                         NORMAL    RECORD    YEAR
 MAXIMUM TEMPERATURE (F)   76        91      1987
 MINIMUM TEMPERATURE (F)   52        35      1979


SUNRISE AND SUNSET
AUGUST 16 2017........SUNRISE   532 AM EDT   SUNSET   738 PM EDT
AUGUST 17 2017........SUNRISE   533 AM EDT   SUNSET   736 PM EDT


-  INDICATES NEGATIVE NUMBERS.
R  INDICATES RECORD WAS SET OR TIED.
MM INDICATES DATA IS MISSING.
T  INDICATES TRACE AMOUNT.




$$
