856
CDUS41 KCAR 230617
CLIHUL


CLIMATE REPORT
NATIONAL WEATHER SERVICE CARIBOU, ME
117 AM EST FRI FEB 23 2018


...................................

...THE HOULTON ME CLIMATE SUMMARY FOR FEBRUARY 22 2018...

CLIMATE NORMAL PERIOD 1981 TO 2010
CLIMATE RECORD PERIOD 1948 TO 2018


WEATHER ITEM   OBSERVED TIME   RECORD YEAR NORMAL DEPARTURE LAST
                VALUE   (LST)  VALUE       VALUE  FROM      YEAR
                                                  NORMAL
..................................................................
TEMPERATURE (F)
 YESTERDAY
  MAXIMUM         30   1214 AM  55    1981  29      1       47
  MINIMUM          4   1159 PM -22    2000   6     -2       25
  AVERAGE         17                        17      0       36

PRECIPITATION (IN)
  YESTERDAY        0.00          0.93 1951   0.07  -0.07     0.00
  MONTH TO DATE    2.28                      1.55   0.73     1.00
  SINCE DEC 1      8.82                      7.70   1.12     6.75
  SINCE JAN 1      5.58                      4.41   1.17     3.83

SNOWFALL (IN)
  YESTERDAY        0.0           7.6  1973   0.7   -0.7     MM
  MONTH TO DATE    0.0                      14.0  -14.0     MM
  SINCE DEC 1      0.0                      53.7  -53.7     MM
  SINCE JUL 1      0.0                      61.8  -61.8     MM
  SNOW DEPTH      MM

DEGREE DAYS
 HEATING
  YESTERDAY       48                        48      0       29
  MONTH TO DATE 1012                      1118   -106     1151
  SINCE DEC 1   4135                      4185    -50     4033
  SINCE JUL 1   5841                      6293   -452     5776

 COOLING
  YESTERDAY        0                         0      0        0
  MONTH TO DATE    0                         0      0        0
  SINCE DEC 1      0                         0      0        0
  SINCE JAN 1      0                         0      0        0
..................................................................


WIND (MPH)
  HIGHEST WIND SPEED    20   HIGHEST WIND DIRECTION    NW (330)
  HIGHEST GUST SPEED    27   HIGHEST GUST DIRECTION     N (350)
  AVERAGE WIND SPEED     7.7


SKY COVER
  POSSIBLE SUNSHINE  MM
  AVERAGE SKY COVER 0.0


WEATHER CONDITIONS
 THE FOLLOWING WEATHER WAS RECORDED YESTERDAY.
  NO SIGNIFICANT WEATHER WAS OBSERVED.


RELATIVE HUMIDITY (PERCENT)
 HIGHEST    87          1100 PM
 LOWEST     40          1200 PM
 AVERAGE    64

..........................................................


THE HOULTON ME CLIMATE NORMALS FOR TODAY
                         NORMAL    RECORD    YEAR
 MAXIMUM TEMPERATURE (F)   29        58      1981
 MINIMUM TEMPERATURE (F)    6       -24      1972


SUNRISE AND SUNSET
FEBRUARY 23 2018......SUNRISE   621 AM EST   SUNSET   509 PM EST
FEBRUARY 24 2018......SUNRISE   619 AM EST   SUNSET   510 PM EST


-  INDICATES NEGATIVE NUMBERS.
R  INDICATES RECORD WAS SET OR TIED.
MM INDICATES DATA IS MISSING.
T  INDICATES TRACE AMOUNT.




$$
