000
CDUS41 KCAR 290536
CLIHUL


CLIMATE REPORT
NATIONAL WEATHER SERVICE CARIBOU, ME
132 AM EDT SUN MAR 29 2015


...................................

...THE HOULTON ME CLIMATE SUMMARY FOR MARCH 28 2015...

CLIMATE NORMAL PERIOD 1981 TO 2010
CLIMATE RECORD PERIOD 1948 TO 2015


WEATHER ITEM   OBSERVED TIME   RECORD YEAR NORMAL DEPARTURE LAST
                VALUE   (LST)  VALUE       VALUE  FROM      YEAR
                                                  NORMAL
..................................................................
TEMPERATURE (F)
 YESTERDAY
  MAXIMUM         33    450 PM  69    1993  40     -7       37
  MINIMUM         18    608 AM  -3    1974  20     -2       12
  AVERAGE         26                        30     -4       25

PRECIPITATION (IN)
  YESTERDAY        0.00          1.54 2005   0.09  -0.09     0.05
  MONTH TO DATE    0.69                      2.34  -1.65     1.58
  SINCE MAR 1      0.69                      2.34  -1.65     1.58
  SINCE JAN 1      2.79                      7.20  -4.41     7.16

SNOWFALL (IN)
  YESTERDAY       MM             1.0  1966   0.4   MM       MM
  MONTH TO DATE   MM                        16.7   MM       MM
  SINCE MAR 1     MM                        16.7   MM       MM
  SINCE JUL 1     MM                        82.3   MM       MM
  SNOW DEPTH      MM

DEGREE DAYS
 HEATING
  YESTERDAY       39                        35      4       40
  MONTH TO DATE 1290                      1123    167     1403
  SINCE MAR 1   1290                      1123    167     1403
  SINCE JUL 1   7858                      7696    162     7993

 COOLING
  YESTERDAY        0                         0      0        0
  MONTH TO DATE    0                         0      0        0
  SINCE MAR 1      0                         0      0        0
  SINCE JAN 1      0                         0      0        0
..................................................................


WIND (MPH)
  HIGHEST WIND SPEED    20   HIGHEST WIND DIRECTION     N (350)
  HIGHEST GUST SPEED    24   HIGHEST GUST DIRECTION     N (360)
  AVERAGE WIND SPEED    11.5


SKY COVER
  POSSIBLE SUNSHINE  MM
  AVERAGE SKY COVER 0.2


WEATHER CONDITIONS
 THE FOLLOWING WEATHER WAS RECORDED YESTERDAY.
  NO SIGNIFICANT WEATHER WAS OBSERVED.


RELATIVE HUMIDITY (PERCENT)
 HIGHEST    68           300 AM
 LOWEST     35          1000 PM
 AVERAGE    52

..........................................................


THE HOULTON ME CLIMATE NORMALS FOR TODAY
                         NORMAL    RECORD    YEAR
 MAXIMUM TEMPERATURE (F)   41        68      1945
 MINIMUM TEMPERATURE (F)   21         0      1987


SUNRISE AND SUNSET
MARCH 29 2015.........SUNRISE   617 AM EDT   SUNSET   655 PM EDT
MARCH 30 2015.........SUNRISE   615 AM EDT   SUNSET   657 PM EDT


-  INDICATES NEGATIVE NUMBERS.
R  INDICATES RECORD WAS SET OR TIED.
MM INDICATES DATA IS MISSING.
T  INDICATES TRACE AMOUNT.




$$
