000
CDUS45 KTFX 220752
CLIHVR


CLIMATE REPORT
NATIONAL WEATHER SERVICE GREAT FALLS MT
151 AM MDT WED MAR 22 2017


...................................

...THE HAVRE MT CLIMATE SUMMARY FOR MARCH 21 2017...

CLIMATE NORMAL PERIOD 1981 TO 2010
CLIMATE RECORD PERIOD 1880 TO 2017


WEATHER ITEM   OBSERVED TIME   RECORD YEAR NORMAL DEPARTURE LAST
                VALUE   (LST)  VALUE       VALUE  FROM      YEAR
                                                  NORMAL
..................................................................
TEMPERATURE (F)
 YESTERDAY
  MAXIMUM         49    332 PM  74    1939  47      2       66
  MINIMUM         30    629 AM -21    2002  23      7       28
  AVERAGE         40                        35      5       47

PRECIPITATION (IN)
  YESTERDAY        0.00          0.37 1985   0.02  -0.02      T
  MONTH TO DATE    0.15                      0.33  -0.18     0.22
  SINCE OCT 1      5.52                      2.35   3.17     2.61
  SINCE JAN 1      1.53                      0.94   0.59     0.68

SNOWFALL (IN)
  YESTERDAY        0.0           6.8  1940   0.2   -0.2      0.0
  MONTH TO DATE    1.0                       4.3   -3.3       T
  SINCE MAR 1      1.0                       4.3   -3.3       T
  SINCE JUL 1     31.9                      32.2   -0.3     14.3
  SNOW DEPTH       0

DEGREE DAYS
 HEATING
  YESTERDAY       25                        30     -5       18
  MONTH TO DATE  729                       723      6      506
  SINCE MAR 1    729                       723      6      506
  SINCE JUL 1   6728                      6843   -115     5931

 COOLING
  YESTERDAY        0                         0      0        0
  MONTH TO DATE    0                         0      0        0
  SINCE MAR 1      0                         0      0        0
  SINCE JAN 1      0                         0      0        0
..................................................................


WIND (MPH)
  HIGHEST WIND SPEED    29   HIGHEST WIND DIRECTION    SE (130)
  HIGHEST GUST SPEED    35   HIGHEST GUST DIRECTION    SE (130)
  AVERAGE WIND SPEED    18.4


SKY COVER
  AVERAGE SKY COVER 0.3


WEATHER CONDITIONS
 THE FOLLOWING WEATHER WAS RECORDED YESTERDAY.
  NO SIGNIFICANT WEATHER WAS OBSERVED.


RELATIVE HUMIDITY (PERCENT)
 HIGHEST    89          1100 PM
 LOWEST     49           300 AM
 AVERAGE    69

..........................................................


THE HAVRE MT CLIMATE NORMALS FOR TODAY
                         NORMAL    RECORD    YEAR
 MAXIMUM TEMPERATURE (F)   47        75      1928
                                             1910
 MINIMUM TEMPERATURE (F)   24       -14      2002


SUNRISE AND SUNSET
MARCH 22 2017.........SUNRISE   717 AM MDT   SUNSET   735 PM MDT
MARCH 23 2017.........SUNRISE   715 AM MDT   SUNSET   737 PM MDT


-  INDICATES NEGATIVE NUMBERS.
R  INDICATES RECORD WAS SET OR TIED.
MM INDICATES DATA IS MISSING.
T  INDICATES TRACE AMOUNT.




$$
