000
CDUS45 KTFX 201121
CLIHVR


CLIMATE REPORT
NATIONAL WEATHER SERVICE GREAT FALLS MT
419 AM MST MON FEB 20 2017


...................................

...THE HAVRE MT CLIMATE SUMMARY FOR FEBRUARY 19 2017...

CLIMATE NORMAL PERIOD 1981 TO 2010
CLIMATE RECORD PERIOD 1880 TO 2017


WEATHER ITEM   OBSERVED TIME   RECORD YEAR NORMAL DEPARTURE LAST
                VALUE   (LST)  VALUE       VALUE  FROM      YEAR
                                                  NORMAL
..................................................................
TEMPERATURE (F)
 YESTERDAY
  MAXIMUM         49    236 PM  68    1981  35     14       49
  MINIMUM         28   1117 PM -33    1884  12     16       34
  AVERAGE         39                        23     16       42

PRECIPITATION (IN)
  YESTERDAY        0.01          0.15 1974   0.01   0.00     0.00
  MONTH TO DATE    0.34                      0.18   0.16     0.03
  SINCE OCT 1      5.02                      1.92   3.10     2.32
  SINCE JAN 1      1.03                      0.51   0.52     0.39

SNOWFALL (IN)
  YESTERDAY        T             2.1  1993   0.2   -0.2      0.0
  MONTH TO DATE    5.0                       3.9    1.1       T
  SINCE DEC 1     21.2                      18.4    2.8     10.8
  SINCE JUL 1     26.7                      26.0    0.7     13.8
  SNOW DEPTH       0

DEGREE DAYS
 HEATING
  YESTERDAY       26                        42    -16       23
  MONTH TO DATE  780                       832    -52      566
  SINCE DEC 1   3910                      3712    198     3273
  SINCE JUL 1   5657                      5755    -98     5126

 COOLING
  YESTERDAY        0                         0      0        0
  MONTH TO DATE    0                         0      0        0
  SINCE DEC 1      0                         0      0        0
  SINCE JAN 1      0                         0      0        0
..................................................................


WIND (MPH)
  HIGHEST WIND SPEED    22   HIGHEST WIND DIRECTION     E (80)
  HIGHEST GUST SPEED    27   HIGHEST GUST DIRECTION     E (80)
  AVERAGE WIND SPEED     5.7


SKY COVER
  AVERAGE SKY COVER 0.4


WEATHER CONDITIONS
 THE FOLLOWING WEATHER WAS RECORDED YESTERDAY.
  LIGHT SNOW
  FOG


RELATIVE HUMIDITY (PERCENT)
 HIGHEST   100           400 AM
 LOWEST     61           400 PM
 AVERAGE    81

..........................................................


THE HAVRE MT CLIMATE NORMALS FOR TODAY
                         NORMAL    RECORD    YEAR
 MAXIMUM TEMPERATURE (F)   35        67      1995
 MINIMUM TEMPERATURE (F)   12       -39      1918


SUNRISE AND SUNSET
FEBRUARY 20 2017......SUNRISE   717 AM MST   SUNSET   549 PM MST
FEBRUARY 21 2017......SUNRISE   715 AM MST   SUNSET   551 PM MST


-  INDICATES NEGATIVE NUMBERS.
R  INDICATES RECORD WAS SET OR TIED.
MM INDICATES DATA IS MISSING.
T  INDICATES TRACE AMOUNT.




$$
