000
CDUS45 KTFX 241010
CLIHVR


CLIMATE REPORT
NATIONAL WEATHER SERVICE GREAT FALLS MT
409 AM MDT THU APR 24 2014


...................................

...THE HAVRE MT CLIMATE SUMMARY FOR APRIL 23 2014...

CLIMATE NORMAL PERIOD 1981 TO 2010
CLIMATE RECORD PERIOD 1880 TO 2014


WEATHER ITEM   OBSERVED TIME   RECORD YEAR NORMAL DEPARTURE LAST
                VALUE   (LST)  VALUE       VALUE  FROM      YEAR
                                                  NORMAL
..................................................................
TEMPERATURE (F)
 YESTERDAY
  MAXIMUM         60    228 PM  89    2012  61     -1       53
  MINIMUM         39   1159 PM  -4    1967  33      6       20
  AVERAGE         50                        47      3       37

PRECIPITATION (IN)
  YESTERDAY        0.08          0.77 1900   0.03   0.05     0.00
  MONTH TO DATE    0.47                      0.58  -0.11     0.67
  SINCE OCT 1      4.28                      3.14   1.14     5.07
  SINCE JAN 1      2.27                      1.73   0.54     2.59

SNOWFALL (IN)
  YESTERDAY        0.0           1.3  1907   0.1   -0.1      0.0
  MONTH TO DATE    T                         2.6   -2.6      3.5
  SINCE MAR 1      7.0                       8.9   -1.9      6.3
  SINCE JUL 1     44.4                      36.8    7.6     50.5
  SNOW DEPTH       0

DEGREE DAYS
 HEATING
  YESTERDAY       15                        18     -3       28
  MONTH TO DATE  476                       499    -23      633
  SINCE MAR 1   1638                      1497    141     1680
  SINCE JUL 1   7879                      7617    262     7496

 COOLING
  YESTERDAY        0                         0      0        0
  MONTH TO DATE    0                         0      0        0
  SINCE MAR 1      0                         0      0        0
  SINCE JAN 1      0                         0      0        0
..................................................................


WIND (MPH)
  HIGHEST WIND SPEED    38   HIGHEST WIND DIRECTION     W (260)
  HIGHEST GUST SPEED    48   HIGHEST GUST DIRECTION     W (250)
  AVERAGE WIND SPEED    21.9


SKY COVER
  AVERAGE SKY COVER 0.4


WEATHER CONDITIONS
 THE FOLLOWING WEATHER WAS RECORDED YESTERDAY.
  HEAVY RAIN
  LIGHT RAIN
  FOG


RELATIVE HUMIDITY (PERCENT)
 HIGHEST    92           200 AM
 LOWEST     23           400 PM
 AVERAGE    58

..........................................................


THE HAVRE MT CLIMATE NORMALS FOR TODAY
                         NORMAL    RECORD    YEAR
 MAXIMUM TEMPERATURE (F)   61        88      1910
 MINIMUM TEMPERATURE (F)   33         4      1967


SUNRISE AND SUNSET
APRIL 24 2014.........SUNRISE   612 AM MDT   SUNSET   824 PM MDT
APRIL 25 2014.........SUNRISE   610 AM MDT   SUNSET   825 PM MDT


-  INDICATES NEGATIVE NUMBERS.
R  INDICATES RECORD WAS SET OR TIED.
MM INDICATES DATA IS MISSING.
T  INDICATES TRACE AMOUNT.




$$
