000
CDUS45 KTFX 282334
CLIHVR


CLIMATE REPORT
NATIONAL WEATHER SERVICE GREAT FALLS MT
433 PM MST SUN DEC 28 2014


...................................

...THE HAVRE MT CLIMATE SUMMARY FOR DECEMBER 28 2014...
VALID TODAY AS OF 0400 PM LOCAL TIME.

CLIMATE NORMAL PERIOD 1981 TO 2010
CLIMATE RECORD PERIOD 1880 TO 2014


WEATHER ITEM   OBSERVED TIME   RECORD YEAR NORMAL DEPARTURE LAST
                VALUE   (LST)  VALUE       VALUE  FROM      YEAR
                                                  NORMAL
..................................................................
TEMPERATURE (F)
 TODAY
  MAXIMUM         22   1239 AM  57    2011  28     -6       42
  MINIMUM         17    945 AM -39    1968   6     11        7
  AVERAGE         20                        17      3       25

PRECIPITATION (IN)
  TODAY            T             0.48 1998   0.02  -0.02     0.05
  MONTH TO DATE    0.33                      0.36  -0.03     1.06
  SINCE OCT 1      1.56                      1.37   0.19     1.78
  SINCE JAN 1     12.72                     11.16   1.56    18.93

SNOWFALL (IN)
  TODAY           MM             5.3  1938   0.3   MM        2.0
  MONTH TO DATE    0.1                       6.6   -6.5     17.7
  SINCE DEC 1      0.1                       6.6   -6.5     17.7
  SINCE JUL 1      4.7                      14.2   -9.5     23.5
  SNOW DEPTH       T

DEGREE DAYS
 HEATING
  TODAY           45                        48     -3       40
  MONTH TO DATE 1077                      1279   -202     1479
  SINCE DEC 1   1077                      1279   -202     1479
  SINCE JUL 1   3014                      3322   -308     3405

 COOLING
  TODAY            0                         0      0        0
  MONTH TO DATE    0                         0      0        0
  SINCE DEC 1      0                         0      0        0
  SINCE JAN 1    402                       387     15      445
..................................................................


WIND (MPH)
  HIGHEST WIND SPEED    17   HIGHEST WIND DIRECTION    NE (60)
  HIGHEST GUST SPEED    20   HIGHEST GUST DIRECTION    NE (60)
  AVERAGE WIND SPEED    11.6


SKY COVER
  AVERAGE SKY COVER 1.0


WEATHER CONDITIONS
 THE FOLLOWING WEATHER WAS RECORDED TODAY.
  LIGHT SNOW
  FOG
  HAZE


RELATIVE HUMIDITY (PERCENT)
 HIGHEST    92           900 AM
 LOWEST     77          1100 AM
 AVERAGE    85

..........................................................


THE HAVRE MT CLIMATE NORMALS FOR TOMORROW
                         NORMAL    RECORD    YEAR
 MAXIMUM TEMPERATURE (F)   28        63      1956
 MINIMUM TEMPERATURE (F)    6       -46      1968


SUNRISE AND SUNSET
DECEMBER 28 2014......SUNRISE   811 AM MST   SUNSET   431 PM MST
DECEMBER 29 2014......SUNRISE   811 AM MST   SUNSET   431 PM MST


-  INDICATES NEGATIVE NUMBERS.
R  INDICATES RECORD WAS SET OR TIED.
MM INDICATES DATA IS MISSING.
T  INDICATES TRACE AMOUNT.




$$
