000
CDUS41 KLWX 240528
CLIIAD


CLIMATE REPORT
NATIONAL WEATHER SERVICE BALTIMORE MD/WASHINGTON DC
127 AM EDT WED AUG 24 2016


...................................

...THE WASHINGTON DULLES DC CLIMATE SUMMARY FOR AUGUST 23 2016...

CLIMATE NORMAL PERIOD 1981 TO 2010
CLIMATE RECORD PERIOD 1962 TO 2016


WEATHER ITEM   OBSERVED TIME   RECORD YEAR NORMAL DEPARTURE LAST
                VALUE   (LST)  VALUE       VALUE  FROM      YEAR
                                                  NORMAL
..................................................................
TEMPERATURE (F)
 YESTERDAY
  MAXIMUM         85    257 PM  96    1998  86     -1       84
  MINIMUM         61    446 AM  47    1981  64     -3       55
  AVERAGE         73                        75     -2       70

PRECIPITATION (IN)
  YESTERDAY        0.00          1.60 2001   0.11  -0.11     0.00
  MONTH TO DATE    0.94                      2.68  -1.74     0.98
  SINCE JUN 1     10.31                     10.33  -0.02    13.31
  SINCE JAN 1     27.98                     27.15   0.83    27.17

SNOWFALL (IN)
  YESTERDAY        0.0          MM      MM   0.0    0.0
  MONTH TO DATE    0.0                       0.0    0.0
  SINCE JUL 1      0.0                       0.0    0.0
  SNOW DEPTH       0

DEGREE DAYS
 HEATING
  YESTERDAY        0                         0      0        0
  MONTH TO DATE    0                         0      0        0
  SINCE JUN 1      3                        15    -12       15
  SINCE JUL 1      0                         0      0        0

 COOLING
  YESTERDAY        8                        10     -2        5
  MONTH TO DATE  339                       249     90      235
  SINCE JUN 1   1051                       849    202      859
  SINCE JAN 1   1149                       941    208     1041
..................................................................


WIND (MPH)
  HIGHEST WIND SPEED    14   HIGHEST WIND DIRECTION    SW (210)
  HIGHEST GUST SPEED    18   HIGHEST GUST DIRECTION    SW (220)
  AVERAGE WIND SPEED     4.3


SKY COVER
  POSSIBLE SUNSHINE  MM
  AVERAGE SKY COVER 0.4


WEATHER CONDITIONS
 THE FOLLOWING WEATHER WAS RECORDED YESTERDAY.
  HAZE


RELATIVE HUMIDITY (PERCENT)
 HIGHEST    90          1200 AM
 LOWEST     40           100 PM
 AVERAGE    65

..........................................................


THE WASHINGTON DULLES DC CLIMATE NORMALS FOR TODAY
                         NORMAL    RECORD    YEAR
 MAXIMUM TEMPERATURE (F)   86        97      1998
 MINIMUM TEMPERATURE (F)   63        46      1987
                                             1971


SUNRISE AND SUNSET
AUGUST 24 2016........SUNRISE   632 AM EDT   SUNSET   751 PM EDT
AUGUST 25 2016........SUNRISE   633 AM EDT   SUNSET   750 PM EDT


-  INDICATES NEGATIVE NUMBERS.
R  INDICATES RECORD WAS SET OR TIED.
MM INDICATES DATA IS MISSING.
T  INDICATES TRACE AMOUNT.




$$
