000
CDUS43 KUNR 210831
CLIICR


CLIMATE REPORT
NATIONAL WEATHER SERVICE RAPID CITY SD
231 AM MDT TUE OCT 21 2014


...................................

...THE WINNER REGIONAL AIRPORT SD CLIMATE SUMMARY FOR OCTOBER 20 2014...

CLIMATE NORMAL PERIOD 1981 TO 2010
CLIMATE RECORD PERIOD 9999 TO 9999


WEATHER ITEM   OBSERVED TIME   NORMAL DEPARTURE LAST
                VALUE   (LST)  VALUE  FROM      YEAR
                                      NORMAL
......................................................
TEMPERATURE (F)
 YESTERDAY
  MAXIMUM         78    406 PM  61     17       54
  MINIMUM         41    735 AM  38      3       31
  AVERAGE         60            49     11       43

PRECIPITATION (IN)
  YESTERDAY        0.00          0.06  -0.06      T
  MONTH TO DATE    0.17          1.15  -0.98     3.93
  SINCE SEP 1      1.21          3.14  -1.93     4.67
  SINCE JAN 1     14.28         20.14  -5.86    20.66

DEGREE DAYS
 HEATING
  YESTERDAY        5            16    -11       22
  MONTH TO DATE  187           251    -64      282
  SINCE SEP 1    294           379    -85      330
  SINCE JUL 1    307           393    -86      337

 COOLING
  YESTERDAY        0             0      0        0
  MONTH TO DATE    0             9     -9        2
  SINCE SEP 1    124           109     15      223
  SINCE JAN 1    854           915    -61     1014
......................................................


WIND (MPH)
  HIGHEST WIND SPEED    18   HIGHEST WIND DIRECTION     S (160)
  HIGHEST GUST SPEED    24   HIGHEST GUST DIRECTION     S (170)
  AVERAGE WIND SPEED     8.5


SKY COVER
  AVERAGE SKY COVER 0.0


WEATHER CONDITIONS
 THE FOLLOWING WEATHER WAS RECORDED YESTERDAY.
  NO SIGNIFICANT WEATHER WAS OBSERVED.


RELATIVE HUMIDITY (PERCENT)
 HIGHEST    76           700 AM
 LOWEST     23           400 PM
 AVERAGE    50

..........................................................




SUNRISE AND SUNSET
OCTOBER 21 2014.......SUNRISE   801 AM CDT   SUNSET   647 PM CDT
OCTOBER 22 2014.......SUNRISE   802 AM CDT   SUNSET   645 PM CDT


-  INDICATES NEGATIVE NUMBERS.
R  INDICATES RECORD WAS SET OR TIED.
MM INDICATES DATA IS MISSING.
T  INDICATES TRACE AMOUNT.




$$
