122
CDUS43 KUNR 270831
CLIICR


CLIMATE REPORT
NATIONAL WEATHER SERVICE RAPID CITY SD
130 AM MST MON FEB 27 2017


...................................

...THE WINNER REGIONAL AIRPORT SD CLIMATE SUMMARY FOR FEBRUARY 26 2017...

CLIMATE NORMAL PERIOD 1981 TO 2010
CLIMATE RECORD PERIOD 9999 TO 9999


WEATHER ITEM   OBSERVED TIME   NORMAL DEPARTURE LAST
                VALUE   (LST)  VALUE  FROM      YEAR
                                      NORMAL
......................................................
TEMPERATURE (F)
 YESTERDAY
  MAXIMUM         39    352 PM  41     -2       58
  MINIMUM         20    750 AM  20      0       22
  AVERAGE         30            30      0       40

PRECIPITATION (IN)
  YESTERDAY        0.00          0.02  -0.02     0.00
  MONTH TO DATE    0.09          0.48  -0.39     0.26
  SINCE DEC 1      1.72          1.07   0.65     1.78
  SINCE JAN 1      1.17          0.73   0.44     0.33

DEGREE DAYS
 HEATING
  YESTERDAY       35            35      0       25
  MONTH TO DATE  767           986   -219      767
  SINCE DEC 1   3219          3470   -251     3142
  SINCE JUL 1   4089          4941   -852     4237

 COOLING
  YESTERDAY        0             0      0        0
  MONTH TO DATE    0             0      0        0
  SINCE DEC 1      0             0      0        0
  SINCE JAN 1      0             0      0        0
......................................................


WIND (MPH)
  HIGHEST WIND SPEED    17   HIGHEST WIND DIRECTION    SW (220)
  HIGHEST GUST SPEED    22   HIGHEST GUST DIRECTION    SW (220)
  AVERAGE WIND SPEED    10.8


SKY COVER
  AVERAGE SKY COVER 0.0


WEATHER CONDITIONS
 THE FOLLOWING WEATHER WAS RECORDED YESTERDAY.
  NO SIGNIFICANT WEATHER WAS OBSERVED.


RELATIVE HUMIDITY (PERCENT)
 HIGHEST    73           500 AM
 LOWEST     47          1200 PM
 AVERAGE    60

..........................................................




SUNRISE AND SUNSET
FEBRUARY 27 2017......SUNRISE   718 AM CST   SUNSET   626 PM CST
FEBRUARY 28 2017......SUNRISE   717 AM CST   SUNSET   627 PM CST


-  INDICATES NEGATIVE NUMBERS.
R  INDICATES RECORD WAS SET OR TIED.
MM INDICATES DATA IS MISSING.
T  INDICATES TRACE AMOUNT.




$$
