515
CDUS43 KUNR 300831
CLIICR


CLIMATE REPORT
NATIONAL WEATHER SERVICE RAPID CITY SD
231 AM MDT TUE AUG 30 2016


...................................

...THE WINNER REGIONAL AIRPORT SD CLIMATE SUMMARY FOR AUGUST 29 2016...

CLIMATE NORMAL PERIOD 1981 TO 2010
CLIMATE RECORD PERIOD 9999 TO 9999


WEATHER ITEM   OBSERVED TIME   NORMAL DEPARTURE LAST
                VALUE   (LST)  VALUE  FROM      YEAR
                                      NORMAL
......................................................
TEMPERATURE (F)
 YESTERDAY
  MAXIMUM         93    318 PM  84      9       91
  MINIMUM         70    657 AM  59     11       65
  AVERAGE         82            72     10       78

PRECIPITATION (IN)
  YESTERDAY        0.00          0.05  -0.05     0.00
  MONTH TO DATE    1.99          2.20  -0.21     3.09
  SINCE JUN 1      5.51          8.81  -3.30     9.13
  SINCE JAN 1     14.86         16.88  -2.02    12.80

DEGREE DAYS
 HEATING
  YESTERDAY        0             1     -1        0
  MONTH TO DATE    7             3      4       14
  SINCE JUN 1     11            62    -51       17
  SINCE JUL 1      8             8      0       14

 COOLING
  YESTERDAY       17             7     10       13
  MONTH TO DATE  302           286     16      281
  SINCE JUN 1    974           762    212      874
  SINCE JAN 1   1021           792    229      909
......................................................


WIND (MPH)
  HIGHEST WIND SPEED    20   HIGHEST WIND DIRECTION    SW (220)
  HIGHEST GUST SPEED    25   HIGHEST GUST DIRECTION    SW (220)
  AVERAGE WIND SPEED     9.3


SKY COVER
  AVERAGE SKY COVER 0.0


WEATHER CONDITIONS
 THE FOLLOWING WEATHER WAS RECORDED YESTERDAY.
  NO SIGNIFICANT WEATHER WAS OBSERVED.


RELATIVE HUMIDITY (PERCENT)
 HIGHEST    78           700 AM
 LOWEST     38           200 PM
 AVERAGE    58

..........................................................




SUNRISE AND SUNSET
AUGUST 30 2016........SUNRISE   702 AM CDT   SUNSET   817 PM CDT
AUGUST 31 2016........SUNRISE   703 AM CDT   SUNSET   815 PM CDT


-  INDICATES NEGATIVE NUMBERS.
R  INDICATES RECORD WAS SET OR TIED.
MM INDICATES DATA IS MISSING.
T  INDICATES TRACE AMOUNT.




$$
