000
CDUS43 KUNR 160831
CLIICR


CLIMATE REPORT
NATIONAL WEATHER SERVICE RAPID CITY SD
230 AM MDT WED AUG 16 2017


...................................

...THE WINNER REGIONAL AIRPORT SD CLIMATE SUMMARY FOR AUGUST 15 2017...

CLIMATE NORMAL PERIOD 1981 TO 2010
CLIMATE RECORD PERIOD 9999 TO 9999


WEATHER ITEM   OBSERVED TIME   NORMAL DEPARTURE LAST
                VALUE   (LST)  VALUE  FROM      YEAR
                                      NORMAL
......................................................
TEMPERATURE (F)
 YESTERDAY
  MAXIMUM         82    247 PM  88     -6       86
  MINIMUM         65    614 AM  62      3       61
  AVERAGE         74            75     -1       74

PRECIPITATION (IN)
  YESTERDAY        0.12          0.09   0.03     0.33
  MONTH TO DATE    5.15          1.29   3.86     0.78
  SINCE JUN 1      5.65          7.90  -2.25     4.30
  SINCE JAN 1     12.74         15.97  -3.23    13.65

DEGREE DAYS
 HEATING
  YESTERDAY        0             0      0        0
  MONTH TO DATE    2             0      2        0
  SINCE JUN 1     10            59    -49        4
  SINCE JUL 1      2             5     -3        1

 COOLING
  YESTERDAY        9            10     -1        9
  MONTH TO DATE   78           164    -86      184
  SINCE JUN 1    834           640    194      856
  SINCE JAN 1    862           670    192      903
......................................................


WIND (MPH)
  HIGHEST WIND SPEED    21   HIGHEST WIND DIRECTION    SE (130)
  HIGHEST GUST SPEED    26   HIGHEST GUST DIRECTION    SE (120)
  AVERAGE WIND SPEED    10.6


SKY COVER
  AVERAGE SKY COVER 0.4


WEATHER CONDITIONS
 THE FOLLOWING WEATHER WAS RECORDED YESTERDAY.
  THUNDERSTORM
  LIGHT RAIN
  FOG


RELATIVE HUMIDITY (PERCENT)
 HIGHEST    93           600 AM
 LOWEST     62           200 PM
 AVERAGE    78

..........................................................




SUNRISE AND SUNSET
AUGUST 16 2017........SUNRISE   646 AM CDT   SUNSET   840 PM CDT
AUGUST 17 2017........SUNRISE   647 AM CDT   SUNSET   839 PM CDT


-  INDICATES NEGATIVE NUMBERS.
R  INDICATES RECORD WAS SET OR TIED.
MM INDICATES DATA IS MISSING.
T  INDICATES TRACE AMOUNT.




$$
