000
CDUS43 KUNR 030835
CLIICR


CLIMATE REPORT
NATIONAL WEATHER SERVICE RAPID CITY SD
235 AM MDT TUE MAY 3 2016


...................................

...THE WINNER REGIONAL AIRPORT SD CLIMATE SUMMARY FOR MAY 2 2016...

CLIMATE NORMAL PERIOD 1981 TO 2010
CLIMATE RECORD PERIOD 9999 TO 9999


WEATHER ITEM   OBSERVED TIME   NORMAL DEPARTURE LAST
                VALUE   (LST)  VALUE  FROM      YEAR
                                      NORMAL
......................................................
TEMPERATURE (F)
 YESTERDAY
  MAXIMUM         66    148 PM  65      1       88
  MINIMUM         38    151 AM  42     -4       54
  AVERAGE         52            54     -2       71

PRECIPITATION (IN)
  YESTERDAY        T             0.13  -0.13     0.00
  MONTH TO DATE    T             0.25  -0.25     0.01
  SINCE MAR 1      6.14          4.12   2.02     0.86
  SINCE JAN 1      6.53          4.88   1.65     0.95

DEGREE DAYS
 HEATING
  YESTERDAY       13            12      1        0
  MONTH TO DATE   30            24      6        5
  SINCE MAR 1   1129          1419   -290     1018
  SINCE JUL 1   5422          6428  -1006     5778

 COOLING
  YESTERDAY        0             0      0        6
  MONTH TO DATE    0             0      0        6
  SINCE MAR 1      9             2      7       18
  SINCE JAN 1      9             2      7       18
......................................................


WIND (MPH)
  HIGHEST WIND SPEED    24   HIGHEST WIND DIRECTION    NW (320)
  HIGHEST GUST SPEED    31   HIGHEST GUST DIRECTION    NW (320)
  AVERAGE WIND SPEED     6.5


SKY COVER
  AVERAGE SKY COVER 0.4


WEATHER CONDITIONS
 THE FOLLOWING WEATHER WAS RECORDED YESTERDAY.
  LIGHT RAIN


RELATIVE HUMIDITY (PERCENT)
 HIGHEST    80          1100 PM
 LOWEST     34           200 PM
 AVERAGE    57

..........................................................




SUNRISE AND SUNSET
MAY  3 2016...........SUNRISE   629 AM CDT   SUNSET   844 PM CDT
MAY  4 2016...........SUNRISE   628 AM CDT   SUNSET   845 PM CDT


-  INDICATES NEGATIVE NUMBERS.
R  INDICATES RECORD WAS SET OR TIED.
MM INDICATES DATA IS MISSING.
T  INDICATES TRACE AMOUNT.




$$
