000
CDUS43 KUNR 300834
CLIICR


CLIMATE REPORT
NATIONAL WEATHER SERVICE RAPID CITY SD
232 AM MDT FRI SEP 30 2016


...................................

...THE WINNER REGIONAL AIRPORT SD CLIMATE SUMMARY FOR SEPTEMBER 29 2016...

CLIMATE NORMAL PERIOD 1981 TO 2010
CLIMATE RECORD PERIOD 9999 TO 9999


WEATHER ITEM   OBSERVED TIME   NORMAL DEPARTURE LAST
                VALUE   (LST)  VALUE  FROM      YEAR
                                      NORMAL
......................................................
TEMPERATURE (F)
 YESTERDAY
  MAXIMUM         74    414 PM  71      3       70
  MINIMUM         42    634 AM  45     -3       52
  AVERAGE         58            58      0       61

PRECIPITATION (IN)
  YESTERDAY        0.00          0.05  -0.05     0.00
  MONTH TO DATE    2.03          1.93   0.10     1.50
  SINCE SEP 1      2.03          1.93   0.10     1.50
  SINCE JAN 1     16.89         18.93  -2.04    14.30

DEGREE DAYS
 HEATING
  YESTERDAY        7             8     -1        4
  MONTH TO DATE   63           120    -57       29
  SINCE SEP 1     63           120    -57       29
  SINCE JUL 1     71           134    -63       43

 COOLING
  YESTERDAY        0             1     -1        0
  MONTH TO DATE  116           100     16      188
  SINCE SEP 1    116           100     16      188
  SINCE JAN 1   1160           906    254     1128
......................................................


WIND (MPH)
  HIGHEST WIND SPEED    20   HIGHEST WIND DIRECTION    SE (140)
  HIGHEST GUST SPEED    29   HIGHEST GUST DIRECTION    SE (150)
  AVERAGE WIND SPEED    11.0


SKY COVER
  AVERAGE SKY COVER 0.0


WEATHER CONDITIONS
 THE FOLLOWING WEATHER WAS RECORDED YESTERDAY.
  NO SIGNIFICANT WEATHER WAS OBSERVED.


RELATIVE HUMIDITY (PERCENT)
 HIGHEST    89           500 AM
 LOWEST     33           300 PM
 AVERAGE    61

..........................................................




SUNRISE AND SUNSET
SEPTEMBER 30 2016.....SUNRISE   736 AM CDT   SUNSET   721 PM CDT
OCTOBER  1 2016.......SUNRISE   737 AM CDT   SUNSET   719 PM CDT


-  INDICATES NEGATIVE NUMBERS.
R  INDICATES RECORD WAS SET OR TIED.
MM INDICATES DATA IS MISSING.
T  INDICATES TRACE AMOUNT.




$$
