000
CDUS43 KUNR 290910
CLIICR


CLIMATE REPORT
NATIONAL WEATHER SERVICE RAPID CITY SD
310 AM MDT MON SEP 29 2014


...................................

...THE WINNER REGIONAL AIRPORT SD CLIMATE SUMMARY FOR SEPTEMBER 28 2014...

CLIMATE NORMAL PERIOD 1981 TO 2010
CLIMATE RECORD PERIOD 9999 TO 9999


WEATHER ITEM   OBSERVED TIME   NORMAL DEPARTURE LAST
                VALUE   (LST)  VALUE  FROM      YEAR
                                      NORMAL
......................................................
TEMPERATURE (F)
 YESTERDAY
  MAXIMUM         83    328 PM  71     12       70
  MINIMUM         56   1148 PM  45     11       43
  AVERAGE         70            58     12       57

PRECIPITATION (IN)
  YESTERDAY        0.00          0.07  -0.07     0.02
  MONTH TO DATE    0.91          1.88  -0.97     0.74
  SINCE SEP 1      0.91          1.88  -0.97     0.74
  SINCE JAN 1     13.98         18.88  -4.90    16.73

DEGREE DAYS
 HEATING
  YESTERDAY        0             8     -8        8
  MONTH TO DATE  102           112    -10       48
  SINCE SEP 1    102           112    -10       48
  SINCE JUL 1    115           126    -11       55

 COOLING
  YESTERDAY        5             1      4        0
  MONTH TO DATE  122            99     23      208
  SINCE SEP 1    122            99     23      208
  SINCE JAN 1    852           905    -53      999
......................................................


WIND (MPH)
  HIGHEST WIND SPEED    18   HIGHEST WIND DIRECTION     S (180)
  HIGHEST GUST SPEED    23   HIGHEST GUST DIRECTION     S (180)
  AVERAGE WIND SPEED     8.6


SKY COVER
  AVERAGE SKY COVER 0.1


WEATHER CONDITIONS
 THE FOLLOWING WEATHER WAS RECORDED YESTERDAY.
  HAZE


RELATIVE HUMIDITY (PERCENT)
 HIGHEST    86          1100 PM
 LOWEST     43           300 PM
 AVERAGE    65

..........................................................




SUNRISE AND SUNSET
SEPTEMBER 29 2014.....SUNRISE   735 AM CDT   SUNSET   724 PM CDT
SEPTEMBER 30 2014.....SUNRISE   736 AM CDT   SUNSET   722 PM CDT


-  INDICATES NEGATIVE NUMBERS.
R  INDICATES RECORD WAS SET OR TIED.
MM INDICATES DATA IS MISSING.
T  INDICATES TRACE AMOUNT.




$$
