000
CDUS43 KUNR 020832
CLIICR


CLIMATE REPORT
NATIONAL WEATHER SERVICE RAPID CITY SD
232 AM MDT WED SEP 2 2015


...................................

...THE WINNER REGIONAL AIRPORT SD CLIMATE SUMMARY FOR SEPTEMBER 1 2015...

CLIMATE NORMAL PERIOD 1981 TO 2010
CLIMATE RECORD PERIOD 9999 TO 9999


WEATHER ITEM   OBSERVED TIME   NORMAL DEPARTURE LAST
                VALUE   (LST)  VALUE  FROM      YEAR
                                      NORMAL
......................................................
TEMPERATURE (F)
 YESTERDAY
  MAXIMUM         91    210 PM  83      8       80
  MINIMUM         63    525 AM  58      5       54
  AVERAGE         77            70      7       67

PRECIPITATION (IN)
  YESTERDAY        T             0.08  -0.08     0.22
  MONTH TO DATE    T             0.08  -0.08     0.22
  SINCE SEP 1      T             0.08  -0.08     0.22
  SINCE JAN 1     12.80         17.08  -4.28    13.29

DEGREE DAYS
 HEATING
  YESTERDAY        0             1     -1        0
  MONTH TO DATE    0             1     -1        0
  SINCE SEP 1      0             1     -1        0
  SINCE JUL 1     14            15     -1       13

 COOLING
  YESTERDAY       12             7      5        2
  MONTH TO DATE   12             7      5        2
  SINCE SEP 1     12             7      5        2
  SINCE JAN 1    952           813    139      732
......................................................


WIND (MPH)
  HIGHEST WIND SPEED    22   HIGHEST WIND DIRECTION     S (170)
  HIGHEST GUST SPEED    29   HIGHEST GUST DIRECTION     S (160)
  AVERAGE WIND SPEED     9.8


SKY COVER
  AVERAGE SKY COVER 0.2


WEATHER CONDITIONS
 THE FOLLOWING WEATHER WAS RECORDED YESTERDAY.
  LIGHT RAIN
  FOG
  HAZE


RELATIVE HUMIDITY (PERCENT)
 HIGHEST    93           500 AM
 LOWEST     30           200 PM
 AVERAGE    62

..........................................................




SUNRISE AND SUNSET
SEPTEMBER  2 2015.....SUNRISE   704 AM CDT   SUNSET   813 PM CDT
SEPTEMBER  3 2015.....SUNRISE   705 AM CDT   SUNSET   811 PM CDT


-  INDICATES NEGATIVE NUMBERS.
R  INDICATES RECORD WAS SET OR TIED.
MM INDICATES DATA IS MISSING.
T  INDICATES TRACE AMOUNT.




$$
