000
CDUS43 KICT 010634
CLIICT


CLIMATE REPORT
NATIONAL WEATHER SERVICE WICHITA KS
1233 AM CST SUN MAR 1 2015


...................................

...THE WICHITA EISENHOWER NATIONAL CLIMATE SUMMARY FOR FEBRUARY 28 2015...

CLIMATE NORMAL PERIOD 1981 TO 2010
CLIMATE RECORD PERIOD 1888 TO 2015


WEATHER ITEM   OBSERVED TIME   RECORD YEAR NORMAL DEPARTURE LAST
                VALUE   (LST)  VALUE       VALUE  FROM      YEAR
                                                  NORMAL
..................................................................
TEMPERATURE (F)
 YESTERDAY
  MAXIMUM         23   1159 PM  78    2006  52    -29       48
  MINIMUM         16    524 AM   0    1890  30    -14       36
  AVERAGE         20                        41    -21       42

PRECIPITATION (IN)
  YESTERDAY        0.24          1.10 1987   0.05   0.19     0.02
  MONTH TO DATE    0.54                      1.18  -0.64     0.86
  SINCE DEC 1      2.94                      3.21  -0.27     1.59
  SINCE JAN 1      1.65                      2.01  -0.36     0.99

SNOWFALL (IN)
  YESTERDAY        3.7           5.6  1911   0.1    3.6      0.0
  MONTH TO DATE    6.9                       3.2    3.7     13.1
  SINCE DEC 1     15.1                      11.0    4.1     19.5
  SINCE JUL 1     16.9                      12.4    4.5     19.5
  SNOW DEPTH       1

DEGREE DAYS
 HEATING
  YESTERDAY       45                        24     21       23
  MONTH TO DATE  911                       779    132      945
  SINCE DEC 1   2685                      2764    -79     3034
  SINCE JUL 1   3565                      3640    -75     3919

 COOLING
  YESTERDAY        0                         0      0        0
  MONTH TO DATE    0                         0      0        0
  SINCE DEC 1      0                         0      0        0
  SINCE JAN 1      0                         0      0        0
..................................................................


WIND (MPH)
  HIGHEST WIND SPEED    12   HIGHEST WIND DIRECTION    SE (150)
  HIGHEST GUST SPEED    13   HIGHEST GUST DIRECTION    SE (150)
  AVERAGE WIND SPEED     6.4


SKY COVER
  POSSIBLE SUNSHINE  MM
  AVERAGE SKY COVER 1.0


WEATHER CONDITIONS
 THE FOLLOWING WEATHER WAS RECORDED YESTERDAY.
  HEAVY SNOW
  SNOW
  LIGHT SNOW
  FOG
  FOG W/VISIBILITY <= 1/4 MILE
  HAZE


RELATIVE HUMIDITY (PERCENT)
 HIGHEST    84           900 AM
 LOWEST     74           500 PM
 AVERAGE    79

..........................................................


THE WICHITA EISENHOWER NATIONAL CLIMATE NORMALS FOR TODAY
                         NORMAL    RECORD    YEAR
 MAXIMUM TEMPERATURE (F)   53        83      2006
 MINIMUM TEMPERATURE (F)   31         5      1890


SUNRISE AND SUNSET
MARCH  1 2015.........SUNRISE   701 AM CST   SUNSET   623 PM CST
MARCH  2 2015.........SUNRISE   700 AM CST   SUNSET   624 PM CST


-  INDICATES NEGATIVE NUMBERS.
R  INDICATES RECORD WAS SET OR TIED.
MM INDICATES DATA IS MISSING.
T  INDICATES TRACE AMOUNT.




$$
