000
CDUS43 KICT 190620
CLIICT


CLIMATE REPORT
NATIONAL WEATHER SERVICE WICHITA KS
119 AM CDT SAT AUG 19 2017


...................................

...THE WICHITA EISENHOWER NATIONAL CLIMATE SUMMARY FOR AUGUST 18 2017...

CLIMATE NORMAL PERIOD 1981 TO 2010
CLIMATE RECORD PERIOD 1888 TO 2017


WEATHER ITEM   OBSERVED TIME   RECORD YEAR NORMAL DEPARTURE LAST
                VALUE   (LST)  VALUE       VALUE  FROM      YEAR
                                                  NORMAL
..................................................................
TEMPERATURE (F)
 YESTERDAY
  MAXIMUM         94    318 PM 106    1970  91      3       88
  MINIMUM         68    604 AM  54    1943  69     -1       70
  AVERAGE         81                        80      1       79

PRECIPITATION (IN)
  YESTERDAY        T             1.70 1963   0.13  -0.13     0.00
  MONTH TO DATE    1.91                      2.11  -0.20     6.99
  SINCE JUN 1      8.22                     10.63  -2.41    19.49
  SINCE JAN 1     27.06                     22.49   4.57    35.05

SNOWFALL (IN)
  YESTERDAY        0.0           0.0  2007   0.0    0.0      0.0
  MONTH TO DATE    0.0                       0.0    0.0      0.0
  SINCE JUN 1      0.0                       0.0    0.0      0.0
  SINCE JUL 1      0.0                       0.0    0.0      0.0
  SNOW DEPTH       0

DEGREE DAYS
 HEATING
  YESTERDAY        0                         0      0        0
  MONTH TO DATE    0                         0      0        0
  SINCE JUN 1      0                         6     -6        0
  SINCE JUL 1      0                         0      0        0

 COOLING
  YESTERDAY       16                        15      1       14
  MONTH TO DATE  210                       284    -74      301
  SINCE JUN 1   1130                      1110     20     1375
  SINCE JAN 1   1286                      1246     40     1505
..................................................................


WIND (MPH)
  HIGHEST WIND SPEED    31   HIGHEST WIND DIRECTION    NW (320)
  HIGHEST GUST SPEED    38   HIGHEST GUST DIRECTION    NW (320)
  AVERAGE WIND SPEED     6.6


SKY COVER
  POSSIBLE SUNSHINE  MM
  AVERAGE SKY COVER 0.5


WEATHER CONDITIONS
 THE FOLLOWING WEATHER WAS RECORDED YESTERDAY.
  THUNDERSTORM
  LIGHT RAIN


RELATIVE HUMIDITY (PERCENT)
 HIGHEST    87           500 AM
 LOWEST     38           300 PM
 AVERAGE    63

..........................................................


THE WICHITA EISENHOWER NATIONAL CLIMATE NORMALS FOR TODAY
                         NORMAL    RECORD    YEAR
 MAXIMUM TEMPERATURE (F)   91       105      2011
                                             1936
 MINIMUM TEMPERATURE (F)   69        50      1950


SUNRISE AND SUNSET
AUGUST 19 2017........SUNRISE   649 AM CDT   SUNSET   817 PM CDT
AUGUST 20 2017........SUNRISE   650 AM CDT   SUNSET   815 PM CDT


-  INDICATES NEGATIVE NUMBERS.
R  INDICATES RECORD WAS SET OR TIED.
MM INDICATES DATA IS MISSING.
T  INDICATES TRACE AMOUNT.




$$
