000
CDUS43 KICT 282310
CLIICT


CLIMATE REPORT
NATIONAL WEATHER SERVICE WICHITA KS
510 PM CST SUN DEC 28 2014


...................................

...THE WICHITA MID CONTINENT CLIMATE SUMMARY FOR DECEMBER 28 2014...
VALID TODAY AS OF 0500 PM LOCAL TIME.

CLIMATE NORMAL PERIOD 1981 TO 2010
CLIMATE RECORD PERIOD 1888 TO 2014


WEATHER ITEM   OBSERVED TIME   RECORD YEAR NORMAL DEPARTURE LAST
                VALUE   (LST)  VALUE       VALUE  FROM      YEAR
                                                  NORMAL
..................................................................
TEMPERATURE (F)
 TODAY
  MAXIMUM         42    403 PM  71    1889  41      1       54
  MINIMUM         15    711 AM -10    1894  22     -7       27
  AVERAGE         29                        32     -3       41

PRECIPITATION (IN)
  TODAY            0.00          1.75 1979   0.03  -0.03     0.00
  MONTH TO DATE    1.22                      1.12   0.10     0.60
  SINCE DEC 1      1.22                      1.12   0.10     0.60
  SINCE JAN 1     25.53                     32.56  -7.03    40.45

SNOWFALL (IN)
  TODAY            0.0           0.9  1983   0.1   -0.1      0.0
  MONTH TO DATE    2.7                       3.8   -1.1      3.4
  SINCE DEC 1      2.7                       3.8   -1.1      3.4
  SINCE JUL 1      4.5                       5.2   -0.7      3.4
  SNOW DEPTH       0

DEGREE DAYS
 HEATING
  TODAY           36                        33      3       24
  MONTH TO DATE  695                       868   -173      962
  SINCE DEC 1    695                       868   -173      962
  SINCE JUL 1   1575                      1744   -169     1847

 COOLING
  TODAY            0                         0      0        0
  MONTH TO DATE    0                         0      0        0
  SINCE DEC 1      0                         0      0        0
  SINCE JAN 1   1849                      1686    163     1778
..................................................................


WIND (MPH)
  HIGHEST WIND SPEED    15   HIGHEST WIND DIRECTION     S (170)
  HIGHEST GUST SPEED    17   HIGHEST GUST DIRECTION     S (180)
  AVERAGE WIND SPEED     6.0


SKY COVER
  POSSIBLE SUNSHINE  MM
  AVERAGE SKY COVER 0.1


WEATHER CONDITIONS
 THE FOLLOWING WEATHER WAS RECORDED TODAY.
  NO SIGNIFICANT WEATHER WAS OBSERVED.


RELATIVE HUMIDITY (PERCENT)
 HIGHEST    84          1200 AM
 LOWEST     39           400 PM
 AVERAGE    62

..........................................................


THE WICHITA MID CONTINENT CLIMATE NORMALS FOR TOMORROW
                         NORMAL    RECORD    YEAR
 MAXIMUM TEMPERATURE (F)   41        66      1984
 MINIMUM TEMPERATURE (F)   22        -9      1983


SUNRISE AND SUNSET
DECEMBER 28 2014......SUNRISE   744 AM CST   SUNSET   519 PM CST
DECEMBER 29 2014......SUNRISE   744 AM CST   SUNSET   520 PM CST


-  INDICATES NEGATIVE NUMBERS.
R  INDICATES RECORD WAS SET OR TIED.
MM INDICATES DATA IS MISSING.
T  INDICATES TRACE AMOUNT.




$$
