000
CDUS43 KICT 190641
CLIICT


CLIMATE REPORT
NATIONAL WEATHER SERVICE WICHITA KS
140 AM CDT FRI SEP 19 2014


...................................

...THE WICHITA MID CONTINENT KS CLIMATE SUMMARY FOR SEPTEMBER 18 2014...

CLIMATE NORMAL PERIOD 1981 TO 2010
CLIMATE RECORD PERIOD 1888 TO 2014


WEATHER ITEM   OBSERVED TIME   RECORD YEAR NORMAL DEPARTURE LAST
                VALUE   (LST)  VALUE       VALUE  FROM      YEAR
                                                  NORMAL
..................................................................
TEMPERATURE (F)
 YESTERDAY
  MAXIMUM         90    427 PM 100    1997  82      8       94
  MINIMUM         67   1159 PM  38    1973  58      9       70
  AVERAGE         79                        70      9       82

PRECIPITATION (IN)
  YESTERDAY        0.00          1.79 1965   0.11  -0.11     0.00
  MONTH TO DATE    0.16                      1.91  -1.75     0.39
  SINCE SEP 1      0.16                      1.91  -1.75     0.39
  SINCE JAN 1     22.14                     26.00  -3.86    34.56

SNOWFALL (IN)
  YESTERDAY        0.0           0.0  2007   0.0    0.0      0.0
  MONTH TO DATE    0.0                       0.0    0.0      0.0
  SINCE SEP 1      0.0                       0.0    0.0      0.0
  SINCE JUL 1      0.0                       0.0    0.0      0.0
  SNOW DEPTH       0

DEGREE DAYS
 HEATING
  YESTERDAY        0                         1     -1        0
  MONTH TO DATE   20                         8     12        0
  SINCE SEP 1     20                         8     12        0
  SINCE JUL 1     21                         9     12        1

 COOLING
  YESTERDAY       14                         6      8       17
  MONTH TO DATE  176                       165     11      255
  SINCE SEP 1    176                       165     11      255
  SINCE JAN 1   1672                      1592     80     1668
..................................................................


WIND (MPH)
  HIGHEST WIND SPEED    28   HIGHEST WIND DIRECTION     S (160)
  HIGHEST GUST SPEED    33   HIGHEST GUST DIRECTION    SE (150)
  AVERAGE WIND SPEED    13.7


SKY COVER
  POSSIBLE SUNSHINE  MM
  AVERAGE SKY COVER 0.5


WEATHER CONDITIONS
 THE FOLLOWING WEATHER WAS RECORDED YESTERDAY.
  NO SIGNIFICANT WEATHER WAS OBSERVED.


RELATIVE HUMIDITY (PERCENT)
 HIGHEST    90           500 AM
 LOWEST     29           400 PM
 AVERAGE    60

..........................................................


THE WICHITA MID CONTINENT KS CLIMATE NORMALS FOR TODAY
                         NORMAL    RECORD    YEAR
 MAXIMUM TEMPERATURE (F)   81       101      1954
 MINIMUM TEMPERATURE (F)   58        38      1991


SUNRISE AND SUNSET
SEPTEMBER 19 2014.....SUNRISE   715 AM CDT   SUNSET   731 PM CDT
SEPTEMBER 20 2014.....SUNRISE   716 AM CDT   SUNSET   730 PM CDT


-  INDICATES NEGATIVE NUMBERS.
R  INDICATES RECORD WAS SET OR TIED.
MM INDICATES DATA IS MISSING.
T  INDICATES TRACE AMOUNT.




$$
