000
CDUS45 KPIH 290736
CLIIDA


CLIMATE REPORT
NATIONAL WEATHER SERVICE POCATELLO ID
135 AM MDT THU SEP 29 2016


...................................

...THE IDAHO FALLS ID CLIMATE SUMMARY FOR SEPTEMBER 28 2016...

CLIMATE NORMAL PERIOD 1981 TO 2010
CLIMATE RECORD PERIOD 1948 TO 2016


WEATHER ITEM   OBSERVED TIME   RECORD YEAR NORMAL DEPARTURE LAST
                VALUE   (LST)  VALUE       VALUE  FROM      YEAR
                                                  NORMAL
..................................................................
TEMPERATURE (F)
 YESTERDAY
  MAXIMUM         81    410 PM  87    2010  68     13       77
  MINIMUM         41    654 AM  18    1999  36      5       40
  AVERAGE         61                        52      9       59

PRECIPITATION (IN)
  YESTERDAY        0.00          0.88 2014   0.03  -0.03     0.00
  MONTH TO DATE    1.78                      0.78   1.00     0.52
  SINCE OCT 1      9.54                     10.33  -0.79     9.54
  SINCE JAN 1      7.22                      7.76  -0.54     8.08

SNOWFALL (IN)
  YESTERDAY       MM
  MONTH TO DATE   MM
  SINCE SEP 1     MM
  SINCE JUL 1     MM
  SNOW DEPTH      MM

DEGREE DAYS
 HEATING
  YESTERDAY        4                        13     -9        6
  MONTH TO DATE  234                       215     19      138
  SINCE SEP 1    234                       215     19      138
  SINCE JUL 1    311                       280     31      208

 COOLING
  YESTERDAY        0                         0      0        0
  MONTH TO DATE   16                        10      6       22
  SINCE SEP 1     16                        10      6       22
  SINCE JAN 1    260                       262     -2      324
..................................................................


WIND (MPH)
  HIGHEST WIND SPEED    12   HIGHEST WIND DIRECTION    SW (220)
  HIGHEST GUST SPEED    14   HIGHEST GUST DIRECTION     S (200)
  AVERAGE WIND SPEED     4.8


SKY COVER
  POSSIBLE SUNSHINE  MM
  AVERAGE SKY COVER 0.0


WEATHER CONDITIONS
 THE FOLLOWING WEATHER WAS RECORDED YESTERDAY.
  HAZE


RELATIVE HUMIDITY (PERCENT)
 HIGHEST    89           400 AM
 LOWEST     25           300 PM
 AVERAGE    57

..........................................................


THE IDAHO FALLS ID CLIMATE NORMALS FOR TODAY
                         NORMAL    RECORD    YEAR
 MAXIMUM TEMPERATURE (F)   68        89      1957
 MINIMUM TEMPERATURE (F)   36        18      1985


SUNRISE AND SUNSET
SEPTEMBER 29 2016.....SUNRISE   724 AM MDT   SUNSET   712 PM MDT
SEPTEMBER 30 2016.....SUNRISE   725 AM MDT   SUNSET   710 PM MDT


-  INDICATES NEGATIVE NUMBERS.
R  INDICATES RECORD WAS SET OR TIED.
MM INDICATES DATA IS MISSING.
T  INDICATES TRACE AMOUNT.




$$
