000
CDUS45 KPIH 262322
CLIIDA


CLIMATE REPORT
NATIONAL WEATHER SERVICE POCATELLO ID
521 PM MDT FRI AUG 26 2016


...................................

...THE IDAHO FALLS ID CLIMATE SUMMARY FOR AUGUST 26 2016...
VALID TODAY AS OF 0500 PM LOCAL TIME.

CLIMATE NORMAL PERIOD 1981 TO 2010
CLIMATE RECORD PERIOD 1948 TO 2016


WEATHER ITEM   OBSERVED TIME   RECORD YEAR NORMAL DEPARTURE LAST
                VALUE   (LST)  VALUE       VALUE  FROM      YEAR
                                                  NORMAL
..................................................................
TEMPERATURE (F)
 TODAY
  MAXIMUM         78    359 PM  97    2011  83     -5       79
                                      2010
  MINIMUM         42    610 AM  28    1992  47     -5       55
  AVERAGE         60                        65     -5       67

PRECIPITATION (IN)
  TODAY            0.00          0.23 2004   0.02  -0.02     0.00
  MONTH TO DATE    0.09                      0.43  -0.34     1.03
  SINCE OCT 1      7.76                      9.44  -1.68     8.84
  SINCE JAN 1      5.44                      6.87  -1.43     7.38

SNOWFALL (IN)
  TODAY           MM
  MONTH TO DATE   MM
  SINCE JUN 1     MM
  SINCE JUL 1     MM
  SNOW DEPTH      MM

DEGREE DAYS
 HEATING
  TODAY            5                         2      3        0
  MONTH TO DATE   41                        23     18       26
  SINCE JUN 1    148                       203    -55      114
  SINCE JUL 1     74                        50     24       68

 COOLING
  TODAY            0                         2     -2        2
  MONTH TO DATE   56                        86    -30       87
  SINCE JUN 1    232                       239     -7      282
  SINCE JAN 1    232                       241     -9      283
..................................................................


WIND (MPH)
  HIGHEST WIND SPEED    18   HIGHEST WIND DIRECTION    SW (210)
  HIGHEST GUST SPEED    23   HIGHEST GUST DIRECTION     S (200)
  AVERAGE WIND SPEED     8.3


SKY COVER
  POSSIBLE SUNSHINE  MM
  AVERAGE SKY COVER 0.1


WEATHER CONDITIONS
 THE FOLLOWING WEATHER WAS RECORDED TODAY.
  HAZE


RELATIVE HUMIDITY (PERCENT)
 HIGHEST    70           600 AM
 LOWEST     16           400 PM
 AVERAGE    43

..........................................................


THE IDAHO FALLS ID CLIMATE NORMALS FOR TOMORROW
                         NORMAL    RECORD    YEAR
 MAXIMUM TEMPERATURE (F)   83        93      1981
 MINIMUM TEMPERATURE (F)   46        33      1993


SUNRISE AND SUNSET
AUGUST 26 2016........SUNRISE   646 AM MDT   SUNSET   813 PM MDT
AUGUST 27 2016........SUNRISE   647 AM MDT   SUNSET   811 PM MDT


-  INDICATES NEGATIVE NUMBERS.
R  INDICATES RECORD WAS SET OR TIED.
MM INDICATES DATA IS MISSING.
T  INDICATES TRACE AMOUNT.




$$
