230
CDUS45 KPIH 232329
CLIIDA


CLIMATE REPORT
NATIONAL WEATHER SERVICE POCATELLO ID
528 PM MDT SUN JUL 23 2017


...................................

...THE IDAHO FALLS ID CLIMATE SUMMARY FOR JULY 23 2017...
VALID TODAY AS OF 0500 PM LOCAL TIME.

CLIMATE NORMAL PERIOD 1981 TO 2010
CLIMATE RECORD PERIOD 1948 TO 2017


WEATHER ITEM   OBSERVED TIME   RECORD YEAR NORMAL DEPARTURE LAST
                VALUE   (LST)  VALUE       VALUE  FROM      YEAR
                                                  NORMAL
..................................................................
TEMPERATURE (F)
 TODAY
  MAXIMUM         94    321 PM 100    2007  88      6       84
                                      2003
  MINIMUM         46    451 AM  40    1954  51     -5       50
  AVERAGE         70                        69      1       67

PRECIPITATION (IN)
  TODAY            0.00          0.61 1993   0.02  -0.02     0.00
  MONTH TO DATE    0.18                      0.38  -0.20     0.19
  SINCE OCT 1      9.28                      8.89   0.39     7.67
  SINCE JAN 1      5.00                      6.32  -1.32     5.35

SNOWFALL (IN)
  TODAY           MM
  MONTH TO DATE   MM
  SINCE JUN 1     MM
  SINCE JUL 1     MM
  SNOW DEPTH      MM

DEGREE DAYS
 HEATING
  TODAY            0                         0      0        0
  MONTH TO DATE    0                        25    -25       32
  SINCE JUN 1    108                       178    -70      106
  SINCE JUL 1      0                        25    -25       32

 COOLING
  TODAY            5                         5      0        2
  MONTH TO DATE  155                        88     67       69
  SINCE JUN 1    193                       118     75      129
  SINCE JAN 1    195                       120     75      129
..................................................................


WIND (MPH)
  HIGHEST WIND SPEED    20   HIGHEST WIND DIRECTION    SE (130)
  HIGHEST GUST SPEED    22   HIGHEST GUST DIRECTION    SE (140)
  AVERAGE WIND SPEED     4.9


SKY COVER
  POSSIBLE SUNSHINE  MM
  AVERAGE SKY COVER 0.3


WEATHER CONDITIONS
 THE FOLLOWING WEATHER WAS RECORDED TODAY.
  NO SIGNIFICANT WEATHER WAS OBSERVED.


RELATIVE HUMIDITY (PERCENT)
 HIGHEST    93           400 AM
 LOWEST     14           400 PM
 AVERAGE    54

..........................................................


THE IDAHO FALLS ID CLIMATE NORMALS FOR TOMORROW
                         NORMAL    RECORD    YEAR
 MAXIMUM TEMPERATURE (F)   88        97      1978
 MINIMUM TEMPERATURE (F)   51        41      2016


SUNRISE AND SUNSET
JULY 23 2017..........SUNRISE   609 AM MDT   SUNSET   900 PM MDT
JULY 24 2017..........SUNRISE   610 AM MDT   SUNSET   859 PM MDT


-  INDICATES NEGATIVE NUMBERS.
R  INDICATES RECORD WAS SET OR TIED.
MM INDICATES DATA IS MISSING.
T  INDICATES TRACE AMOUNT.




$$
