000
CDUS45 KPIH 280736
CLIIDA


CLIMATE REPORT
NATIONAL WEATHER SERVICE POCATELLO ID
1236 AM MST TUE FEB 28 2017


...................................

...THE IDAHO FALLS ID CLIMATE SUMMARY FOR FEBRUARY 27 2017...

CLIMATE NORMAL PERIOD 1981 TO 2010
CLIMATE RECORD PERIOD 1948 TO 2017


WEATHER ITEM   OBSERVED TIME   RECORD YEAR NORMAL DEPARTURE LAST
                VALUE   (LST)  VALUE       VALUE  FROM      YEAR
                                                  NORMAL
..................................................................
TEMPERATURE (F)
 YESTERDAY
  MAXIMUM         24    533 PM  58    1980  39    -15       45
  MINIMUM         14   1159 PM -18    1960  19     -5       26
  AVERAGE         19                        29    -10       36

PRECIPITATION (IN)
  YESTERDAY        0.10          0.16 1973   0.02   0.08     0.00
  MONTH TO DATE    1.25                      0.63   0.62     0.11
  SINCE OCT 1      6.42                      3.89   2.53     3.38
  SINCE JAN 1      2.14                      1.32   0.82     1.06

SNOWFALL (IN)
  YESTERDAY       MM
  MONTH TO DATE   MM
  SINCE DEC 1     MM
  SINCE JUL 1     MM
  SNOW DEPTH      MM

DEGREE DAYS
 HEATING
  YESTERDAY       46                        36     10       29
  MONTH TO DATE  975                      1104   -129     1092
  SINCE DEC 1   4134                      3864    270     3828
  SINCE JUL 1   5752                      5767    -15     5528

 COOLING
  YESTERDAY        0                         0      0        0
  MONTH TO DATE    0                         0      0        0
  SINCE DEC 1      0                         0      0        0
  SINCE JAN 1      0                         0      0        0
..................................................................


WIND (MPH)
  HIGHEST WIND SPEED    25   HIGHEST WIND DIRECTION    SW (220)
  HIGHEST GUST SPEED    32   HIGHEST GUST DIRECTION    SW (230)
  AVERAGE WIND SPEED     9.2


SKY COVER
  POSSIBLE SUNSHINE  MM
  AVERAGE SKY COVER 0.8


WEATHER CONDITIONS
 THE FOLLOWING WEATHER WAS RECORDED YESTERDAY.
  HEAVY SNOW
  SNOW
  LIGHT SNOW
  FOG
  FOG W/VISIBILITY <= 1/4 MILE
  HAZE


RELATIVE HUMIDITY (PERCENT)
 HIGHEST   100          1200 AM
 LOWEST     81           600 PM
 AVERAGE    91

..........................................................


THE IDAHO FALLS ID CLIMATE NORMALS FOR TODAY
                         NORMAL    RECORD    YEAR
 MAXIMUM TEMPERATURE (F)   39        59      1992
 MINIMUM TEMPERATURE (F)   19       -20      1960


SUNRISE AND SUNSET
FEBRUARY 28 2017......SUNRISE   706 AM MST   SUNSET   616 PM MST
MARCH  1 2017.........SUNRISE   704 AM MST   SUNSET   618 PM MST


-  INDICATES NEGATIVE NUMBERS.
R  INDICATES RECORD WAS SET OR TIED.
MM INDICATES DATA IS MISSING.
T  INDICATES TRACE AMOUNT.




$$
