000
CDUS45 KPIH 100731
CLIIDA


CLIMATE REPORT
NATIONAL WEATHER SERVICE POCATELLO ID
1231 AM MST SAT DEC 10 2016


...................................

...THE IDAHO FALLS ID CLIMATE SUMMARY FOR DECEMBER 9 2016...

CLIMATE NORMAL PERIOD 1981 TO 2010
CLIMATE RECORD PERIOD 1948 TO 2016


WEATHER ITEM   OBSERVED TIME   RECORD YEAR NORMAL DEPARTURE LAST
                VALUE   (LST)  VALUE       VALUE  FROM      YEAR
                                                  NORMAL
..................................................................
TEMPERATURE (F)
 YESTERDAY
  MAXIMUM         27   1109 PM  57    2015  30     -3       57
  MINIMUM         17    215 AM -29    1972  13      4       32
  AVERAGE         22                        22      0       45

PRECIPITATION (IN)
  YESTERDAY        0.12          0.44 1970   0.03   0.09      T
  MONTH TO DATE    0.16                      0.28  -0.12     0.07
  SINCE OCT 1      3.11                      1.98   1.13     2.00
  SINCE JAN 1     10.33                      9.80   0.53    10.08

SNOWFALL (IN)
  YESTERDAY       MM
  MONTH TO DATE   MM
  SINCE DEC 1     MM
  SINCE JUL 1     MM
  SNOW DEPTH      MM

DEGREE DAYS
 HEATING
  YESTERDAY       43                        43      0       20
  MONTH TO DATE  403                       377     26      332
  SINCE DEC 1    403                       377     26      332
  SINCE JUL 1   2021                      2280   -259     2032

 COOLING
  YESTERDAY        0                         0      0        0
  MONTH TO DATE    0                         0      0        0
  SINCE DEC 1      0                         0      0        0
  SINCE JAN 1    260                       264     -4      326
..................................................................


WIND (MPH)
  HIGHEST WIND SPEED    12   HIGHEST WIND DIRECTION    NW (330)
  HIGHEST GUST SPEED    16   HIGHEST GUST DIRECTION    NW (330)
  AVERAGE WIND SPEED     4.3


SKY COVER
  POSSIBLE SUNSHINE  MM
  AVERAGE SKY COVER 1.0


WEATHER CONDITIONS
 THE FOLLOWING WEATHER WAS RECORDED YESTERDAY.
  LT FREEZING RAIN
  LIGHT SNOW
  FOG
  HAZE


RELATIVE HUMIDITY (PERCENT)
 HIGHEST    92          1000 PM
 LOWEST     84          1200 AM
 AVERAGE    88

..........................................................


THE IDAHO FALLS ID CLIMATE NORMALS FOR TODAY
                         NORMAL    RECORD    YEAR
 MAXIMUM TEMPERATURE (F)   30        52      1993
 MINIMUM TEMPERATURE (F)   13       -30      1972


SUNRISE AND SUNSET
DECEMBER 10 2016......SUNRISE   751 AM MST   SUNSET   452 PM MST
DECEMBER 11 2016......SUNRISE   752 AM MST   SUNSET   452 PM MST


-  INDICATES NEGATIVE NUMBERS.
R  INDICATES RECORD WAS SET OR TIED.
MM INDICATES DATA IS MISSING.
T  INDICATES TRACE AMOUNT.




$$
