000
CDUS45 KPIH 010730
CLIIDA


CLIMATE REPORT
NATIONAL WEATHER SERVICE POCATELLO ID
128 AM MDT SUN MAY 1 2016


...................................

...THE IDAHO FALLS ID CLIMATE SUMMARY FOR APRIL 30 2016...

CLIMATE NORMAL PERIOD 1981 TO 2010
CLIMATE RECORD PERIOD 1948 TO 2016


WEATHER ITEM   OBSERVED TIME   RECORD YEAR NORMAL DEPARTURE LAST
                VALUE   (LST)  VALUE       VALUE  FROM      YEAR
                                                  NORMAL
..................................................................
TEMPERATURE (F)
 YESTERDAY
  MAXIMUM         60    333 PM  78    1977  62     -2       66
  MINIMUM         30    600 AM  18    1967  35     -5       48
  AVERAGE         45                        48     -3       57

PRECIPITATION (IN)
  YESTERDAY        T             0.29 1978   0.05  -0.05     0.03
  MONTH TO DATE    0.60                      1.14  -0.54     0.41
  SINCE OCT 1      5.59                      5.92  -0.33     2.39
  SINCE JAN 1      3.27                      3.35  -0.08     0.93

SNOWFALL (IN)
  YESTERDAY       MM
  MONTH TO DATE   MM
  SINCE MAR 1     MM
  SINCE JUL 1     MM
  SNOW DEPTH      MM

DEGREE DAYS
 HEATING
  YESTERDAY       20                        17      3        8
  MONTH TO DATE  497                       610   -113      575
  SINCE MAR 1   1292                      1511   -219     1267
  SINCE JUL 1   6874                      7313   -439     6085

 COOLING
  YESTERDAY        0                         0      0        0
  MONTH TO DATE    0                         0      0        0
  SINCE MAR 1      0                         0      0        0
  SINCE JAN 1      0                         0      0        0
..................................................................


WIND (MPH)
  HIGHEST WIND SPEED    30   HIGHEST WIND DIRECTION     N (360)
  HIGHEST GUST SPEED    38   HIGHEST GUST DIRECTION     N (350)
  AVERAGE WIND SPEED     8.3


SKY COVER
  POSSIBLE SUNSHINE  MM
  AVERAGE SKY COVER 0.6


WEATHER CONDITIONS
 THE FOLLOWING WEATHER WAS RECORDED YESTERDAY.
  LIGHT RAIN


RELATIVE HUMIDITY (PERCENT)
 HIGHEST   100           600 AM
 LOWEST     32           200 PM
 AVERAGE    66

..........................................................


THE IDAHO FALLS ID CLIMATE NORMALS FOR TODAY
                         NORMAL    RECORD    YEAR
 MAXIMUM TEMPERATURE (F)   63        82      1985
 MINIMUM TEMPERATURE (F)   35        19      1972


SUNRISE AND SUNSET
MAY  1 2016...........SUNRISE   620 AM MDT   SUNSET   831 PM MDT
MAY  2 2016...........SUNRISE   619 AM MDT   SUNSET   832 PM MDT


-  INDICATES NEGATIVE NUMBERS.
R  INDICATES RECORD WAS SET OR TIED.
MM INDICATES DATA IS MISSING.
T  INDICATES TRACE AMOUNT.




$$
