000
CDUS45 KPIH 230731
CLIIDA


CLIMATE REPORT
NATIONAL WEATHER SERVICE POCATELLO ID
130 AM MDT WED APR 23 2014


...................................

...THE IDAHO FALLS ID CLIMATE SUMMARY FOR APRIL 22 2014...

CLIMATE NORMAL PERIOD 1981 TO 2010
CLIMATE RECORD PERIOD 1948 TO 2014


WEATHER ITEM   OBSERVED TIME   RECORD YEAR NORMAL DEPARTURE LAST
                VALUE   (LST)  VALUE       VALUE  FROM      YEAR
                                                  NORMAL
..................................................................
TEMPERATURE (F)
 YESTERDAY
  MAXIMUM         73   1112 AM  83    2012  60     13       46
  MINIMUM         39   1159 PM  20    1967  33      6       26
  AVERAGE         56                        46     10       36

PRECIPITATION (IN)
  YESTERDAY        0.22          0.78 2010   0.04   0.18      T
  MONTH TO DATE    0.40                      0.76  -0.36     0.52
  SINCE OCT 1      3.99                      5.54  -1.55     4.05
  SINCE JAN 1      2.69                      2.97  -0.28     1.36

SNOWFALL (IN)
  YESTERDAY       MM
  MONTH TO DATE   MM
  SINCE MAR 1     MM
  SINCE JUL 1     MM
  SNOW DEPTH      MM

DEGREE DAYS
 HEATING
  YESTERDAY        9                        19    -10       29
  MONTH TO DATE  427                       470    -43      501
  SINCE MAR 1   1219                      1372   -153     1397
  SINCE JUL 1   6736                      7174   -438     6960

 COOLING
  YESTERDAY        0                         0      0        0
  MONTH TO DATE    0                         0      0        0
  SINCE MAR 1      0                         0      0        0
  SINCE JAN 1      0                         0      0        0
..................................................................


WIND (MPH)
  HIGHEST WIND SPEED    38   HIGHEST WIND DIRECTION    SW (210)
  HIGHEST GUST SPEED    48   HIGHEST GUST DIRECTION    SW (210)
  AVERAGE WIND SPEED    19.3


SKY COVER
  POSSIBLE SUNSHINE  MM
  AVERAGE SKY COVER 0.9


WEATHER CONDITIONS
 THE FOLLOWING WEATHER WAS RECORDED YESTERDAY.
  HEAVY RAIN
  LIGHT RAIN
  FOG
  SANDSTORM


RELATIVE HUMIDITY (PERCENT)
 HIGHEST    92           800 PM
 LOWEST     23          1200 PM
 AVERAGE    58

..........................................................


THE IDAHO FALLS ID CLIMATE NORMALS FOR TODAY
                         NORMAL    RECORD    YEAR
 MAXIMUM TEMPERATURE (F)   60        86      2012
 MINIMUM TEMPERATURE (F)   33        13      1968


SUNRISE AND SUNSET
APRIL 23 2014.........SUNRISE   633 AM MDT   SUNSET   821 PM MDT
APRIL 24 2014.........SUNRISE   631 AM MDT   SUNSET   822 PM MDT


-  INDICATES NEGATIVE NUMBERS.
R  INDICATES RECORD WAS SET OR TIED.
MM INDICATES DATA IS MISSING.
T  INDICATES TRACE AMOUNT.




$$
