000
CDUS45 KPIH 210735
CLIIDA


CLIMATE REPORT
NATIONAL WEATHER SERVICE POCATELLO ID
133 AM MDT THU SEP 21 2017


...................................

...THE IDAHO FALLS ID CLIMATE SUMMARY FOR SEPTEMBER 20 2017...

CLIMATE NORMAL PERIOD 1981 TO 2010
CLIMATE RECORD PERIOD 1948 TO 2017


WEATHER ITEM   OBSERVED TIME   RECORD YEAR NORMAL DEPARTURE LAST
                VALUE   (LST)  VALUE       VALUE  FROM      YEAR
                                                  NORMAL
..................................................................
TEMPERATURE (F)
 YESTERDAY
  MAXIMUM         64    252 PM  83    1966  72     -8       82
  MINIMUM         38    547 AM  18    1983  39     -1       44
  AVERAGE         51                        56     -5       63

PRECIPITATION (IN)
  YESTERDAY        0.27          0.54 1963   0.03   0.24     0.00
  MONTH TO DATE    1.62                      0.54   1.08     0.18
  SINCE OCT 1     11.99                     10.09   1.90     7.94
  SINCE JAN 1      7.71                      7.52   0.19     5.62

SNOWFALL (IN)
  YESTERDAY       MM
  MONTH TO DATE   MM
  SINCE SEP 1     MM
  SINCE JUL 1     MM
  SNOW DEPTH      MM

DEGREE DAYS
 HEATING
  YESTERDAY       14                        10      4        2
  MONTH TO DATE   90                       123    -33      153
  SINCE SEP 1     90                       123    -33      153
  SINCE JUL 1     99                       188    -89      230

 COOLING
  YESTERDAY        0                         0      0        0
  MONTH TO DATE   40                        10     30       16
  SINCE SEP 1     40                        10     30       16
  SINCE JAN 1    362                       262    100      260
..................................................................


WIND (MPH)
  HIGHEST WIND SPEED    33   HIGHEST WIND DIRECTION    SW (220)
  HIGHEST GUST SPEED    41   HIGHEST GUST DIRECTION    SW (220)
  AVERAGE WIND SPEED    15.4


SKY COVER
  POSSIBLE SUNSHINE  MM
  AVERAGE SKY COVER 0.7


WEATHER CONDITIONS
 THE FOLLOWING WEATHER WAS RECORDED YESTERDAY.
  RAIN
  LIGHT RAIN
  FOG


RELATIVE HUMIDITY (PERCENT)
 HIGHEST   100          1100 PM
 LOWEST     34           100 PM
 AVERAGE    67

..........................................................


THE IDAHO FALLS ID CLIMATE NORMALS FOR TODAY
                         NORMAL    RECORD    YEAR
 MAXIMUM TEMPERATURE (F)   72        86      1966
 MINIMUM TEMPERATURE (F)   39        22      1983


SUNRISE AND SUNSET
SEPTEMBER 21 2017.....SUNRISE   715 AM MDT   SUNSET   727 PM MDT
SEPTEMBER 22 2017.....SUNRISE   716 AM MDT   SUNSET   725 PM MDT


-  INDICATES NEGATIVE NUMBERS.
R  INDICATES RECORD WAS SET OR TIED.
MM INDICATES DATA IS MISSING.
T  INDICATES TRACE AMOUNT.




$$
