000
CDUS43 KUNR 240843
CLIIEN


CLIMATE REPORT
NATIONAL WEATHER SERVICE RAPID CITY SD
242 AM MDT SUN SEP 24 2017


...................................

...THE PINE RIDGE SD CLIMATE SUMMARY FOR SEPTEMBER 23 2017...

CLIMATE NORMAL PERIOD 1981 TO 2010
CLIMATE RECORD PERIOD 9999 TO 9999


WEATHER ITEM   OBSERVED TIME   NORMAL DEPARTURE LAST
                VALUE   (LST)  VALUE  FROM      YEAR
                                      NORMAL
......................................................
TEMPERATURE (F)
 YESTERDAY
  MAXIMUM         48    442 PM  74    -26       82
  MINIMUM         45    915 AM  41      4       53
  AVERAGE         47            58    -11       68

PRECIPITATION (IN)
  YESTERDAY        0.13          0.06   0.07     0.01
  MONTH TO DATE    0.62          1.30  -0.68     0.68
  SINCE SEP 1      0.62          1.30  -0.68     0.68
  SINCE JAN 1     13.79         15.09  -1.30    13.60

DEGREE DAYS
 HEATING
  YESTERDAY       18             8     10        0
  MONTH TO DATE   89           116    -27       86
  SINCE SEP 1     89           116    -27       86
  SINCE JUL 1    101           153    -52      119

 COOLING
  YESTERDAY        0             1     -1        3
  MONTH TO DATE   98            62     36       52
  SINCE SEP 1     98            62     36       52
  SINCE JAN 1    771           710     61      764
......................................................


WIND (MPH)
  HIGHEST WIND SPEED    15   HIGHEST WIND DIRECTION    NE (40)
  HIGHEST GUST SPEED    20   HIGHEST GUST DIRECTION    NE (40)
  AVERAGE WIND SPEED     7.5


SKY COVER
  AVERAGE SKY COVER 0.9


WEATHER CONDITIONS
 THE FOLLOWING WEATHER WAS RECORDED YESTERDAY.
  THUNDERSTORM
  LIGHT RAIN
  FOG


RELATIVE HUMIDITY (PERCENT)
 HIGHEST   100          1200 PM
 LOWEST     82           100 AM
 AVERAGE    91

..........................................................




SUNRISE AND SUNSET
SEPTEMBER 24 2017.....SUNRISE   640 AM MDT   SUNSET   643 PM MDT
SEPTEMBER 25 2017.....SUNRISE   641 AM MDT   SUNSET   641 PM MDT


-  INDICATES NEGATIVE NUMBERS.
R  INDICATES RECORD WAS SET OR TIED.
MM INDICATES DATA IS MISSING.
T  INDICATES TRACE AMOUNT.




$$
