000
CDUS43 KUNR 020858
CLIIEN


CLIMATE REPORT
NATIONAL WEATHER SERVICE RAPID CITY SD
258 AM MDT TUE SEP 2 2014


...................................

...THE PINE RIDGE SD CLIMATE SUMMARY FOR SEPTEMBER 1 2014...

CLIMATE NORMAL PERIOD 1981 TO 2010
CLIMATE RECORD PERIOD 9999 TO 9999


WEATHER ITEM   OBSERVED TIME   NORMAL DEPARTURE LAST
                VALUE   (LST)  VALUE  FROM      YEAR
                                      NORMAL
......................................................
TEMPERATURE (F)
 YESTERDAY
  MAXIMUM         77    145 PM  84     -7       85
  MINIMUM         42   1139 PM  51     -9       42
  AVERAGE         60            67     -7       64

PRECIPITATION (IN)
  YESTERDAY        0.15          0.05   0.10     0.00
  MONTH TO DATE    0.15          0.05   0.10     0.00
  SINCE SEP 1      0.15          0.05   0.10     0.00
  SINCE JAN 1     18.38         13.84   4.54    14.27

DEGREE DAYS
 HEATING
  YESTERDAY        5             2      3        1
  MONTH TO DATE    5             2      3        1
  SINCE SEP 1      5             2      3        1
  SINCE JUL 1     49            39     10        3

 COOLING
  YESTERDAY        0             5     -5        0
  MONTH TO DATE    0             5     -5        0
  SINCE SEP 1      0             5     -5        0
  SINCE JAN 1    418           653   -235      652
......................................................


WIND (MPH)
  HIGHEST WIND SPEED    24   HIGHEST WIND DIRECTION     W (270)
  HIGHEST GUST SPEED    39   HIGHEST GUST DIRECTION     W (260)
  AVERAGE WIND SPEED     5.4


SKY COVER
  AVERAGE SKY COVER 0.1


WEATHER CONDITIONS
 THE FOLLOWING WEATHER WAS RECORDED YESTERDAY.
  THUNDERSTORM
  HEAVY RAIN
  RAIN
  LIGHT RAIN
  FOG


RELATIVE HUMIDITY (PERCENT)
 HIGHEST   100           200 AM
 LOWEST     33           100 PM
 AVERAGE    67

..........................................................




SUNRISE AND SUNSET
SEPTEMBER  2 2014.....SUNRISE   616 AM MDT   SUNSET   723 PM MDT
SEPTEMBER  3 2014.....SUNRISE   617 AM MDT   SUNSET   721 PM MDT


-  INDICATES NEGATIVE NUMBERS.
R  INDICATES RECORD WAS SET OR TIED.
MM INDICATES DATA IS MISSING.
T  INDICATES TRACE AMOUNT.




$$
