000
CDUS43 KUNR 040836
CLIIEN


CLIMATE REPORT
NATIONAL WEATHER SERVICE RAPID CITY SD
234 AM MDT FRI SEP 4 2015


...................................

...THE PINE RIDGE SD CLIMATE SUMMARY FOR SEPTEMBER 3 2015...

CLIMATE NORMAL PERIOD 1981 TO 2010
CLIMATE RECORD PERIOD 9999 TO 9999


WEATHER ITEM   OBSERVED TIME   NORMAL DEPARTURE LAST
                VALUE   (LST)  VALUE  FROM      YEAR
                                      NORMAL
......................................................
TEMPERATURE (F)
 YESTERDAY
  MAXIMUM         97    316 PM  83     14       96
  MINIMUM         68    422 AM  50     18       53
  AVERAGE         83            66     17       75

PRECIPITATION (IN)
  YESTERDAY        0.03          0.06  -0.03     0.02
  MONTH TO DATE    0.03          0.17  -0.14     0.17
  SINCE SEP 1      0.03          0.17  -0.14     0.17
  SINCE JAN 1     16.34         13.96   2.38    18.40

DEGREE DAYS
 HEATING
  YESTERDAY        0             3     -3        0
  MONTH TO DATE    0             8     -8        9
  SINCE SEP 1      0             8     -8        9
  SINCE JUL 1     50            45      5       53

 COOLING
  YESTERDAY       18             4     14       10
  MONTH TO DATE   39            14     25       10
  SINCE SEP 1     39            14     25       10
  SINCE JAN 1    544           662   -118      428
......................................................


WIND (MPH)
  HIGHEST WIND SPEED    23   HIGHEST WIND DIRECTION    SE (150)
  HIGHEST GUST SPEED    30   HIGHEST GUST DIRECTION     S (160)
  AVERAGE WIND SPEED     7.3


SKY COVER
  AVERAGE SKY COVER 0.2


WEATHER CONDITIONS
 THE FOLLOWING WEATHER WAS RECORDED YESTERDAY.
  THUNDERSTORM
  LIGHT RAIN


RELATIVE HUMIDITY (PERCENT)
 HIGHEST    57           500 AM
 LOWEST     19           200 PM
 AVERAGE    38

..........................................................




SUNRISE AND SUNSET
SEPTEMBER  4 2015.....SUNRISE   617 AM MDT   SUNSET   720 PM MDT
SEPTEMBER  5 2015.....SUNRISE   619 AM MDT   SUNSET   718 PM MDT


-  INDICATES NEGATIVE NUMBERS.
R  INDICATES RECORD WAS SET OR TIED.
MM INDICATES DATA IS MISSING.
T  INDICATES TRACE AMOUNT.




$$
