060
CDUS43 KUNR 110833
CLIIEN


CLIMATE REPORT
NATIONAL WEATHER SERVICE RAPID CITY SD
133 AM MST THU FEB 11 2016


...................................

...THE PINE RIDGE SD CLIMATE SUMMARY FOR FEBRUARY 10 2016...

CLIMATE NORMAL PERIOD 1981 TO 2010
CLIMATE RECORD PERIOD 9999 TO 9999


WEATHER ITEM   OBSERVED TIME   NORMAL DEPARTURE LAST
                VALUE   (LST)  VALUE  FROM      YEAR
                                      NORMAL
......................................................
TEMPERATURE (F)
 YESTERDAY
  MAXIMUM         63    225 PM  39     24       60
  MINIMUM         24   1123 PM  12     12       28
  AVERAGE         44            25     19       44

PRECIPITATION (IN)
  YESTERDAY        0.00          0.02  -0.02     0.02
  MONTH TO DATE    0.06          0.18  -0.12     0.06
  SINCE DEC 1      1.29          0.85   0.44     0.80
  SINCE JAN 1      0.27          0.50  -0.23     0.25

DEGREE DAYS
 HEATING
  YESTERDAY       21            40    -19       21
  MONTH TO DATE  354           403    -49      294
  SINCE DEC 1   2897          2990    -93     2691
  SINCE JUL 1   4385          4680   -295     4490

 COOLING
  YESTERDAY        0             0      0        0
  MONTH TO DATE    0             0      0        0
  SINCE DEC 1      0             0      0        0
  SINCE JAN 1      0             0      0        0
......................................................


WIND (MPH)
  HIGHEST WIND SPEED    20   HIGHEST WIND DIRECTION    NW (310)
  HIGHEST GUST SPEED    25   HIGHEST GUST DIRECTION    NW (310)
  AVERAGE WIND SPEED     9.7


SKY COVER
  AVERAGE SKY COVER 0.0


WEATHER CONDITIONS
 THE FOLLOWING WEATHER WAS RECORDED YESTERDAY.
  NO SIGNIFICANT WEATHER WAS OBSERVED.


RELATIVE HUMIDITY (PERCENT)
 HIGHEST    85          1000 PM
 LOWEST     23           200 PM
 AVERAGE    54

..........................................................




SUNRISE AND SUNSET
FEBRUARY 11 2016......SUNRISE   654 AM MST   SUNSET   515 PM MST
FEBRUARY 12 2016......SUNRISE   652 AM MST   SUNSET   517 PM MST


-  INDICATES NEGATIVE NUMBERS.
R  INDICATES RECORD WAS SET OR TIED.
MM INDICATES DATA IS MISSING.
T  INDICATES TRACE AMOUNT.




$$
