000
CDUS43 KUNR 210832
CLIIEN


CLIMATE REPORT
NATIONAL WEATHER SERVICE RAPID CITY SD
131 AM MST SUN DEC 21 2014


...................................

...THE PINE RIDGE SD CLIMATE SUMMARY FOR DECEMBER 20 2014...

CLIMATE NORMAL PERIOD 1981 TO 2010
CLIMATE RECORD PERIOD 9999 TO 9999


WEATHER ITEM   OBSERVED TIME   NORMAL DEPARTURE LAST
                VALUE   (LST)  VALUE  FROM      YEAR
                                      NORMAL
......................................................
TEMPERATURE (F)
 YESTERDAY
  MAXIMUM         47    309 PM  35     12       23
  MINIMUM         14   1228 AM   9      5        1
  AVERAGE         31            22      9       12

PRECIPITATION (IN)
  YESTERDAY        0.00          0.01  -0.01     0.00
  MONTH TO DATE    0.10          0.22  -0.12     0.16
  SINCE DEC 1      0.10          0.22  -0.12     0.16
  SINCE JAN 1     22.20         17.39   4.81    20.12

DEGREE DAYS
 HEATING
  YESTERDAY       34            43     -9       53
  MONTH TO DATE  654           830   -176      827
  SINCE DEC 1    654           830   -176      827
  SINCE JUL 1   2453          2520    -67     2542

 COOLING
  YESTERDAY        0             0      0        0
  MONTH TO DATE    0             0      0        0
  SINCE DEC 1      0             0      0        0
  SINCE JAN 1    482           717   -235      804
......................................................


WIND (MPH)
  HIGHEST WIND SPEED    12   HIGHEST WIND DIRECTION     W (290)
  HIGHEST GUST SPEED    14   HIGHEST GUST DIRECTION     W (280)
  AVERAGE WIND SPEED     4.0


SKY COVER
  AVERAGE SKY COVER 0.4


WEATHER CONDITIONS
 THE FOLLOWING WEATHER WAS RECORDED YESTERDAY.
  NO SIGNIFICANT WEATHER WAS OBSERVED.


RELATIVE HUMIDITY (PERCENT)
 HIGHEST    88           800 PM
 LOWEST     45           300 PM
 AVERAGE    67

..........................................................




SUNRISE AND SUNSET
DECEMBER 21 2014......SUNRISE   718 AM MST   SUNSET   418 PM MST
DECEMBER 22 2014......SUNRISE   719 AM MST   SUNSET   419 PM MST


-  INDICATES NEGATIVE NUMBERS.
R  INDICATES RECORD WAS SET OR TIED.
MM INDICATES DATA IS MISSING.
T  INDICATES TRACE AMOUNT.




$$
