000
CDUS43 KUNR 210837
CLIIEN


CLIMATE REPORT
NATIONAL WEATHER SERVICE RAPID CITY SD
135 AM MST SUN JAN 21 2018


...................................

...THE PINE RIDGE SD CLIMATE SUMMARY FOR JANUARY 20 2018...

CLIMATE NORMAL PERIOD 1981 TO 2010
CLIMATE RECORD PERIOD 9999 TO 9999


WEATHER ITEM   OBSERVED TIME   NORMAL DEPARTURE LAST
                VALUE   (LST)  VALUE  FROM      YEAR
                                      NORMAL
......................................................
TEMPERATURE (F)
 YESTERDAY
  MAXIMUM         37    125 PM  37      0       37
  MINIMUM         20    406 AM  10     10       20
  AVERAGE         29            24      5       29

PRECIPITATION (IN)
  YESTERDAY        0.13          0.01   0.12     0.00
  MONTH TO DATE    0.20          0.17   0.03     0.05
  SINCE DEC 1      0.52          0.52   0.00     0.88
  SINCE JAN 1      0.20          0.17   0.03     0.05

DEGREE DAYS
 HEATING
  YESTERDAY       36            41     -5       36
  MONTH TO DATE  863           835     28     1015
  SINCE DEC 1   2037          2135    -98     2588
  SINCE JUL 1   3534          3825   -291     3761

 COOLING
  YESTERDAY        0             0      0        0
  MONTH TO DATE    0             0      0        0
  SINCE DEC 1      0             0      0        0
  SINCE JAN 1      0             0      0        0
......................................................


WIND (MPH)
  HIGHEST WIND SPEED    15   HIGHEST WIND DIRECTION     N (20)
  HIGHEST GUST SPEED    19   HIGHEST GUST DIRECTION     N (20)
  AVERAGE WIND SPEED     5.1


SKY COVER
  AVERAGE SKY COVER 0.6


WEATHER CONDITIONS
 THE FOLLOWING WEATHER WAS RECORDED YESTERDAY.
  LIGHT SNOW
  FOG


RELATIVE HUMIDITY (PERCENT)
 HIGHEST   100          1200 AM
 LOWEST     92           200 AM
 AVERAGE    96

..........................................................




SUNRISE AND SUNSET
JANUARY 21 2018.......SUNRISE   715 AM MST   SUNSET   448 PM MST
JANUARY 22 2018.......SUNRISE   714 AM MST   SUNSET   450 PM MST


-  INDICATES NEGATIVE NUMBERS.
R  INDICATES RECORD WAS SET OR TIED.
MM INDICATES DATA IS MISSING.
T  INDICATES TRACE AMOUNT.




$$
