000
CDUS45 KVEF 220845
CLIIGM


CLIMATE REPORT
NATIONAL WEATHER SERVICE LAS VEGAS, NV
1245 AM PST SUN JAN 22 2017


...................................

...THE KINGMAN AZ CLIMATE SUMMARY FOR JANUARY 21 2017...

CLIMATE NORMAL PERIOD 1981 TO 2010
CLIMATE RECORD PERIOD 1901 TO 2017


WEATHER ITEM   OBSERVED TIME   RECORD YEAR NORMAL DEPARTURE LAST
                VALUE   (LST)  VALUE       VALUE  FROM      YEAR
                                                  NORMAL
..................................................................
TEMPERATURE (F)
 YESTERDAY
  MAXIMUM         49    352 PM  72    1912  57     -8       57
  MINIMUM         35   1134 PM   8    1937  32      3       34
  AVERAGE         42                        44     -2       46

PRECIPITATION (IN)
  YESTERDAY        0.05          1.61 1917   0.03   0.02     0.00
  MONTH TO DATE    1.25                      0.66   0.59     0.67
  SINCE OCT 1      4.81                      2.76   2.05     2.19
  SINCE JAN 1      1.25                      0.66   0.59     0.67

DEGREE DAYS
 HEATING
  YESTERDAY       23                        21      2       19
  MONTH TO DATE  409                       454    -45      469
  SINCE DEC 1   1050                      1137    -87     1199
  SINCE JUL 1   1372                      1703   -331     1775

 COOLING
  YESTERDAY        0                         0      0        0
  MONTH TO DATE    0                         0      0        0
  SINCE DEC 1      0                         0      0        0
  SINCE JAN 1      0                         0      0        0
..................................................................


WIND (MPH)
  RESULTANT WIND SPEED  16   RESULTANT WIND DIRECTION  SW (210)
  HIGHEST WIND SPEED    30   HIGHEST WIND DIRECTION    SW (230)
  HIGHEST GUST SPEED    38   HIGHEST GUST DIRECTION    SW (220)
  AVERAGE WIND SPEED    17.1


SKY COVER
  POSSIBLE SUNSHINE  MM
  AVERAGE SKY COVER 0.3


WEATHER CONDITIONS
 THE FOLLOWING WEATHER WAS RECORDED YESTERDAY.
  LIGHT RAIN
  FOG


RELATIVE HUMIDITY (PERCENT)
 HIGHEST    86           100 AM
 LOWEST     42           300 PM
 AVERAGE    64

..........................................................


THE KINGMAN AZ CLIMATE NORMALS FOR TODAY
                         NORMAL    RECORD    YEAR
 MAXIMUM TEMPERATURE (F)   57        74      1910
 MINIMUM TEMPERATURE (F)   32         6      1937


SUNRISE AND SUNSET
JANUARY 22 2017.......SUNRISE   741 AM MST   SUNSET   554 PM MST
JANUARY 23 2017.......SUNRISE   741 AM MST   SUNSET   555 PM MST


-  INDICATES NEGATIVE NUMBERS.
R  INDICATES RECORD WAS SET OR TIED.
MM INDICATES DATA IS MISSING.
T  INDICATES TRACE AMOUNT.




$$
