000
CDUS45 KVEF 280833
CLIIGM


CLIMATE REPORT
NATIONAL WEATHER SERVICE LAS VEGAS, NV
1233 AM PST TUE FEB 28 2017


...................................

...THE KINGMAN AZ CLIMATE SUMMARY FOR FEBRUARY 27 2017...

CLIMATE NORMAL PERIOD 1981 TO 2010
CLIMATE RECORD PERIOD 1901 TO 2017


WEATHER ITEM   OBSERVED TIME   RECORD YEAR NORMAL DEPARTURE LAST
                VALUE   (LST)  VALUE       VALUE  FROM      YEAR
                                                  NORMAL
..................................................................
TEMPERATURE (F)
 YESTERDAY
  MAXIMUM         50   1046 AM  81    1986  62    -12       78
  MINIMUM         34    720 AM  20    1956  36     -2       41
  AVERAGE         42                        49     -7       60

PRECIPITATION (IN)
  YESTERDAY        0.18          0.65 1918   0.03   0.15     0.00
  MONTH TO DATE    0.36                      1.11  -0.75      T
  SINCE OCT 1      5.70                      4.23   1.47     2.70
  SINCE JAN 1      2.14                      2.13   0.01     1.18

DEGREE DAYS
 HEATING
  YESTERDAY       23                        16      7        5
  MONTH TO DATE  368                       493   -125      381
  SINCE DEC 1   1655                      1832   -177     1763
  SINCE JUL 1   1977                      2398   -421     2339

 COOLING
  YESTERDAY        0                         0      0        0
  MONTH TO DATE    0                         0      0        0
  SINCE DEC 1      0                         0      0        0
  SINCE JAN 1      0                         0      0        0
..................................................................


WIND (MPH)
  RESULTANT WIND SPEED  10   RESULTANT WIND DIRECTION   S (180)
  HIGHEST WIND SPEED    29   HIGHEST WIND DIRECTION     S (200)
  HIGHEST GUST SPEED    35   HIGHEST GUST DIRECTION     S (200)
  AVERAGE WIND SPEED    14.0


SKY COVER
  POSSIBLE SUNSHINE  MM
  AVERAGE SKY COVER 0.7


WEATHER CONDITIONS
 THE FOLLOWING WEATHER WAS RECORDED YESTERDAY.
  LIGHT RAIN
  FOG


RELATIVE HUMIDITY (PERCENT)
 HIGHEST    86           600 PM
 LOWEST     24          1000 AM
 AVERAGE    55

..........................................................


THE KINGMAN AZ CLIMATE NORMALS FOR TODAY
                         NORMAL    RECORD    YEAR
 MAXIMUM TEMPERATURE (F)   62        81      1986
 MINIMUM TEMPERATURE (F)   36        19      1913


SUNRISE AND SUNSET
FEBRUARY 28 2017......SUNRISE   706 AM MST   SUNSET   631 PM MST
MARCH  1 2017.........SUNRISE   705 AM MST   SUNSET   632 PM MST


-  INDICATES NEGATIVE NUMBERS.
R  INDICATES RECORD WAS SET OR TIED.
MM INDICATES DATA IS MISSING.
T  INDICATES TRACE AMOUNT.




$$
