469
CDUS45 KVEF 260027
CLIIGM


CLIMATE REPORT
NATIONAL WEATHER SERVICE LAS VEGAS, NV
526 PM PDT MON JUL 25 2016


...................................

...THE KINGMAN AZ CLIMATE SUMMARY FOR JULY 25 2016...
VALID TODAY AS OF 0500 PM LOCAL TIME.

CLIMATE NORMAL PERIOD 1981 TO 2010
CLIMATE RECORD PERIOD 1901 TO 2016


WEATHER ITEM   OBSERVED TIME   RECORD YEAR NORMAL DEPARTURE LAST
                VALUE   (LST)  VALUE       VALUE  FROM      YEAR
                                                  NORMAL
..................................................................
TEMPERATURE (F)
 TODAY
  MAXIMUM        101    455 PM 107    1943  97      4       98
  MINIMUM         76    604 AM  53    1918  71      5       61
  AVERAGE         89                        84      5       80

PRECIPITATION (IN)
  TODAY            0.00          1.78 1956   0.03  -0.03     0.00
  MONTH TO DATE    0.32                      0.58  -0.26     0.92
  SINCE OCT 1      5.48                      6.23  -0.75     7.53
  SINCE JAN 1      3.96                      4.13  -0.17     5.40

DEGREE DAYS
 HEATING
  TODAY            0                         0      0        0
  MONTH TO DATE    0                         0      0        0
  SINCE JUN 1      0                         3     -3        0
  SINCE JUL 1      0                         0      0        0

 COOLING
  TODAY           24                        19      5       15
  MONTH TO DATE  518                       461     57      409
  SINCE JUN 1   1080                       846    234      886
  SINCE JAN 1   1220                      1044    176      992
..................................................................


WIND (MPH)
  RESULTANT WIND SPEED   8   RESULTANT WIND DIRECTION  SW (210)
  HIGHEST WIND SPEED    24   HIGHEST WIND DIRECTION    SW (230)
  HIGHEST GUST SPEED    35   HIGHEST GUST DIRECTION     S (200)
  AVERAGE WIND SPEED    10.0


SKY COVER
  POSSIBLE SUNSHINE  MM
  AVERAGE SKY COVER 0.0


WEATHER CONDITIONS
 THE FOLLOWING WEATHER WAS RECORDED TODAY.
  NO SIGNIFICANT WEATHER WAS OBSERVED.


RELATIVE HUMIDITY (PERCENT)
 HIGHEST    43           300 AM
 LOWEST     19           400 PM
 AVERAGE    31

..........................................................


THE KINGMAN AZ CLIMATE NORMALS FOR TOMORROW
                         NORMAL    RECORD    YEAR
 MAXIMUM TEMPERATURE (F)   97       108      1934
 MINIMUM TEMPERATURE (F)   71        55      1918


SUNRISE AND SUNSET
JULY 25 2016..........SUNRISE   540 AM MST   SUNSET   744 PM MST
JULY 26 2016..........SUNRISE   541 AM MST   SUNSET   744 PM MST


-  INDICATES NEGATIVE NUMBERS.
R  INDICATES RECORD WAS SET OR TIED.
MM INDICATES DATA IS MISSING.
T  INDICATES TRACE AMOUNT.




$$
