000
CDUS45 KVEF 280843
CLIIGM


CLIMATE REPORT
NATIONAL WEATHER SERVICE LAS VEGAS, NV
133 AM PDT SAT MAR 28 2015


...................................

...THE KINGMAN AZ CLIMATE SUMMARY FOR MARCH 27 2015...

CLIMATE NORMAL PERIOD 1981 TO 2010
CLIMATE RECORD PERIOD 1901 TO 2015


WEATHER ITEM   OBSERVED TIME   RECORD YEAR NORMAL DEPARTURE LAST
                VALUE   (LST)  VALUE       VALUE  FROM      YEAR
                                                  NORMAL
..................................................................
TEMPERATURE (F)
 YESTERDAY
  MAXIMUM         83    244 PM  84    1986  68     15       60
  MINIMUM         40    626 AM  24    2009  39      1       38
  AVERAGE         62                        54      8       49

PRECIPITATION (IN)
  YESTERDAY        0.00          0.41 1924   0.02  -0.02     0.00
  MONTH TO DATE    1.27                      0.68   0.59     0.11
  SINCE OCT 1      4.83                      4.94  -0.11     1.43
  SINCE JAN 1      2.70                      2.84  -0.14     0.55

DEGREE DAYS
 HEATING
  YESTERDAY        3                        12     -9       16
  MONTH TO DATE  248                       375   -127      269
  SINCE MAR 1    248                       375   -127      269
  SINCE JUL 1   2228                      2788   -560     2591

 COOLING
  YESTERDAY        0                         0      0        0
  MONTH TO DATE    0                         0      0        0
  SINCE MAR 1      0                         0      0        0
  SINCE JAN 1      0                         0      0        0
..................................................................


WIND (MPH)
  RESULTANT WIND SPEED   3   RESULTANT WIND DIRECTION   S (190)
  HIGHEST WIND SPEED    16   HIGHEST WIND DIRECTION    SW (230)
  HIGHEST GUST SPEED    20   HIGHEST GUST DIRECTION    SW (240)
  AVERAGE WIND SPEED     4.9


SKY COVER
  POSSIBLE SUNSHINE  MM
  AVERAGE SKY COVER 0.0


WEATHER CONDITIONS
 THE FOLLOWING WEATHER WAS RECORDED YESTERDAY.
  NO SIGNIFICANT WEATHER WAS OBSERVED.


RELATIVE HUMIDITY (PERCENT)
 HIGHEST    53           700 AM
 LOWEST     10           200 PM
 AVERAGE    32

..........................................................


THE KINGMAN AZ CLIMATE NORMALS FOR TODAY
                         NORMAL    RECORD    YEAR
 MAXIMUM TEMPERATURE (F)   68        82      1921
 MINIMUM TEMPERATURE (F)   39        20      1975


SUNRISE AND SUNSET
MARCH 28 2015.........SUNRISE   628 AM MST   SUNSET   654 PM MST
MARCH 29 2015.........SUNRISE   627 AM MST   SUNSET   655 PM MST


-  INDICATES NEGATIVE NUMBERS.
R  INDICATES RECORD WAS SET OR TIED.
MM INDICATES DATA IS MISSING.
T  INDICATES TRACE AMOUNT.




$$
