000
CDUS45 KVEF 290827
CLIIGM


CLIMATE REPORT
NATIONAL WEATHER SERVICE LAS VEGAS, NV
1226 AM PST THU JAN 29 2015


...................................

...THE KINGMAN AZ CLIMATE SUMMARY FOR JANUARY 28 2015...

CLIMATE NORMAL PERIOD 1981 TO 2010
CLIMATE RECORD PERIOD 1901 TO 2015


WEATHER ITEM   OBSERVED TIME   RECORD YEAR NORMAL DEPARTURE LAST
                VALUE   (LST)  VALUE       VALUE  FROM      YEAR
                                                  NORMAL
..................................................................
TEMPERATURE (F)
 YESTERDAY
  MAXIMUM         62    228 PM  73    1935  58      4       66
  MINIMUM         36    611 AM  15    1949  32      4       32
  AVERAGE         49                        45      4       49

PRECIPITATION (IN)
  YESTERDAY        0.00          0.37 2005   0.03  -0.03     0.00
  MONTH TO DATE    0.27                      0.89  -0.62     0.00
  SINCE OCT 1      2.40                      2.99  -0.59     0.88
  SINCE JAN 1      0.27                      0.89  -0.62     0.00

DEGREE DAYS
 HEATING
  YESTERDAY       16                        20     -4       16
  MONTH TO DATE  553                       595    -42      516
  SINCE DEC 1   1194                      1278    -84     1259
  SINCE JUL 1   1608                      1844   -236     1892

 COOLING
  YESTERDAY        0                         0      0        0
  MONTH TO DATE    0                         0      0        0
  SINCE DEC 1      0                         0      0        0
  SINCE JAN 1      0                         0      0        0
..................................................................


WIND (MPH)
  RESULTANT WIND SPEED   2   RESULTANT WIND DIRECTION  NE (50)
  HIGHEST WIND SPEED    12   HIGHEST WIND DIRECTION     N (20)
  HIGHEST GUST SPEED    15   HIGHEST GUST DIRECTION     N (20)
  AVERAGE WIND SPEED     5.3


SKY COVER
  POSSIBLE SUNSHINE  MM
  AVERAGE SKY COVER 0.1


WEATHER CONDITIONS
 THE FOLLOWING WEATHER WAS RECORDED YESTERDAY.
  FOG
  FOG W/VISIBILITY <= 1/4 MILE


RELATIVE HUMIDITY (PERCENT)
 HIGHEST   100           400 AM
 LOWEST     51           200 PM
 AVERAGE    76

..........................................................


THE KINGMAN AZ CLIMATE NORMALS FOR TODAY
                         NORMAL    RECORD    YEAR
 MAXIMUM TEMPERATURE (F)   58        75      1935
 MINIMUM TEMPERATURE (F)   32         4      1979


SUNRISE AND SUNSET
JANUARY 29 2015.......SUNRISE   737 AM MST   SUNSET   601 PM MST
JANUARY 30 2015.......SUNRISE   737 AM MST   SUNSET   602 PM MST


-  INDICATES NEGATIVE NUMBERS.
R  INDICATES RECORD WAS SET OR TIED.
MM INDICATES DATA IS MISSING.
T  INDICATES TRACE AMOUNT.




$$
