000
CDUS45 KVEF 020034
CLIIGM


CLIMATE REPORT
NATIONAL WEATHER SERVICE LAS VEGAS, NV
533 PM PDT SAT AUG 1 2015


...................................

...THE KINGMAN AZ CLIMATE SUMMARY FOR AUGUST 1 2015...
VALID TODAY AS OF 0500 PM LOCAL TIME.

CLIMATE NORMAL PERIOD 1981 TO 2010
CLIMATE RECORD PERIOD 1901 TO 2015


WEATHER ITEM   OBSERVED TIME   RECORD YEAR NORMAL DEPARTURE LAST
                VALUE   (LST)  VALUE       VALUE  FROM      YEAR
                                                  NORMAL
..................................................................
TEMPERATURE (F)
 TODAY
  MAXIMUM         85    451 PM 106    1902  97    -12       97
  MINIMUM         72    120 PM  52    1928  71      1       77
  AVERAGE         79                        84     -5       87

PRECIPITATION (IN)
  TODAY            0.01          0.78 2007   0.03  -0.02     0.00
  MONTH TO DATE    0.01                      0.03  -0.02     0.00
  SINCE OCT 1      7.54                      6.43   1.11     2.92
  SINCE JAN 1      5.41                      4.33   1.08     2.04

DEGREE DAYS
 HEATING
  TODAY            0                         0      0        0
  MONTH TO DATE    0                         0      0        0
  SINCE JUN 1      0                         3     -3        0
  SINCE JUL 1      0                         0      0        0

 COOLING
  TODAY           14                        19     -5       22
  MONTH TO DATE   14                        19     -5       22
  SINCE JUN 1   1004                       980     24     1047
  SINCE JAN 1   1110                      1178    -68     1272
..................................................................


WIND (MPH)
  RESULTANT WIND SPEED   4   RESULTANT WIND DIRECTION   S (190)
  HIGHEST WIND SPEED    22   HIGHEST WIND DIRECTION    SW (240)
  HIGHEST GUST SPEED    26   HIGHEST GUST DIRECTION    SW (240)
  AVERAGE WIND SPEED     9.2


SKY COVER
  POSSIBLE SUNSHINE  MM
  AVERAGE SKY COVER 0.5


WEATHER CONDITIONS
 THE FOLLOWING WEATHER WAS RECORDED TODAY.
  LIGHT RAIN


RELATIVE HUMIDITY (PERCENT)
 HIGHEST    73           100 PM
 LOWEST     36          1200 AM
 AVERAGE    55

..........................................................


THE KINGMAN AZ CLIMATE NORMALS FOR TOMORROW
                         NORMAL    RECORD    YEAR
 MAXIMUM TEMPERATURE (F)   97       105      1918
 MINIMUM TEMPERATURE (F)   71        54      1937


SUNRISE AND SUNSET
AUGUST  1 2015........SUNRISE   545 AM MST   SUNSET   739 PM MST
AUGUST  2 2015........SUNRISE   545 AM MST   SUNSET   738 PM MST


-  INDICATES NEGATIVE NUMBERS.
R  INDICATES RECORD WAS SET OR TIED.
MM INDICATES DATA IS MISSING.
T  INDICATES TRACE AMOUNT.




$$
