000
CDUS45 KIGM 200027
CLIIGM


CLIMATE REPORT
NATIONAL WEATHER SERVICE LAS VEGAS, NV
526 PM PDT SAT APR 19 2014


...................................

...THE KINGMAN AZ CLIMATE SUMMARY FOR APRIL 19 2014...
VALID TODAY AS OF 0500 PM LOCAL TIME.

CLIMATE NORMAL PERIOD 1981 TO 2010
CLIMATE RECORD PERIOD 1901 TO 2014


WEATHER ITEM   OBSERVED TIME   RECORD YEAR NORMAL DEPARTURE LAST
                VALUE   (LST)  VALUE       VALUE  FROM      YEAR
                                                  NORMAL
..................................................................
TEMPERATURE (F)
 TODAY
  MAXIMUM         76    446 PM  97    1938  75      1       74
  MINIMUM         50    626 AM  29    1975  45      5       34
  AVERAGE         63                        60      3       54

PRECIPITATION (IN)
  TODAY            0.01          0.51 1923   0.01   0.00     0.00
  MONTH TO DATE    0.02                      0.31  -0.29     0.05
  SINCE OCT 1      1.45                      5.33  -3.88     2.35
  SINCE JAN 1      0.57                      3.23  -2.66     1.18

DEGREE DAYS
 HEATING
  TODAY            2                         6     -4       11
  MONTH TO DATE  108                       161    -53      134
  SINCE MAR 1    414                       579   -165      392
  SINCE JUL 1   2736                      2992   -256     2859

 COOLING
  TODAY            0                         1     -1        0
  MONTH TO DATE   20                        12      8        2
  SINCE MAR 1     20                        15      5        8
  SINCE JAN 1     20                        15      5        8
..................................................................


WIND (MPH)
  RESULTANT WIND SPEED   4   RESULTANT WIND DIRECTION  SE (130)
  HIGHEST WIND SPEED    15   HIGHEST WIND DIRECTION     S (180)
  HIGHEST GUST SPEED    20   HIGHEST GUST DIRECTION     S (190)
  AVERAGE WIND SPEED     6.1


SKY COVER
  POSSIBLE SUNSHINE  MM
  AVERAGE SKY COVER 0.5


WEATHER CONDITIONS
 THE FOLLOWING WEATHER WAS RECORDED TODAY.
  LIGHT RAIN


RELATIVE HUMIDITY (PERCENT)
 HIGHEST    77           600 AM
 LOWEST     23           400 PM
 AVERAGE    50

..........................................................


THE KINGMAN AZ CLIMATE NORMALS FOR TOMORROW
                         NORMAL    RECORD    YEAR
 MAXIMUM TEMPERATURE (F)   75        95      1938
 MINIMUM TEMPERATURE (F)   45        30      1941


SUNRISE AND SUNSET
APRIL 19 2014.........SUNRISE   558 AM MST   SUNSET   712 PM MST
APRIL 20 2014.........SUNRISE   557 AM MST   SUNSET   713 PM MST


-  INDICATES NEGATIVE NUMBERS.
R  INDICATES RECORD WAS SET OR TIED.
MM INDICATES DATA IS MISSING.
T  INDICATES TRACE AMOUNT.




$$
