000
CDUS45 KVEF 250826
CLIIGM


CLIMATE REPORT
NATIONAL WEATHER SERVICE LAS VEGAS, NV
125 AM PDT TUE APR 25 2017


...................................

...THE KINGMAN AZ CLIMATE SUMMARY FOR APRIL 24 2017...

CLIMATE NORMAL PERIOD 1981 TO 2010
CLIMATE RECORD PERIOD 1901 TO 2017


WEATHER ITEM   OBSERVED TIME   RECORD YEAR NORMAL DEPARTURE LAST
                VALUE   (LST)  VALUE       VALUE  FROM      YEAR
                                                  NORMAL
..................................................................
TEMPERATURE (F)
 YESTERDAY
  MAXIMUM         77    336 PM  95    1921  76      1       79
  MINIMUM         47    410 AM  27    1904  46      1       43
  AVERAGE         62                        61      1       61

PRECIPITATION (IN)
  YESTERDAY        0.00          0.18 1990   0.01  -0.01     0.00
  MONTH TO DATE    0.00                      0.36  -0.36     0.69
  SINCE OCT 1      6.26                      5.38   0.88     3.55
  SINCE JAN 1      2.70                      3.28  -0.58     2.03

DEGREE DAYS
 HEATING
  YESTERDAY        3                         5     -2        4
  MONTH TO DATE  129                       189    -60       91
  SINCE MAR 1    370                       607   -237      370
  SINCE JUL 1   2367                      3020   -653     2722

 COOLING
  YESTERDAY        0                         1     -1        0
  MONTH TO DATE    7                        17    -10       18
  SINCE MAR 1     13                        20     -7       20
  SINCE JAN 1     13                        20     -7       20
..................................................................


WIND (MPH)
  RESULTANT WIND SPEED  14   RESULTANT WIND DIRECTION  SW (210)
  HIGHEST WIND SPEED    32   HIGHEST WIND DIRECTION    SW (220)
  HIGHEST GUST SPEED    41   HIGHEST GUST DIRECTION    SW (210)
  AVERAGE WIND SPEED    15.2


SKY COVER
  POSSIBLE SUNSHINE  MM
  AVERAGE SKY COVER 0.0


WEATHER CONDITIONS
 THE FOLLOWING WEATHER WAS RECORDED YESTERDAY.
  NO SIGNIFICANT WEATHER WAS OBSERVED.


RELATIVE HUMIDITY (PERCENT)
 HIGHEST    41          1100 PM
 LOWEST     14          1200 PM
 AVERAGE    28

..........................................................


THE KINGMAN AZ CLIMATE NORMALS FOR TODAY
                         NORMAL    RECORD    YEAR
 MAXIMUM TEMPERATURE (F)   77        93      1997
 MINIMUM TEMPERATURE (F)   47        29      1932


SUNRISE AND SUNSET
APRIL 25 2017.........SUNRISE   551 AM MST   SUNSET   717 PM MST
APRIL 26 2017.........SUNRISE   550 AM MST   SUNSET   718 PM MST


-  INDICATES NEGATIVE NUMBERS.
R  INDICATES RECORD WAS SET OR TIED.
MM INDICATES DATA IS MISSING.
T  INDICATES TRACE AMOUNT.




$$
