000
CDUS45 KIGM 010826
CLIIGM


CLIMATE REPORT
NATIONAL WEATHER SERVICE LAS VEGAS, NV
125 AM PDT MON SEP 1 2014


...................................

...THE KINGMAN AZ CLIMATE SUMMARY FOR AUGUST 31 2014...

CLIMATE NORMAL PERIOD 1981 TO 2010
CLIMATE RECORD PERIOD 1901 TO 2014


WEATHER ITEM   OBSERVED TIME   RECORD YEAR NORMAL DEPARTURE LAST
                VALUE   (LST)  VALUE       VALUE  FROM      YEAR
                                                  NORMAL
..................................................................
TEMPERATURE (F)
 YESTERDAY
  MAXIMUM         97    412 PM 107    1915  94      3       87
  MINIMUM         73   1133 PM  46    1957  67      6       71
  AVERAGE         85                        80      5       79

PRECIPITATION (IN)
  YESTERDAY        0.00          2.27 1909   0.05  -0.05      T
  MONTH TO DATE    2.05                      0.97   1.08     1.37
  SINCE OCT 1      4.97                      7.37  -2.40     5.21
  SINCE JAN 1      4.09                      5.27  -1.18     4.04

DEGREE DAYS
 HEATING
  YESTERDAY        0                         0      0        0
  MONTH TO DATE    0                         0      0        0
  SINCE JUN 1      0                         3     -3        0
  SINCE JUL 1      0                         0      0        0

 COOLING
  YESTERDAY       20                        15      5       14
  MONTH TO DATE  432                       542   -110      520
  SINCE JUN 1   1457                      1503    -46     1652
  SINCE JAN 1   1682                      1701    -19     1874
..................................................................


WIND (MPH)
  RESULTANT WIND SPEED  13   RESULTANT WIND DIRECTION  SW (210)
  HIGHEST WIND SPEED    24   HIGHEST WIND DIRECTION    SW (230)
  HIGHEST GUST SPEED    36   HIGHEST GUST DIRECTION    SW (210)
  AVERAGE WIND SPEED    13.9


SKY COVER
  POSSIBLE SUNSHINE  MM
  AVERAGE SKY COVER 0.0


WEATHER CONDITIONS
 THE FOLLOWING WEATHER WAS RECORDED YESTERDAY.
  NO SIGNIFICANT WEATHER WAS OBSERVED.


RELATIVE HUMIDITY (PERCENT)
 HIGHEST    27           700 AM
 LOWEST     11           500 PM
 AVERAGE    19

..........................................................


THE KINGMAN AZ CLIMATE NORMALS FOR TODAY
                         NORMAL    RECORD    YEAR
 MAXIMUM TEMPERATURE (F)   94       108      1950
 MINIMUM TEMPERATURE (F)   67        48      1907


SUNRISE AND SUNSET
SEPTEMBER  1 2014.....SUNRISE   608 AM MST   SUNSET   703 PM MST
SEPTEMBER  2 2014.....SUNRISE   609 AM MST   SUNSET   701 PM MST


-  INDICATES NEGATIVE NUMBERS.
R  INDICATES RECORD WAS SET OR TIED.
MM INDICATES DATA IS MISSING.
T  INDICATES TRACE AMOUNT.




$$
