000
CDUS41 KPHI 300632
CLIILG


CLIMATE REPORT
NATIONAL WEATHER SERVICE MOUNT HOLLY NJ
231 AM EDT SUN AUG 30 2015


...................................

...THE WILMINGTON DE CLIMATE SUMMARY FOR AUGUST 29 2015...

CLIMATE NORMAL PERIOD 1981 TO 2010
CLIMATE RECORD PERIOD 1894 TO 2015


WEATHER ITEM   OBSERVED TIME   RECORD YEAR NORMAL DEPARTURE LAST
                VALUE   (LST)  VALUE       VALUE  FROM      YEAR
                                                  NORMAL
..................................................................
TEMPERATURE (F)
 YESTERDAY
  MAXIMUM         84    335 PM  98    1953  83      1       78
  MINIMUM         60    523 AM  43    1982  64     -4       55
  AVERAGE         72                        73     -1       67

PRECIPITATION (IN)
  YESTERDAY        0.00          1.97 1990   0.09  -0.09     0.00
  MONTH TO DATE    1.52                      3.06  -1.54     3.43
  SINCE JUN 1     16.36                     11.51   4.85    14.40
  SINCE JAN 1     35.04                     28.57   6.47    36.73

SNOWFALL (IN)
  YESTERDAY        0.0           0.0  1894   0.0    0.0      0.0
  MONTH TO DATE    0.0                       0.0    0.0      0.0
  SINCE JUN 1      0.0                       0.0    0.0      0.0
  SINCE JUL 1      0.0                       0.0    0.0      0.0
  SNOW DEPTH       0

DEGREE DAYS
 HEATING
  YESTERDAY        0                         0      0        0
  MONTH TO DATE    0                         0      0        0
  SINCE JUN 1     18                        15      3        2
  SINCE JUL 1      0                         0      0        0

 COOLING
  YESTERDAY        7                         8     -1        2
  MONTH TO DATE  308                       299      9      223
  SINCE JUN 1    949                       897     52      815
  SINCE JAN 1   1117                       976    141      882
..................................................................


WIND (MPH)
  HIGHEST WIND SPEED    18   HIGHEST WIND DIRECTION     S (160)
  HIGHEST GUST SPEED    20   HIGHEST GUST DIRECTION     S (170)
  AVERAGE WIND SPEED     6.6


SKY COVER
  POSSIBLE SUNSHINE  MM
  AVERAGE SKY COVER 0.2


WEATHER CONDITIONS
 THE FOLLOWING WEATHER WAS RECORDED YESTERDAY.
  FOG


RELATIVE HUMIDITY (PERCENT)
 HIGHEST   100           400 AM
 LOWEST     47          1100 AM
 AVERAGE    74

..........................................................


THE WILMINGTON DE CLIMATE NORMALS FOR TODAY
                         NORMAL    RECORD    YEAR
 MAXIMUM TEMPERATURE (F)   82       101      1953
 MINIMUM TEMPERATURE (F)   64        45      1986


SUNRISE AND SUNSET
AUGUST 30 2015........SUNRISE   628 AM EDT   SUNSET   737 PM EDT
AUGUST 31 2015........SUNRISE   629 AM EDT   SUNSET   735 PM EDT


-  INDICATES NEGATIVE NUMBERS.
R  INDICATES RECORD WAS SET OR TIED.
MM INDICATES DATA IS MISSING.
T  INDICATES TRACE AMOUNT.




$$
