000
CDUS41 KPHI 262135
CLIILG


CLIMATE REPORT
NATIONAL WEATHER SERVICE MOUNT HOLLY NJ
534 PM EDT THU MAY 26 2016


...................................

...THE WILMINGTON DE CLIMATE SUMMARY FOR MAY 26 2016...
VALID TODAY AS OF 0500 PM LOCAL TIME.

CLIMATE NORMAL PERIOD 1981 TO 2010
CLIMATE RECORD PERIOD 1894 TO 2016


WEATHER ITEM   OBSERVED TIME   RECORD YEAR NORMAL DEPARTURE LAST
                VALUE   (LST)  VALUE       VALUE  FROM      YEAR
                                                  NORMAL
..................................................................
TEMPERATURE (F)
 TODAY
  MAXIMUM         87    314 PM  92    2010  76     11       86
  MINIMUM         59    507 AM  40    1925  56      3       63
  AVERAGE         73                        66      7       75

PRECIPITATION (IN)
  TODAY            0.00          2.34 2001   0.13  -0.13     0.00
  MONTH TO DATE    5.55                      3.28   2.27     1.84
  SINCE MAR 1      9.19                     10.70  -1.51    11.52
  SINCE JAN 1     15.92                     16.39  -0.47    18.13

SNOWFALL (IN)
  TODAY            0.0           0.0  1894   0.0    0.0      0.0
  MONTH TO DATE    0.0                       0.0    0.0      0.0
  SINCE MAR 1      2.7                       2.2    0.5      8.6
  SINCE JUL 1     25.4                      20.2    5.2     23.4
  SNOW DEPTH       0

DEGREE DAYS
 HEATING
  TODAY            0                         3     -3        0
  MONTH TO DATE  171                       124     47       56
  SINCE MAR 1   1052                      1170   -118     1218
  SINCE JUL 1   4060                      4793   -733     5057

 COOLING
  TODAY            8                         3      5       10
  MONTH TO DATE   20                        47    -27      102
  SINCE MAR 1     34                        59    -25      106
  SINCE JAN 1     34                        59    -25      106
..................................................................


WIND (MPH)
  HIGHEST WIND SPEED    16   HIGHEST WIND DIRECTION     S (170)
  HIGHEST GUST SPEED    20   HIGHEST GUST DIRECTION     S (160)
  AVERAGE WIND SPEED     6.2


SKY COVER
  POSSIBLE SUNSHINE  MM
  AVERAGE SKY COVER 0.0


WEATHER CONDITIONS
 THE FOLLOWING WEATHER WAS RECORDED TODAY.
  FOG


RELATIVE HUMIDITY (PERCENT)
 HIGHEST    78           300 AM
 LOWEST     42           200 PM
 AVERAGE    60

..........................................................


THE WILMINGTON DE CLIMATE NORMALS FOR TOMORROW
                         NORMAL    RECORD    YEAR
 MAXIMUM TEMPERATURE (F)   76        98      1914
 MINIMUM TEMPERATURE (F)   56        39      1925


SUNRISE AND SUNSET
MAY 26 2016...........SUNRISE   539 AM EDT   SUNSET   820 PM EDT
MAY 27 2016...........SUNRISE   539 AM EDT   SUNSET   821 PM EDT


-  INDICATES NEGATIVE NUMBERS.
R  INDICATES RECORD WAS SET OR TIED.
MM INDICATES DATA IS MISSING.
T  INDICATES TRACE AMOUNT.




$$
