000
CDUS41 KPHI 262132
CLIILG


CLIMATE REPORT
NATIONAL WEATHER SERVICE MOUNT HOLLY NJ
431 PM EST THU FEB 26 2015


...................................

...THE WILMINGTON DE CLIMATE SUMMARY FOR FEBRUARY 26 2015...
VALID TODAY AS OF 0400 PM LOCAL TIME.

CLIMATE NORMAL PERIOD 1981 TO 2010
CLIMATE RECORD PERIOD 1894 TO 2015


WEATHER ITEM   OBSERVED TIME   RECORD YEAR NORMAL DEPARTURE LAST
                VALUE   (LST)  VALUE       VALUE  FROM      YEAR
                                                  NORMAL
..................................................................
TEMPERATURE (F)
 TODAY
  MAXIMUM         32    359 PM  76    1930  46    -14       34
  MINIMUM         25    832 AM   8    1970  29     -4       17
  AVERAGE         29                        38     -9       26

PRECIPITATION (IN)
  TODAY            0.01          1.30 1929   0.10  -0.09     0.05
  MONTH TO DATE    2.15                      2.49  -0.34     5.35
  SINCE DEC 1      9.61                      8.98   0.63    13.80
  SINCE JAN 1      6.60                      5.50   1.10     8.58

SNOWFALL (IN)
  TODAY            0.5           4.1  2010   0.2    0.3      0.5
  MONTH TO DATE   10.4                       7.9    2.5     19.0
  SINCE DEC 1     14.3                      17.2   -2.9     48.4
  SINCE JUL 1     14.6                      17.6   -3.0     48.4
  SNOW DEPTH       2

DEGREE DAYS
 HEATING
  TODAY           36                        27      9       39
  MONTH TO DATE 1037                       782    255      847
  SINCE DEC 1   2868                      2671    197     2847
  SINCE JUL 1   3757                      3569    188     3768

 COOLING
  TODAY            0                         0      0        0
  MONTH TO DATE    0                         0      0        0
  SINCE DEC 1      0                         0      0        0
  SINCE JAN 1      0                         0      0        0
..................................................................


WIND (MPH)
  HIGHEST WIND SPEED    23   HIGHEST WIND DIRECTION    NE (50)
  HIGHEST GUST SPEED    28   HIGHEST GUST DIRECTION    NE (50)
  AVERAGE WIND SPEED    11.0


SKY COVER
  POSSIBLE SUNSHINE  MM
  AVERAGE SKY COVER 0.8


WEATHER CONDITIONS
 THE FOLLOWING WEATHER WAS RECORDED TODAY.
  LIGHT SNOW
  FOG


RELATIVE HUMIDITY (PERCENT)
 HIGHEST    88           800 AM
 LOWEST     49           600 AM
 AVERAGE    69

..........................................................


THE WILMINGTON DE CLIMATE NORMALS FOR TOMORROW
                         NORMAL    RECORD    YEAR
 MAXIMUM TEMPERATURE (F)   47        73      1997
 MINIMUM TEMPERATURE (F)   29         5      1934


SUNRISE AND SUNSET
FEBRUARY 26 2015......SUNRISE   640 AM EST   SUNSET   551 PM EST
FEBRUARY 27 2015......SUNRISE   639 AM EST   SUNSET   552 PM EST


-  INDICATES NEGATIVE NUMBERS.
R  INDICATES RECORD WAS SET OR TIED.
MM INDICATES DATA IS MISSING.
T  INDICATES TRACE AMOUNT.




$$
