000
CDUS41 KPHI 190629
CLIILG


CLIMATE REPORT
NATIONAL WEATHER SERVICE MOUNT HOLLY NJ
127 AM EST SUN FEB 19 2017


...................................

...THE WILMINGTON DE CLIMATE SUMMARY FOR FEBRUARY 18 2017...

CLIMATE NORMAL PERIOD 1981 TO 2010
CLIMATE RECORD PERIOD 1894 TO 2017


WEATHER ITEM   OBSERVED TIME   RECORD YEAR NORMAL DEPARTURE LAST
                VALUE   (LST)  VALUE       VALUE  FROM      YEAR
                                                  NORMAL
..................................................................
TEMPERATURE (F)
 YESTERDAY
  MAXIMUM         69    253 PM  72    2008  44     25       37
  MINIMUM         25    700 AM  -6    1979  27     -2       23
  AVERAGE         47                        36     11       30

PRECIPITATION (IN)
  YESTERDAY        0.00          1.08 1956   0.10  -0.10     0.00
  MONTH TO DATE    0.86                      1.71  -0.85     2.77
  SINCE DEC 1      6.12                      8.20  -2.08    10.28
  SINCE JAN 1      3.53                      4.72  -1.19     5.07

SNOWFALL (IN)
  YESTERDAY        0.0           2.5  1964   0.3   -0.3      0.0
                                      2000
  MONTH TO DATE    1.1                       5.8   -4.7      5.8
  SINCE DEC 1      5.6                      15.1   -9.5     22.7
  SINCE JUL 1      5.6                      15.5   -9.9     22.7
  SNOW DEPTH       0

DEGREE DAYS
 HEATING
  YESTERDAY       18                        29    -11       35
  MONTH TO DATE  467                       556    -89      579
  SINCE DEC 1   2139                      2445   -306     2065
  SINCE JUL 1   2863                      3343   -480     2769

 COOLING
  YESTERDAY        0                         0      0        0
  MONTH TO DATE    0                         0      0        0
  SINCE DEC 1      0                         0      0        1
  SINCE JAN 1      0                         0      0        0
..................................................................


WIND (MPH)
  HIGHEST WIND SPEED    18   HIGHEST WIND DIRECTION    SW (230)
  HIGHEST GUST SPEED    23   HIGHEST GUST DIRECTION    SW (230)
  AVERAGE WIND SPEED     6.4


SKY COVER
  POSSIBLE SUNSHINE  MM
  AVERAGE SKY COVER 0.0


WEATHER CONDITIONS
 THE FOLLOWING WEATHER WAS RECORDED YESTERDAY.
  NO SIGNIFICANT WEATHER WAS OBSERVED.


RELATIVE HUMIDITY (PERCENT)
 HIGHEST    81           700 AM
 LOWEST     26           300 PM
 AVERAGE    54

..........................................................


THE WILMINGTON DE CLIMATE NORMALS FOR TODAY
                         NORMAL    RECORD    YEAR
 MAXIMUM TEMPERATURE (F)   44        67      1997
                                             1948
 MINIMUM TEMPERATURE (F)   27         2      1936


SUNRISE AND SUNSET
FEBRUARY 19 2017......SUNRISE   649 AM EST   SUNSET   544 PM EST
FEBRUARY 20 2017......SUNRISE   648 AM EST   SUNSET   545 PM EST


-  INDICATES NEGATIVE NUMBERS.
R  INDICATES RECORD WAS SET OR TIED.
MM INDICATES DATA IS MISSING.
T  INDICATES TRACE AMOUNT.




$$
