000
CDUS41 KPHI 300627
CLIILG


CLIMATE REPORT
NATIONAL WEATHER SERVICE MOUNT HOLLY NJ
227 AM EDT TUE AUG 30 2016


...................................

...THE WILMINGTON DE CLIMATE SUMMARY FOR AUGUST 29 2016...

CLIMATE NORMAL PERIOD 1981 TO 2010
CLIMATE RECORD PERIOD 1894 TO 2016


WEATHER ITEM   OBSERVED TIME   RECORD YEAR NORMAL DEPARTURE LAST
                VALUE   (LST)  VALUE       VALUE  FROM      YEAR
                                                  NORMAL
..................................................................
TEMPERATURE (F)
 YESTERDAY
  MAXIMUM         94    343 PM  98    1953  83     11       84
  MINIMUM         68    559 AM  43    1982  64      4       60
  AVERAGE         81                        73      8       72

PRECIPITATION (IN)
  YESTERDAY        0.00          1.97 1990   0.09  -0.09     0.00
  MONTH TO DATE    1.44                      3.06  -1.62     1.52
  SINCE JUN 1     11.48                     11.51  -0.03    16.36
  SINCE JAN 1     29.15                     28.57   0.58    35.04

SNOWFALL (IN)
  YESTERDAY        0.0           0.0  1894   0.0    0.0      0.0
  MONTH TO DATE    0.0                       0.0    0.0      0.0
  SINCE JUN 1      0.0                       0.0    0.0      0.0
  SINCE JUL 1      0.0                       0.0    0.0      0.0
  SNOW DEPTH       0

DEGREE DAYS
 HEATING
  YESTERDAY        0                         0      0        0
  MONTH TO DATE    0                         0      0        0
  SINCE JUN 1      5                        15    -10       18
  SINCE JUL 1      0                         0      0        0

 COOLING
  YESTERDAY       16                         8      8        7
  MONTH TO DATE  423                       299    124      308
  SINCE JUN 1   1104                       897    207      949
  SINCE JAN 1   1196                       976    220     1117
..................................................................


WIND (MPH)
  HIGHEST WIND SPEED    13   HIGHEST WIND DIRECTION    NW (320)
  HIGHEST GUST SPEED    17   HIGHEST GUST DIRECTION     W (280)
  AVERAGE WIND SPEED     6.0


SKY COVER
  POSSIBLE SUNSHINE  MM
  AVERAGE SKY COVER 0.0


WEATHER CONDITIONS
 THE FOLLOWING WEATHER WAS RECORDED YESTERDAY.
  NO SIGNIFICANT WEATHER WAS OBSERVED.


RELATIVE HUMIDITY (PERCENT)
 HIGHEST    93           600 AM
 LOWEST     41           400 PM
 AVERAGE    67

..........................................................


THE WILMINGTON DE CLIMATE NORMALS FOR TODAY
                         NORMAL    RECORD    YEAR
 MAXIMUM TEMPERATURE (F)   82       101      1953
 MINIMUM TEMPERATURE (F)   64        45      1986


SUNRISE AND SUNSET
AUGUST 30 2016........SUNRISE   629 AM EDT   SUNSET   736 PM EDT
AUGUST 31 2016........SUNRISE   630 AM EDT   SUNSET   734 PM EDT


-  INDICATES NEGATIVE NUMBERS.
R  INDICATES RECORD WAS SET OR TIED.
MM INDICATES DATA IS MISSING.
T  INDICATES TRACE AMOUNT.




$$
