000
CDUS41 KPHI 010627
CLIILG


CLIMATE REPORT
NATIONAL WEATHER SERVICE MOUNT HOLLY NJ
227 AM EDT FRI AUG 1 2014


...................................

...THE WILMINGTON DE CLIMATE SUMMARY FOR JULY 31 2014...

CLIMATE NORMAL PERIOD 1981 TO 2010
CLIMATE RECORD PERIOD 1894 TO 2014


WEATHER ITEM   OBSERVED TIME   RECORD YEAR NORMAL DEPARTURE LAST
                VALUE   (LST)  VALUE       VALUE  FROM      YEAR
                                                  NORMAL
..................................................................
TEMPERATURE (F)
 YESTERDAY
  MAXIMUM         84    426 PM 102    1954  86     -2       81
                                      1940
  MINIMUM         62    312 AM  55    1928  68     -6       62
  AVERAGE         73                        77     -4       72

PRECIPITATION (IN)
  YESTERDAY        0.00          3.02 1985   0.14  -0.14     0.00
  MONTH TO DATE    5.94                      4.57   1.37     4.05
  SINCE JUN 1     10.97                      8.45   2.52    17.71
  SINCE JAN 1     33.30                     25.51   7.79    31.11

SNOWFALL (IN)
  YESTERDAY        0.0           0.0  1894   0.0    0.0      0.0
  MONTH TO DATE    0.0                       0.0    0.0      0.0
  SINCE JUN 1      0.0                       0.0    0.0      0.0
  SINCE JUL 1      0.0                       0.0    0.0      0.0
  SNOW DEPTH       0

DEGREE DAYS
 HEATING
  YESTERDAY        0                         0      0        0
  MONTH TO DATE    0                         0      0        0
  SINCE JUN 1      2                        15    -13        0
  SINCE JUL 1      0                         0      0        0

 COOLING
  YESTERDAY        8                        12     -4        7
  MONTH TO DATE  352                       367    -15      455
  SINCE JUN 1    592                       598     -6      708
  SINCE JAN 1    659                       677    -18      815
..................................................................


WIND (MPH)
  HIGHEST WIND SPEED    16   HIGHEST WIND DIRECTION    SW (240)
  HIGHEST GUST SPEED    20   HIGHEST GUST DIRECTION    SW (240)
  AVERAGE WIND SPEED     6.7


SKY COVER
  POSSIBLE SUNSHINE  MM
  AVERAGE SKY COVER 0.2


WEATHER CONDITIONS
 THE FOLLOWING WEATHER WAS RECORDED YESTERDAY.
  HAZE


RELATIVE HUMIDITY (PERCENT)
 HIGHEST    78           100 AM
 LOWEST     43           400 PM
 AVERAGE    61

..........................................................


THE WILMINGTON DE CLIMATE NORMALS FOR TODAY
                         NORMAL    RECORD    YEAR
 MAXIMUM TEMPERATURE (F)   86        98      2002
                                             1917
 MINIMUM TEMPERATURE (F)   68        56      1921


SUNRISE AND SUNSET
AUGUST  1 2014........SUNRISE   602 AM EDT   SUNSET   815 PM EDT
AUGUST  2 2014........SUNRISE   602 AM EDT   SUNSET   814 PM EDT


-  INDICATES NEGATIVE NUMBERS.
R  INDICATES RECORD WAS SET OR TIED.
MM INDICATES DATA IS MISSING.
T  INDICATES TRACE AMOUNT.




$$
