000
CDUS42 KILM 272154
CLIILM


CLIMATE REPORT
NATIONAL WEATHER SERVICE WILMINGTON NC
453 PM EST MON FEB 27 2017


...................................

...THE WILMINGTON NC CLIMATE SUMMARY FOR FEBRUARY 27 2017...
VALID TODAY AS OF 0400 PM LOCAL TIME.

CLIMATE NORMAL PERIOD 1981 TO 2010
CLIMATE RECORD PERIOD 1871 TO 2017


WEATHER ITEM   OBSERVED TIME   RECORD YEAR NORMAL DEPARTURE LAST
                VALUE   (LST)  VALUE       VALUE  FROM      YEAR
                                                  NORMAL
..................................................................
TEMPERATURE (F)
 TODAY
  MAXIMUM         67    126 PM  82    1962  62      5       53
  MINIMUM         32    555 AM  17    1963  40     -8       30
  AVERAGE         50                        51     -1       42

PRECIPITATION (IN)
  TODAY            0.00          1.34 1899   0.13  -0.13     0.00
  MONTH TO DATE    1.32                      3.49  -2.17     7.62
  SINCE DEC 1     10.90                     10.87   0.03    17.57
  SINCE JAN 1      5.54                      7.25  -1.71    12.07

SNOWFALL (IN)
  TODAY            0.0           0.6  1963   0.0    0.0      0.0
  MONTH TO DATE    0.0                       0.3   -0.3       T
  SINCE DEC 1      T                         1.5   -1.5       T
  SINCE JUL 1      T                         1.5   -1.5       T
  SNOW DEPTH       0

DEGREE DAYS
 HEATING
  TODAY           15                        14      1       23
  MONTH TO DATE  269                       440   -171      440
  SINCE DEC 1   1156                      1546   -390     1243
  SINCE JUL 1   1515                      1915   -400     1473

 COOLING
  TODAY            0                         0      0        0
  MONTH TO DATE    5                         0      5        3
  SINCE DEC 1      8                         7      1       79
  SINCE JAN 1      5                         2      3        3
..................................................................


WIND (MPH)
  HIGHEST WIND SPEED    14   HIGHEST WIND DIRECTION     E (70)
  HIGHEST GUST SPEED    17   HIGHEST GUST DIRECTION     E (70)
  AVERAGE WIND SPEED     3.9


SKY COVER
  POSSIBLE SUNSHINE  MM
  AVERAGE SKY COVER 0.1


WEATHER CONDITIONS
 THE FOLLOWING WEATHER WAS RECORDED TODAY.
  NO SIGNIFICANT WEATHER WAS OBSERVED.


RELATIVE HUMIDITY (PERCENT)
 HIGHEST   100           300 AM
 LOWEST     40          1100 AM
 AVERAGE    70

..........................................................


THE WILMINGTON NC CLIMATE NORMALS FOR TOMORROW
                         NORMAL    RECORD    YEAR
 MAXIMUM TEMPERATURE (F)   62        85      1962
 MINIMUM TEMPERATURE (F)   40        19      1934


SUNRISE AND SUNSET
FEBRUARY 27 2017......SUNRISE   643 AM EST   SUNSET   606 PM EST
FEBRUARY 28 2017......SUNRISE   641 AM EST   SUNSET   607 PM EST


-  INDICATES NEGATIVE NUMBERS.
R  INDICATES RECORD WAS SET OR TIED.
MM INDICATES DATA IS MISSING.
T  INDICATES TRACE AMOUNT.




$$
