000
CDUS42 KILM 270842
CLIILM


CLIMATE REPORT
NATIONAL WEATHER SERVICE WILMINGTON NC
442 AM EDT TUE JUN 27 2017


...................................

...THE WILMINGTON NC CLIMATE SUMMARY FOR JUNE 26 2017...

CLIMATE NORMAL PERIOD 1981 TO 2010
CLIMATE RECORD PERIOD 1871 TO 2017


WEATHER ITEM   OBSERVED TIME   RECORD YEAR NORMAL DEPARTURE LAST
                VALUE   (LST)  VALUE       VALUE  FROM      YEAR
                                                  NORMAL
..................................................................
TEMPERATURE (F)
 YESTERDAY
  MAXIMUM         85    402 PM 102    1952  89     -4       85
  MINIMUM         68   1159 PM  60    1979  71     -3       69
  AVERAGE         77                        80     -3       77

PRECIPITATION (IN)
  YESTERDAY        0.00          1.70 2009   0.18  -0.18     0.00
  MONTH TO DATE    3.49                      4.42  -0.93     5.44
  SINCE JUN 1      3.49                      4.42  -0.93     5.44
  SINCE JAN 1     23.99                     23.32   0.67    28.13

DEGREE DAYS
 HEATING
  YESTERDAY        0                         0      0        0
  MONTH TO DATE    2                         0      2        0
  SINCE JUN 1      2                         0      2        0
  SINCE JUL 1   1946                      2409   -463     1806

 COOLING
  YESTERDAY       12                        15     -3       12
  MONTH TO DATE  344                       325     19      360
  SINCE JUN 1    344                       325     19      360
  SINCE JAN 1    781                       606    175      695
..................................................................


WIND (MPH)
  HIGHEST WIND SPEED    14   HIGHEST WIND DIRECTION    NE (50)
  HIGHEST GUST SPEED    17   HIGHEST GUST DIRECTION    NE (60)
  AVERAGE WIND SPEED     4.5


SKY COVER
  POSSIBLE SUNSHINE  MM
  AVERAGE SKY COVER 0.4


WEATHER CONDITIONS
 THE FOLLOWING WEATHER WAS RECORDED YESTERDAY.
  NO SIGNIFICANT WEATHER WAS OBSERVED.


RELATIVE HUMIDITY (PERCENT)
 HIGHEST    93          1200 AM
 LOWEST     44           300 PM
 AVERAGE    69

..........................................................


THE WILMINGTON NC CLIMATE NORMALS FOR TODAY
                         NORMAL    RECORD    YEAR
 MAXIMUM TEMPERATURE (F)   89       104      1952
 MINIMUM TEMPERATURE (F)   71        57      2012


SUNRISE AND SUNSET
JUNE 27 2017..........SUNRISE   602 AM EDT   SUNSET   828 PM EDT
JUNE 28 2017..........SUNRISE   602 AM EDT   SUNSET   828 PM EDT


-  INDICATES NEGATIVE NUMBERS.
R  INDICATES RECORD WAS SET OR TIED.
MM INDICATES DATA IS MISSING.
T  INDICATES TRACE AMOUNT.




$$
