000
CDUS42 KILM 270840
CLIILM


CLIMATE REPORT
NATIONAL WEATHER SERVICE WILMINGTON NC
440 AM EDT THU APR 27 2017


...................................

...THE WILMINGTON NC CLIMATE SUMMARY FOR APRIL 26 2017...

CLIMATE NORMAL PERIOD 1981 TO 2010
CLIMATE RECORD PERIOD 1871 TO 2017


WEATHER ITEM   OBSERVED TIME   RECORD YEAR NORMAL DEPARTURE LAST
                VALUE   (LST)  VALUE       VALUE  FROM      YEAR
                                                  NORMAL
..................................................................
TEMPERATURE (F)
 YESTERDAY
  MAXIMUM         83    228 PM  93    1990  77      6       81
  MINIMUM         61    617 AM  37    1888  54      7       60
  AVERAGE         72                        65      7       71

PRECIPITATION (IN)
  YESTERDAY        0.00          2.69 1979   0.09  -0.09     0.00
  MONTH TO DATE    7.05                      2.44   4.61     1.89
  SINCE MAR 1      9.76                      6.65   3.11     4.72
  SINCE JAN 1     15.31                     14.03   1.28    16.79

SNOWFALL (IN)
  YESTERDAY        0.0          MM      MM   0.0    0.0      0.0
  MONTH TO DATE    0.0                       0.0    0.0      0.0
  SINCE MAR 1      1.1                       0.2    0.9      0.0
  SINCE JUL 1      1.1                       1.7   -0.6       T
  SNOW DEPTH       0

DEGREE DAYS
 HEATING
  YESTERDAY        0                         3     -3        0
  MONTH TO DATE   44                       122    -78      126
  SINCE MAR 1    417                       445    -28      299
  SINCE JUL 1   1932                      2374   -442     1786

 COOLING
  YESTERDAY        7                         3      4        6
  MONTH TO DATE   91                        53     38       40
  SINCE MAR 1    115                        69     46      112
  SINCE JAN 1    121                        74     47      115
..................................................................


WIND (MPH)
  HIGHEST WIND SPEED    16   HIGHEST WIND DIRECTION    SW (230)
  HIGHEST GUST SPEED    21   HIGHEST GUST DIRECTION    SW (210)
  AVERAGE WIND SPEED     9.0


SKY COVER
  POSSIBLE SUNSHINE  MM
  AVERAGE SKY COVER 0.4


WEATHER CONDITIONS
 THE FOLLOWING WEATHER WAS RECORDED YESTERDAY.
  HAZE


RELATIVE HUMIDITY (PERCENT)
 HIGHEST   100          1200 AM
 LOWEST     47           400 PM
 AVERAGE    74

..........................................................


THE WILMINGTON NC CLIMATE NORMALS FOR TODAY
                         NORMAL    RECORD    YEAR
 MAXIMUM TEMPERATURE (F)   77        94      1990
 MINIMUM TEMPERATURE (F)   55        39      2001
                                             1972


SUNRISE AND SUNSET
APRIL 27 2017.........SUNRISE   626 AM EDT   SUNSET   753 PM EDT
APRIL 28 2017.........SUNRISE   625 AM EDT   SUNSET   754 PM EDT


-  INDICATES NEGATIVE NUMBERS.
R  INDICATES RECORD WAS SET OR TIED.
MM INDICATES DATA IS MISSING.
T  INDICATES TRACE AMOUNT.




$$
