000
CDUS42 KILM 010843
CLIILM


CLIMATE REPORT
NATIONAL WEATHER SERVICE WILMINGTON NC
443 AM EDT MON SEP 1 2014


...................................

...THE WILMINGTON NC CLIMATE SUMMARY FOR AUGUST 31 2014...

CLIMATE NORMAL PERIOD 1981 TO 2010
CLIMATE RECORD PERIOD 1871 TO 2014


WEATHER ITEM   OBSERVED TIME   RECORD YEAR NORMAL DEPARTURE LAST
                VALUE   (LST)  VALUE       VALUE  FROM      YEAR
                                                  NORMAL
..................................................................
TEMPERATURE (F)
 YESTERDAY
  MAXIMUM         88    314 PM  96    1970  87      1       88
  MINIMUM         70    501 AM  56    1887  70      0       68
  AVERAGE         79                        78      1       78

PRECIPITATION (IN)
  YESTERDAY        0.00          9.56 2006   0.25  -0.25     0.00
  MONTH TO DATE    8.79                      7.41   1.38     8.68
  SINCE JUN 1     23.27                     20.07   3.20    25.78
  SINCE JAN 1     42.51                     38.97   3.54    42.49

DEGREE DAYS
 HEATING
  YESTERDAY        0                         0      0        0
  MONTH TO DATE    0                         0      0        0
  SINCE JUN 1      0                         2     -2        0
  SINCE JUL 1      0                         0      0        0

 COOLING
  YESTERDAY       14                        13      1       13
  MONTH TO DATE  442                       456    -14      417
  SINCE JUN 1   1350                      1342      8     1264
  SINCE JAN 1   1757                      1623    134     1490
..................................................................


WIND (MPH)
  HIGHEST WIND SPEED    14   HIGHEST WIND DIRECTION     S (160)
  HIGHEST GUST SPEED    19   HIGHEST GUST DIRECTION     S (160)
  AVERAGE WIND SPEED     4.8


SKY COVER
  POSSIBLE SUNSHINE  MM
  AVERAGE SKY COVER 0.1


WEATHER CONDITIONS
 THE FOLLOWING WEATHER WAS RECORDED YESTERDAY.
  NO SIGNIFICANT WEATHER WAS OBSERVED.


RELATIVE HUMIDITY (PERCENT)
 HIGHEST    93          1200 AM
 LOWEST     63          1200 PM
 AVERAGE    78

..........................................................


THE WILMINGTON NC CLIMATE NORMALS FOR TODAY
                         NORMAL    RECORD    YEAR
 MAXIMUM TEMPERATURE (F)   87        96      2012
                                             1993
                                             1912
 MINIMUM TEMPERATURE (F)   70        56      1887


SUNRISE AND SUNSET
SEPTEMBER  1 2014.....SUNRISE   645 AM EDT   SUNSET   738 PM EDT
SEPTEMBER  2 2014.....SUNRISE   646 AM EDT   SUNSET   736 PM EDT


-  INDICATES NEGATIVE NUMBERS.
R  INDICATES RECORD WAS SET OR TIED.
MM INDICATES DATA IS MISSING.
T  INDICATES TRACE AMOUNT.




$$
