000
CDUS42 KILM 110948
CLIILM


CLIMATE REPORT
NATIONAL WEATHER SERVICE WILMINGTON NC
446 AM EST SUN DEC 11 2016


...................................

...THE WILMINGTON NC CLIMATE SUMMARY FOR DECEMBER 10 2016...

CLIMATE NORMAL PERIOD 1981 TO 2010
CLIMATE RECORD PERIOD 1871 TO 2016


WEATHER ITEM   OBSERVED TIME   RECORD YEAR NORMAL DEPARTURE LAST
                VALUE   (LST)  VALUE       VALUE  FROM      YEAR
                                                  NORMAL
..................................................................
TEMPERATURE (F)
 YESTERDAY
  MAXIMUM         45    345 PM  78    2007  61    -16       70
                                      1966
  MINIMUM         25    720 AM  15    1876  39    -14       47
  AVERAGE         35                        50    -15       59

PRECIPITATION (IN)
  YESTERDAY        0.00          1.82 1992   0.12  -0.12     0.07
  MONTH TO DATE    2.49                      1.16   1.33     0.90
  SINCE DEC 1      2.49                      1.16   1.33     0.90
  SINCE JAN 1     68.77                     55.15  13.62    68.87

SNOWFALL (IN)
  YESTERDAY        0.0          MM      MM   0.0    0.0     MM
  MONTH TO DATE    0.0                       0.1   -0.1      0.0
  SINCE DEC 1      0.0                       0.1   -0.1      0.0
  SINCE JUL 1      0.0                       0.1   -0.1      0.0
  SNOW DEPTH       0

DEGREE DAYS
 HEATING
  YESTERDAY       30                        15     15        6
  MONTH TO DATE  151                       142      9       98
  SINCE DEC 1    151                       142      9       98
  SINCE JUL 1    510                       511     -1      328

 COOLING
  YESTERDAY        0                         0      0        0
  MONTH TO DATE    0                         0      0        5
  SINCE DEC 1      0                         0      0        5
  SINCE JAN 1   2394                      2037    357     2278
..................................................................


WIND (MPH)
  HIGHEST WIND SPEED    14   HIGHEST WIND DIRECTION    NW (310)
  HIGHEST GUST SPEED    17   HIGHEST GUST DIRECTION     N (340)
  AVERAGE WIND SPEED     4.8


SKY COVER
  POSSIBLE SUNSHINE  MM
  AVERAGE SKY COVER 0.0


WEATHER CONDITIONS
 THE FOLLOWING WEATHER WAS RECORDED YESTERDAY.
  NO SIGNIFICANT WEATHER WAS OBSERVED.


RELATIVE HUMIDITY (PERCENT)
 HIGHEST    85          1000 PM
 LOWEST     33           200 PM
 AVERAGE    59

..........................................................


THE WILMINGTON NC CLIMATE NORMALS FOR TODAY
                         NORMAL    RECORD    YEAR
 MAXIMUM TEMPERATURE (F)   60        79      2007
 MINIMUM TEMPERATURE (F)   39        19      1917
                                             1880


SUNRISE AND SUNSET
DECEMBER 11 2016......SUNRISE   708 AM EST   SUNSET   502 PM EST
DECEMBER 12 2016......SUNRISE   709 AM EST   SUNSET   503 PM EST


-  INDICATES NEGATIVE NUMBERS.
R  INDICATES RECORD WAS SET OR TIED.
MM INDICATES DATA IS MISSING.
T  INDICATES TRACE AMOUNT.




$$
