000
CDUS42 KILM 252044
CLIILM


CLIMATE REPORT
NATIONAL WEATHER SERVICE WILMINGTON NC
443 PM EDT MON MAY 25 2015


...................................

...THE WILMINGTON NC CLIMATE SUMMARY FOR MAY 25 2015...
VALID TODAY AS OF 0400 PM LOCAL TIME.

CLIMATE NORMAL PERIOD 1981 TO 2010
CLIMATE RECORD PERIOD 1871 TO 2015


WEATHER ITEM   OBSERVED TIME   RECORD YEAR NORMAL DEPARTURE LAST
                VALUE   (LST)  VALUE       VALUE  FROM      YEAR
                                                  NORMAL
..................................................................
TEMPERATURE (F)
 TODAY
  MAXIMUM         80   1247 PM  97    2011  83     -3       81
  MINIMUM         59    510 AM  49    2013  63     -4       57
  AVERAGE         70                        73     -3       69

PRECIPITATION (IN)
  TODAY            0.00          1.81 2000   0.16  -0.16     0.00
  MONTH TO DATE    5.66                      3.47   2.19     2.05
  SINCE MAR 1     11.25                     10.50   0.75    13.34
  SINCE JAN 1     20.57                     17.88   2.69    18.80

DEGREE DAYS
 HEATING
  TODAY            0                         0      0        0
  MONTH TO DATE   10                        25    -15        0
  SINCE MAR 1    414                       478    -64      498
  SINCE JUL 1   2597                      2407    190     2432

 COOLING
  TODAY            5                         8     -3        4
  MONTH TO DATE  148                       141      7      223
  SINCE MAR 1    231                       224      7      333
  SINCE JAN 1    237                       229      8      338
..................................................................


WIND (MPH)
  HIGHEST WIND SPEED    14   HIGHEST WIND DIRECTION    SE (130)
  HIGHEST GUST SPEED    18   HIGHEST GUST DIRECTION    SE (130)
  AVERAGE WIND SPEED     5.0


SKY COVER
  POSSIBLE SUNSHINE  MM
  AVERAGE SKY COVER 0.1


WEATHER CONDITIONS
 THE FOLLOWING WEATHER WAS RECORDED TODAY.
  NO SIGNIFICANT WEATHER WAS OBSERVED.


RELATIVE HUMIDITY (PERCENT)
 HIGHEST    97           300 AM
 LOWEST     50           900 AM
 AVERAGE    74

..........................................................


THE WILMINGTON NC CLIMATE NORMALS FOR TOMORROW
                         NORMAL    RECORD    YEAR
 MAXIMUM TEMPERATURE (F)   83        98      1953
 MINIMUM TEMPERATURE (F)   63        48      1877


SUNRISE AND SUNSET
MAY 25 2015...........SUNRISE   604 AM EDT   SUNSET   814 PM EDT
MAY 26 2015...........SUNRISE   603 AM EDT   SUNSET   815 PM EDT


-  INDICATES NEGATIVE NUMBERS.
R  INDICATES RECORD WAS SET OR TIED.
MM INDICATES DATA IS MISSING.
T  INDICATES TRACE AMOUNT.




$$
