000
CDUS42 KILM 182052
CLIILM


CLIMATE REPORT
NATIONAL WEATHER SERVICE WILMINGTON NC
443 PM EDT WED OCT 18 2017


...................................

...THE WILMINGTON NC CLIMATE SUMMARY FOR OCTOBER 18 2017...
VALID TODAY AS OF 0400 PM LOCAL TIME.

CLIMATE NORMAL PERIOD 1981 TO 2010
CLIMATE RECORD PERIOD 1871 TO 2017


WEATHER ITEM   OBSERVED TIME   RECORD YEAR NORMAL DEPARTURE LAST
                VALUE   (LST)  VALUE       VALUE  FROM      YEAR
                                                  NORMAL
..................................................................
TEMPERATURE (F)
 TODAY
  MAXIMUM         75    259 PM  86    1938  75      0       84
  MINIMUM         47    422 AM  35    1970  54     -7       60
  AVERAGE         61                        64     -3       72

PRECIPITATION (IN)
  TODAY            0.00          1.67 1887   0.12  -0.12     0.00
  MONTH TO DATE    1.83                      2.60  -0.77     6.68
  SINCE SEP 1      5.65                     10.44  -4.79    22.54
  SINCE JAN 1     53.03                     49.41   3.62    64.08

DEGREE DAYS
 HEATING
  TODAY            4                         3      1        0
  MONTH TO DATE   13                        34    -21       10
  SINCE SEP 1     13                        39    -26       10
  SINCE JUL 1     13                        39    -26       10

 COOLING
  TODAY            0                         3     -3        7
  MONTH TO DATE  148                        73     75       94
  SINCE SEP 1    493                       367    126      473
  SINCE JAN 1   2307                      1990    317     2343
..................................................................


WIND (MPH)
  HIGHEST WIND SPEED    15   HIGHEST WIND DIRECTION     N (10)
  HIGHEST GUST SPEED    21   HIGHEST GUST DIRECTION    NE (40)
  AVERAGE WIND SPEED     8.1


SKY COVER
  POSSIBLE SUNSHINE  MM
  AVERAGE SKY COVER 0.1


WEATHER CONDITIONS
 THE FOLLOWING WEATHER WAS RECORDED TODAY.
  NO SIGNIFICANT WEATHER WAS OBSERVED.


RELATIVE HUMIDITY (PERCENT)
 HIGHEST    93           100 AM
 LOWEST     46           200 PM
 AVERAGE    70

..........................................................


THE WILMINGTON NC CLIMATE NORMALS FOR TOMORROW
                         NORMAL    RECORD    YEAR
 MAXIMUM TEMPERATURE (F)   75        88      1899
 MINIMUM TEMPERATURE (F)   53        35      1992


SUNRISE AND SUNSET
OCTOBER 18 2017.......SUNRISE   720 AM EDT   SUNSET   633 PM EDT
OCTOBER 19 2017.......SUNRISE   720 AM EDT   SUNSET   632 PM EDT


-  INDICATES NEGATIVE NUMBERS.
R  INDICATES RECORD WAS SET OR TIED.
MM INDICATES DATA IS MISSING.
T  INDICATES TRACE AMOUNT.




$$
