000
CDUS43 KILX 110639
CLIILX


CLIMATE REPORT
NATIONAL WEATHER SERVICE LINCOLN IL
1237 AM CST SUN DEC 11 2016


...................................

...THE LINCOLN IL CLIMATE SUMMARY FOR DECEMBER 10 2016...

CLIMATE NORMAL PERIOD 1981 TO 2010
CLIMATE RECORD PERIOD 1905 TO 2016


WEATHER ITEM   OBSERVED TIME   RECORD YEAR NORMAL DEPARTURE LAST
                VALUE   (LST)  VALUE       VALUE  FROM      YEAR
                                                  NORMAL
..................................................................
TEMPERATURE (F)
 YESTERDAY
  MAXIMUM         30        MM  65    1918  39     -9       60
  MINIMUM         21        MM -11    1917  23     -2       38
  AVERAGE         26                        31     -5       49

PRECIPITATION (IN)
  YESTERDAY        T             1.09 1971   0.09  -0.09     0.00
  MONTH TO DATE    0.41                      0.95  -0.54     0.11
  SINCE DEC 1      0.41                      0.95  -0.54     0.11
  SINCE JAN 1     38.83                     37.91   0.92    41.92

SNOWFALL (IN)
  YESTERDAY       MM             7.0  1944   0.2   MM        0.0
  MONTH TO DATE    2.7                       1.4    1.3       T
  SINCE DEC 1      2.7                       1.4    1.3       T
  SINCE JUL 1      2.7                       2.0    0.7      1.0
  SNOW DEPTH       0

DEGREE DAYS
 HEATING
  YESTERDAY       39                        34      5       16
  MONTH TO DATE  337                       323     14      264
  SINCE DEC 1    337                       323     14      264
  SINCE JUL 1   1114                      1466   -352     1191

 COOLING
  YESTERDAY        0                         0      0        0
  MONTH TO DATE    0                         0      0        0
  SINCE DEC 1      0                         0      0        0
  SINCE JAN 1   1241                      1017    224      998
..................................................................


WIND (MPH)
  HIGHEST WIND SPEED    MM   HIGHEST WIND DIRECTION    MM
  HIGHEST GUST SPEED    MM   HIGHEST GUST DIRECTION    MM
  AVERAGE WIND SPEED    MM


SKY COVER
  POSSIBLE SUNSHINE  MM


WEATHER CONDITIONS
 THE FOLLOWING WEATHER WAS RECORDED YESTERDAY.
  LIGHT SNOW


..........................................................


THE LINCOLN IL CLIMATE NORMALS FOR TODAY
                         NORMAL    RECORD    YEAR
 MAXIMUM TEMPERATURE (F)   38        66      1949
 MINIMUM TEMPERATURE (F)   23       -18      1917


SUNRISE AND SUNSET
DECEMBER 11 2016......SUNRISE   710 AM CST   SUNSET   432 PM CST
DECEMBER 12 2016......SUNRISE   711 AM CST   SUNSET   432 PM CST


-  INDICATES NEGATIVE NUMBERS.
R  INDICATES RECORD WAS SET OR TIED.
MM INDICATES DATA IS MISSING.
T  INDICATES TRACE AMOUNT.




$$
