000
CDUS43 KILX 180642
CLIILX


CLIMATE REPORT
NATIONAL WEATHER SERVICE LINCOLN IL
1242 AM CST THU DEC 18 2014


...................................

...THE LINCOLN IL CLIMATE SUMMARY FOR DECEMBER 17 2014...

CLIMATE NORMAL PERIOD 1981 TO 2010
CLIMATE RECORD PERIOD 1905 TO 2014


WEATHER ITEM   OBSERVED TIME   RECORD YEAR NORMAL DEPARTURE LAST
                VALUE   (LST)  VALUE       VALUE  FROM      YEAR
                                                  NORMAL
..................................................................
TEMPERATURE (F)
 YESTERDAY
  MAXIMUM         25        MM  64    1984  36    -11       34
  MINIMUM         18        MM -10    1914  21     -3       21
  AVERAGE         22                        29     -7       28

PRECIPITATION (IN)
  YESTERDAY        T             0.85 1924   0.08  -0.08     0.01
  MONTH TO DATE    0.71                      1.56  -0.85     0.57
  SINCE DEC 1      0.71                      1.56  -0.85     0.57
  SINCE JAN 1     43.64                     38.52   5.12    35.36

SNOWFALL (IN)
  YESTERDAY        T             7.0  1981   0.2   -0.2      0.4
  MONTH TO DATE    T                         2.8   -2.8      6.4
  SINCE DEC 1      T                         2.8   -2.8      6.4
  SINCE JUL 1      1.0                       3.4   -2.4      6.9
  SNOW DEPTH       0

DEGREE DAYS
 HEATING
  YESTERDAY       43                        36      7       37
  MONTH TO DATE  551                       570    -19      680
  SINCE DEC 1    551                       570    -19      680
  SINCE JUL 1   1949                      1713    236     1958

 COOLING
  YESTERDAY        0                         0      0        0
  MONTH TO DATE    0                         0      0        0
  SINCE DEC 1      0                         0      0        0
  SINCE JAN 1    838                      1017   -179      947
..................................................................


WIND (MPH)
  HIGHEST WIND SPEED    MM   HIGHEST WIND DIRECTION    MM
  HIGHEST GUST SPEED    MM   HIGHEST GUST DIRECTION    MM
  AVERAGE WIND SPEED    MM


SKY COVER
  POSSIBLE SUNSHINE  MM


WEATHER CONDITIONS
 THE FOLLOWING WEATHER WAS RECORDED YESTERDAY.
  LIGHT SNOW


..........................................................


THE LINCOLN IL CLIMATE NORMALS FOR TODAY
                         NORMAL    RECORD    YEAR
 MAXIMUM TEMPERATURE (F)   36        63      1939
 MINIMUM TEMPERATURE (F)   21        -8      1922


SUNRISE AND SUNSET
DECEMBER 18 2014......SUNRISE   714 AM CST   SUNSET   434 PM CST
DECEMBER 19 2014......SUNRISE   715 AM CST   SUNSET   434 PM CST


-  INDICATES NEGATIVE NUMBERS.
R  INDICATES RECORD WAS SET OR TIED.
MM INDICATES DATA IS MISSING.
T  INDICATES TRACE AMOUNT.




$$
