000
CDUS43 KILX 300651
CLIILX


CLIMATE REPORT
NATIONAL WEATHER SERVICE LINCOLN IL
150 AM CDT TUE SEP 30 2014


...................................

...THE LINCOLN IL CLIMATE SUMMARY FOR SEPTEMBER 29 2014...

CLIMATE NORMAL PERIOD 1981 TO 2010
CLIMATE RECORD PERIOD 1905 TO 2014


WEATHER ITEM   OBSERVED TIME   RECORD YEAR NORMAL DEPARTURE LAST
                VALUE   (LST)  VALUE       VALUE  FROM      YEAR
                                                  NORMAL
..................................................................
TEMPERATURE (F)
 YESTERDAY
  MAXIMUM         85        MM 101    1953  73     12       72
  MINIMUM         52        MM  33    1949  48      4       48
  AVERAGE         69                        60      9       60

PRECIPITATION (IN)
  YESTERDAY        0.00          1.48 1927   0.10  -0.10     0.06
  MONTH TO DATE    7.62                      3.11   4.51     0.93
  SINCE SEP 1      7.62                      3.11   4.51     0.93
  SINCE JAN 1     36.27                     30.53   5.74    30.07

SNOWFALL (IN)
  YESTERDAY        0.0           T    2008   0.0    0.0      0.0
  MONTH TO DATE    0.0                       0.0    0.0      0.0
  SINCE SEP 1      0.0                       0.0    0.0      0.0
  SINCE JUL 1      0.0                       0.0    0.0       T
  SNOW DEPTH       0

DEGREE DAYS
 HEATING
  YESTERDAY        0                         6     -6        5
  MONTH TO DATE  111                        78     33       55
  SINCE SEP 1    111                        78     33       55
  SINCE JUL 1    121                        87     34       77

 COOLING
  YESTERDAY        4                         2      2        0
  MONTH TO DATE   79                       114    -35      137
  SINCE SEP 1     79                       114    -35      137
  SINCE JAN 1    833                      1003   -170      908
..................................................................


WIND (MPH)
  HIGHEST WIND SPEED    MM   HIGHEST WIND DIRECTION    MM
  HIGHEST GUST SPEED    MM   HIGHEST GUST DIRECTION    MM
  AVERAGE WIND SPEED    MM


SKY COVER
  POSSIBLE SUNSHINE  MM


WEATHER CONDITIONS
 THE FOLLOWING WEATHER WAS RECORDED YESTERDAY.
  NO SIGNIFICANT WEATHER WAS OBSERVED.


..........................................................


THE LINCOLN IL CLIMATE NORMALS FOR TODAY
                         NORMAL    RECORD    YEAR
 MAXIMUM TEMPERATURE (F)   72        93      1952
 MINIMUM TEMPERATURE (F)   47        27      1912


SUNRISE AND SUNSET
SEPTEMBER 30 2014.....SUNRISE   653 AM CDT   SUNSET   641 PM CDT
OCTOBER  1 2014.......SUNRISE   654 AM CDT   SUNSET   640 PM CDT


-  INDICATES NEGATIVE NUMBERS.
R  INDICATES RECORD WAS SET OR TIED.
MM INDICATES DATA IS MISSING.
T  INDICATES TRACE AMOUNT.




$$
