000
CDUS43 KILX 200659
CLIILX


CLIMATE REPORT
NATIONAL WEATHER SERVICE LINCOLN IL
1258 AM CST FRI JAN 20 2017


...................................

...THE LINCOLN IL CLIMATE SUMMARY FOR JANUARY 19 2017...

CLIMATE NORMAL PERIOD 1981 TO 2010
CLIMATE RECORD PERIOD 1905 TO 2017


WEATHER ITEM   OBSERVED TIME   RECORD YEAR NORMAL DEPARTURE LAST
                VALUE   (LST)  VALUE       VALUE  FROM      YEAR
                                                  NORMAL
..................................................................
TEMPERATURE (F)
 YESTERDAY
  MAXIMUM         43        MM  67    1952  34      9       19
  MINIMUM         33        MM -20    1994  18     15        4
  AVERAGE         38                        26     12       12

PRECIPITATION (IN)
  YESTERDAY        0.66          1.31 1933   0.06   0.60     0.22
  MONTH TO DATE    1.61                      1.31   0.30     0.95
  SINCE DEC 1      2.97                      3.95  -0.98     7.76
  SINCE JAN 1      1.61                      1.31   0.30     0.95

SNOWFALL (IN)
  YESTERDAY        0.0           6.0  1987   0.1   -0.1      2.9
  MONTH TO DATE    0.5                       3.6   -3.1      5.0
  SINCE DEC 1      3.7                       9.8   -6.1      5.1
  SINCE JUL 1      3.7                      10.4   -6.7      6.1
  SNOW DEPTH       0

DEGREE DAYS
 HEATING
  YESTERDAY       27                        39    -12       53
  MONTH TO DATE  694                       741    -47      764
  SINCE DEC 1   1809                      1840    -31     1524
  SINCE JUL 1   2586                      2983   -397     2451

 COOLING
  YESTERDAY        0                         0      0        0
  MONTH TO DATE    0                         0      0        0
  SINCE DEC 1      0                         0      0        0
  SINCE JAN 1      0                         0      0        0
..................................................................


WIND (MPH)
  HIGHEST WIND SPEED    MM   HIGHEST WIND DIRECTION    MM
  HIGHEST GUST SPEED    MM   HIGHEST GUST DIRECTION    MM
  AVERAGE WIND SPEED    MM


SKY COVER
  POSSIBLE SUNSHINE  MM


WEATHER CONDITIONS
 THE FOLLOWING WEATHER WAS RECORDED YESTERDAY.
  HEAVY RAIN
  RAIN
  LIGHT RAIN
  FOG


..........................................................


THE LINCOLN IL CLIMATE NORMALS FOR TODAY
                         NORMAL    RECORD    YEAR
 MAXIMUM TEMPERATURE (F)   34        58      1954
 MINIMUM TEMPERATURE (F)   18       -21      1985


SUNRISE AND SUNSET
JANUARY 20 2017.......SUNRISE   715 AM CST   SUNSET   502 PM CST
JANUARY 21 2017.......SUNRISE   715 AM CST   SUNSET   503 PM CST


-  INDICATES NEGATIVE NUMBERS.
R  INDICATES RECORD WAS SET OR TIED.
MM INDICATES DATA IS MISSING.
T  INDICATES TRACE AMOUNT.




$$
