000
CDUS43 KIND 240540
CLIIND


CLIMATE REPORT
NATIONAL WEATHER SERVICE INDIANAPOLIS IN
140 AM EDT THU AUG 24 2017


...................................

...THE INDIANAPOLIS IN CLIMATE SUMMARY FOR AUGUST 23 2017...

CLIMATE NORMAL PERIOD 1981 TO 2010
CLIMATE RECORD PERIOD 1871 TO 2017


WEATHER ITEM   OBSERVED TIME   RECORD YEAR NORMAL DEPARTURE LAST
                VALUE   (LST)  VALUE       VALUE  FROM      YEAR
                                                  NORMAL
..................................................................
TEMPERATURE (F)
 YESTERDAY
  MAXIMUM         78    425 PM  96    1936  84     -6       81
  MINIMUM         58    613 AM  46    1890  64     -6       62
  AVERAGE         68                        74     -6       72

PRECIPITATION (IN)
  YESTERDAY        0.00          2.07 1877   0.10  -0.10     0.00
  MONTH TO DATE    0.49                      2.33  -1.84     4.11
  SINCE JUN 1     13.20                     11.13   2.07    14.30
  SINCE JAN 1     37.48                     28.53   8.95    31.81

SNOWFALL (IN)
  YESTERDAY        0.0           0.0    MM   0.0    0.0      0.0
  MONTH TO DATE    0.0                       0.0    0.0      0.0
  SINCE JUN 1      0.0                       0.0    0.0      0.0
  SINCE JUL 1      0.0                       0.0    0.0      0.0
  SNOW DEPTH       0

DEGREE DAYS
 HEATING
  YESTERDAY        0                         0      0        0
  MONTH TO DATE    0                         0      0        0
  SINCE JUN 1      3                        17    -14        3
  SINCE JUL 1      0                         1     -1        2

 COOLING
  YESTERDAY        3                         9     -6        7
  MONTH TO DATE  211                       223    -12      296
  SINCE JUN 1    788                       772     16      959
  SINCE JAN 1    894                       856     38     1060
..................................................................


WIND (MPH)
  HIGHEST WIND SPEED    17   HIGHEST WIND DIRECTION    NW (310)
  HIGHEST GUST SPEED    21   HIGHEST GUST DIRECTION    NW (310)
  AVERAGE WIND SPEED     8.0


SKY COVER
  AVERAGE SKY COVER 0.4


WEATHER CONDITIONS
 THE FOLLOWING WEATHER WAS RECORDED YESTERDAY.
  NO SIGNIFICANT WEATHER WAS OBSERVED.


RELATIVE HUMIDITY (PERCENT)
 HIGHEST    93           500 AM
 LOWEST     35           100 PM
 AVERAGE    64

..........................................................


THE INDIANAPOLIS IN CLIMATE NORMALS FOR TODAY
                         NORMAL    RECORD    YEAR
 MAXIMUM TEMPERATURE (F)   84        98      1936
 MINIMUM TEMPERATURE (F)   64        49      1927


SUNRISE AND SUNSET
AUGUST 24 2017........SUNRISE   706 AM EDT   SUNSET   828 PM EDT
AUGUST 25 2017........SUNRISE   707 AM EDT   SUNSET   827 PM EDT


-  INDICATES NEGATIVE NUMBERS.
R  INDICATES RECORD WAS SET OR TIED.
MM INDICATES DATA IS MISSING.
T  INDICATES TRACE AMOUNT.




$$
