061
CDUS43 KIND 200530
CLIIND


CLIMATE REPORT
NATIONAL WEATHER SERVICE INDIANAPOLIS IN
130 AM EDT FRI OCT 20 2017


...................................

...THE INDIANAPOLIS IN CLIMATE SUMMARY FOR OCTOBER 19 2017...

CLIMATE NORMAL PERIOD 1981 TO 2010
CLIMATE RECORD PERIOD 1871 TO 2017


WEATHER ITEM   OBSERVED TIME   RECORD YEAR NORMAL DEPARTURE LAST
                VALUE   (LST)  VALUE       VALUE  FROM      YEAR
                                                  NORMAL
..................................................................
TEMPERATURE (F)
 YESTERDAY
  MAXIMUM         74    421 PM  85    1953  64     10       76
  MINIMUM         48    710 AM  25    1992  44      4       57
  AVERAGE         61                        54      7       67

PRECIPITATION (IN)
  YESTERDAY        0.00          1.33 2011   0.10  -0.10     0.52
  MONTH TO DATE    2.10                      1.95   0.15     0.81
  SINCE SEP 1      2.76                      5.07  -2.31     5.48
  SINCE JAN 1     41.52                     34.40   7.12    40.50

SNOWFALL (IN)
  YESTERDAY        0.0           7.5  1989   0.0    0.0      0.0
  MONTH TO DATE    0.0                       0.2   -0.2      0.0
  SINCE SEP 1      0.0                       0.2   -0.2       T
  SINCE JUL 1      0.0                       0.2   -0.2       T
  SNOW DEPTH       0

DEGREE DAYS
 HEATING
  YESTERDAY        4                        11     -7        0
  MONTH TO DATE   53                       167   -114       52
  SINCE SEP 1     82                       238   -156       70
  SINCE JUL 1     82                       242   -160       72

 COOLING
  YESTERDAY        0                         0      0        2
  MONTH TO DATE   45                        13     32       43
  SINCE SEP 1    222                       141     81      256
  SINCE JAN 1   1162                      1062    100     1436
..................................................................


WIND (MPH)
  HIGHEST WIND SPEED    14   HIGHEST WIND DIRECTION    SW (240)
  HIGHEST GUST SPEED    17   HIGHEST GUST DIRECTION    SW (240)
  AVERAGE WIND SPEED     7.1


SKY COVER
  AVERAGE SKY COVER 0.2


WEATHER CONDITIONS
 THE FOLLOWING WEATHER WAS RECORDED YESTERDAY.
  NO SIGNIFICANT WEATHER WAS OBSERVED.


RELATIVE HUMIDITY (PERCENT)
 HIGHEST    86           500 AM
 LOWEST     46           200 PM
 AVERAGE    66

..........................................................


THE INDIANAPOLIS IN CLIMATE NORMALS FOR TODAY
                         NORMAL    RECORD    YEAR
 MAXIMUM TEMPERATURE (F)   64        86      1953
 MINIMUM TEMPERATURE (F)   44        23      1972


SUNRISE AND SUNSET
OCTOBER 20 2017.......SUNRISE   801 AM EDT   SUNSET   658 PM EDT
OCTOBER 21 2017.......SUNRISE   802 AM EDT   SUNSET   657 PM EDT


-  INDICATES NEGATIVE NUMBERS.
R  INDICATES RECORD WAS SET OR TIED.
MM INDICATES DATA IS MISSING.
T  INDICATES TRACE AMOUNT.




$$
