000
CDUS43 KIND 012033
CLIIND


CLIMATE REPORT
NATIONAL WEATHER SERVICE INDIANAPOLIS IN
432 PM EDT SUN MAY 1 2016


...................................

...THE INDIANAPOLIS IN CLIMATE SUMMARY FOR MAY 1 2016...
VALID TODAY AS OF 0400 PM LOCAL TIME.

CLIMATE NORMAL PERIOD 1981 TO 2010
CLIMATE RECORD PERIOD 1871 TO 2016


WEATHER ITEM   OBSERVED TIME   RECORD YEAR NORMAL DEPARTURE LAST
                VALUE   (LST)  VALUE       VALUE  FROM      YEAR
                                                  NORMAL
..................................................................
TEMPERATURE (F)
 TODAY
  MAXIMUM         76    237 PM  89    1942  68      8       71
  MINIMUM         60    625 AM  29    1963  48     12       39
  AVERAGE         68                        58     10       55

PRECIPITATION (IN)
  TODAY            T             1.76 1875   0.16  -0.16     0.00
  MONTH TO DATE    T                         0.16  -0.16     0.00
  SINCE MAR 1     10.06                      7.53   2.53     7.53
  SINCE JAN 1     13.77                     12.51   1.26    10.68

SNOWFALL (IN)
  TODAY            0.0           T    1909   0.0    0.0      0.0
  MONTH TO DATE    0.0                       0.0    0.0      0.0
  SINCE MAR 1      1.2                       2.8   -1.6      5.9
  SINCE JUL 1     13.3                      25.9  -12.6     25.6
  SNOW DEPTH       0

..................................................................


WIND (MPH)
  HIGHEST WIND SPEED    10   HIGHEST WIND DIRECTION    SW (240)
  HIGHEST GUST SPEED    13   HIGHEST GUST DIRECTION     S (200)
  AVERAGE WIND SPEED     4.6


SKY COVER
  AVERAGE SKY COVER 0.7


WEATHER CONDITIONS
 THE FOLLOWING WEATHER WAS RECORDED TODAY.
  LIGHT RAIN
  FOG


RELATIVE HUMIDITY (PERCENT)
 HIGHEST   100           100 AM
 LOWEST     50           200 PM

..........................................................


THE INDIANAPOLIS IN CLIMATE NORMALS FOR TOMORROW
                         NORMAL    RECORD    YEAR
 MAXIMUM TEMPERATURE (F)   69        87      1959
 MINIMUM TEMPERATURE (F)   48        31      2005
                                             1961
                                             1877


SUNRISE AND SUNSET
MAY  1 2016...........SUNRISE   645 AM EDT   SUNSET   840 PM EDT
MAY  2 2016...........SUNRISE   644 AM EDT   SUNSET   841 PM EDT


-  INDICATES NEGATIVE NUMBERS.
R  INDICATES RECORD WAS SET OR TIED.
MM INDICATES DATA IS MISSING.
T  INDICATES TRACE AMOUNT.




$$
