000
CDUS43 KIND 300533
CLIIND


CLIMATE REPORT
NATIONAL WEATHER SERVICE INDIANAPOLIS IN
133 AM EDT SAT JUL 30 2016


...................................

...THE INDIANAPOLIS IN CLIMATE SUMMARY FOR JULY 29 2016...

CLIMATE NORMAL PERIOD 1981 TO 2010
CLIMATE RECORD PERIOD 1871 TO 2016


WEATHER ITEM   OBSERVED TIME   RECORD YEAR NORMAL DEPARTURE LAST
                VALUE   (LST)  VALUE       VALUE  FROM      YEAR
                                                  NORMAL
..................................................................
TEMPERATURE (F)
 YESTERDAY
  MAXIMUM         87    156 PM 100    1941  85      2       91
  MINIMUM         69    605 AM  51    1881  66      3       71
  AVERAGE         78                        75      3       81

PRECIPITATION (IN)
  YESTERDAY        0.16          0.80 1903   0.13   0.03      T
  MONTH TO DATE    5.66                      4.30   1.36    13.14
  SINCE JUN 1     10.19                      8.55   1.64    21.50
  SINCE JAN 1     27.70                     25.95   1.75    34.63

SNOWFALL (IN)
  YESTERDAY        0.0           0.0    MM   0.0    0.0      0.0
  MONTH TO DATE    0.0                       0.0    0.0      0.0
  SINCE JUN 1      0.0                       0.0    0.0       T
  SINCE JUL 1      0.0                       0.0    0.0      0.0
  SNOW DEPTH       0

DEGREE DAYS
 HEATING
  YESTERDAY        0                         0      0        0
  MONTH TO DATE    2                         0      2        0
  SINCE JUN 1      3                        16    -13       16
  SINCE JUL 1      2                         0      2        0

 COOLING
  YESTERDAY       13                        10      3       16
  MONTH TO DATE  344                       305     39      282
  SINCE JUN 1    639                       531    108      533
  SINCE JAN 1    740                       615    125      681
..................................................................


WIND (MPH)
  HIGHEST WIND SPEED    18   HIGHEST WIND DIRECTION     S (190)
  HIGHEST GUST SPEED    22   HIGHEST GUST DIRECTION     S (180)
  AVERAGE WIND SPEED     6.4


SKY COVER
  AVERAGE SKY COVER 0.5


WEATHER CONDITIONS
 THE FOLLOWING WEATHER WAS RECORDED YESTERDAY.
  THUNDERSTORM
  LIGHT RAIN
  FOG
  HAZE


RELATIVE HUMIDITY (PERCENT)
 HIGHEST    90           300 AM
 LOWEST     59           200 PM
 AVERAGE    75

..........................................................


THE INDIANAPOLIS IN CLIMATE NORMALS FOR TODAY
                         NORMAL    RECORD    YEAR
 MAXIMUM TEMPERATURE (F)   84       103      1940
 MINIMUM TEMPERATURE (F)   66        51      1965


SUNRISE AND SUNSET
JULY 30 2016..........SUNRISE   643 AM EDT   SUNSET   900 PM EDT
JULY 31 2016..........SUNRISE   644 AM EDT   SUNSET   859 PM EDT


-  INDICATES NEGATIVE NUMBERS.
R  INDICATES RECORD WAS SET OR TIED.
MM INDICATES DATA IS MISSING.
T  INDICATES TRACE AMOUNT.




$$
