000
CDUS43 KIND 260534
CLIIND


CLIMATE REPORT
NATIONAL WEATHER SERVICE INDIANAPOLIS IN
132 AM EDT FRI AUG 26 2016


...................................

...THE INDIANAPOLIS IN CLIMATE SUMMARY FOR AUGUST 25 2016...

CLIMATE NORMAL PERIOD 1981 TO 2010
CLIMATE RECORD PERIOD 1871 TO 2016


WEATHER ITEM   OBSERVED TIME   RECORD YEAR NORMAL DEPARTURE LAST
                VALUE   (LST)  VALUE       VALUE  FROM      YEAR
                                                  NORMAL
..................................................................
TEMPERATURE (F)
 YESTERDAY
  MAXIMUM         90    335 PM  96    1948  84      6       74
                                      1936
                                      1872
  MINIMUM         75    655 AM  49    1887  64     11       52
  AVERAGE         83                        74      9       63

PRECIPITATION (IN)
  YESTERDAY        T             1.41 1962   0.10  -0.10     0.00
  MONTH TO DATE    4.12                      2.52   1.60     1.55
  SINCE JUN 1     14.31                     11.32   2.99    23.05
  SINCE JAN 1     31.82                     28.72   3.10    36.18

SNOWFALL (IN)
  YESTERDAY        0.0           0.0    MM   0.0    0.0      0.0
  MONTH TO DATE    0.0                       0.0    0.0      0.0
  SINCE JUN 1      0.0                       0.0    0.0       T
  SINCE JUL 1      0.0                       0.0    0.0      0.0
  SNOW DEPTH       0

DEGREE DAYS
 HEATING
  YESTERDAY        0                         0      0        2
  MONTH TO DATE    0                         0      0        2
  SINCE JUN 1      3                        17    -14       18
  SINCE JUL 1      2                         1      1        2

 COOLING
  YESTERDAY       18                         9      9        0
  MONTH TO DATE  327                       241     86      205
  SINCE JUN 1    990                       790    200      760
  SINCE JAN 1   1091                       874    217      908
..................................................................


WIND (MPH)
  HIGHEST WIND SPEED    20   HIGHEST WIND DIRECTION     W (250)
  HIGHEST GUST SPEED    25   HIGHEST GUST DIRECTION    SW (220)
  AVERAGE WIND SPEED     8.6


SKY COVER
  AVERAGE SKY COVER 0.5


WEATHER CONDITIONS
 THE FOLLOWING WEATHER WAS RECORDED YESTERDAY.
  NO SIGNIFICANT WEATHER WAS OBSERVED.


RELATIVE HUMIDITY (PERCENT)
 HIGHEST    94           300 AM
 LOWEST     52           300 PM
 AVERAGE    73

..........................................................


THE INDIANAPOLIS IN CLIMATE NORMALS FOR TODAY
                         NORMAL    RECORD    YEAR
 MAXIMUM TEMPERATURE (F)   84        97      1948
 MINIMUM TEMPERATURE (F)   63        48      1945
                                             1885


SUNRISE AND SUNSET
AUGUST 26 2016........SUNRISE   708 AM EDT   SUNSET   825 PM EDT
AUGUST 27 2016........SUNRISE   709 AM EDT   SUNSET   823 PM EDT


-  INDICATES NEGATIVE NUMBERS.
R  INDICATES RECORD WAS SET OR TIED.
MM INDICATES DATA IS MISSING.
T  INDICATES TRACE AMOUNT.




$$
