378
CDUS43 KIND 232333
CLIIND


CLIMATE REPORT
NATIONAL WEATHER SERVICE INDIANAPOLIS IN
733 PM EDT TUE MAY 23 2017


...................................

...THE INDIANAPOLIS IN CLIMATE SUMMARY FOR MAY 23 2017...
VALID AS OF 0700 PM LOCAL TIME.

CLIMATE NORMAL PERIOD 1981 TO 2010
CLIMATE RECORD PERIOD 1871 TO 2017


WEATHER ITEM   OBSERVED TIME   RECORD YEAR NORMAL DEPARTURE LAST
                VALUE   (LST)  VALUE       VALUE  FROM      YEAR
                                                  NORMAL
..................................................................
TEMPERATURE (F)
 TODAY
  MAXIMUM         73    506 PM  92    1939  75     -2       78
  MINIMUM         56    620 AM  37    1963  55      1       50
  AVERAGE         65                        65      0       64

PRECIPITATION (IN)
  TODAY            0.00          3.13 1968   0.16  -0.16     0.00
  MONTH TO DATE    6.35                      3.78   2.57     3.51
  SINCE MAR 1     16.67                     11.15   5.52    13.57
  SINCE JAN 1     22.12                     16.13   5.99    17.28

SNOWFALL (IN)
  TODAY            0.0           0.0    MM   0.0    0.0      0.0
  MONTH TO DATE    0.0                       0.0    0.0       T
  SINCE MAR 1      1.0                       2.8   -1.8      1.2
  SINCE JUL 1      9.7                      25.9  -16.2     13.3
  SNOW DEPTH       0

..................................................................


WIND (MPH)
  HIGHEST WIND SPEED    12   HIGHEST WIND DIRECTION    SE (120)
  HIGHEST GUST SPEED    16   HIGHEST GUST DIRECTION    SE (140)
  AVERAGE WIND SPEED     4.4


SKY COVER
  AVERAGE SKY COVER 0.9


WEATHER CONDITIONS
 THE FOLLOWING WEATHER WAS RECORDED TODAY.
  NO SIGNIFICANT WEATHER WAS OBSERVED.


RELATIVE HUMIDITY (PERCENT)
 HIGHEST    72           400 AM
 LOWEST     41           200 PM

..........................................................


THE INDIANAPOLIS IN CLIMATE NORMALS FOR TOMORROW
                         NORMAL    RECORD    YEAR
 MAXIMUM TEMPERATURE (F)   75        90      1965
                                             1921
 MINIMUM TEMPERATURE (F)   55        37      1925


SUNRISE AND SUNSET
MAY 23 2017...........SUNRISE   624 AM EDT   SUNSET   900 PM EDT
MAY 24 2017...........SUNRISE   623 AM EDT   SUNSET   901 PM EDT


-  INDICATES NEGATIVE NUMBERS.
R  INDICATES RECORD WAS SET OR TIED.
MM INDICATES DATA IS MISSING.
T  INDICATES TRACE AMOUNT.




$$
