000
CDUS43 KDLH 200633
CLIINL


CLIMATE REPORT
NATIONAL WEATHER SERVICE DULUTH MN
133 AM CDT SUN AUG 20 2017


...................................

...THE INTERNATIONAL FALLS MN CLIMATE SUMMARY FOR AUGUST 19 2017...

CLIMATE NORMAL PERIOD 1981 TO 2010
CLIMATE RECORD PERIOD 1895 TO 2017


WEATHER ITEM   OBSERVED TIME   RECORD YEAR NORMAL DEPARTURE LAST
                VALUE   (LST)  VALUE       VALUE  FROM      YEAR
                                                  NORMAL
..................................................................
TEMPERATURE (F)
 YESTERDAY
  MAXIMUM         81    344 PM  94    1976  76      5       76
                                      1959
  MINIMUM         50    548 AM  35    1897  51     -1       47
  AVERAGE         66                        63      3       62

PRECIPITATION (IN)
  YESTERDAY        0.00          2.52 1974   0.08  -0.08     0.00
  MONTH TO DATE    3.33                      1.72   1.61     2.18
  SINCE JUN 1      9.37                      9.34   0.03    11.53
  SINCE JAN 1     15.99                     15.87   0.12    19.33

SNOWFALL (IN)
  YESTERDAY        0.0           0.0  2002   0.0    0.0      0.0
                                      2001
  MONTH TO DATE    0.0                       0.0    0.0      0.0
  SINCE JUN 1      0.0                       0.0    0.0      0.0
  SINCE JUL 1      0.0                       0.0    0.0      0.0
  SNOW DEPTH       0

DEGREE DAYS
 HEATING
  YESTERDAY        0                         4     -4        3
  MONTH TO DATE   58                        52      6       19
  SINCE JUN 1    249                       286    -37      229
  SINCE JUL 1    125                       122      3       62

 COOLING
  YESTERDAY        1                         2     -1        0
  MONTH TO DATE   11                        38    -27       32
  SINCE JUN 1     77                       152    -75      132
  SINCE JAN 1     77                       161    -84      134
..................................................................


WIND (MPH)
  HIGHEST WIND SPEED    12   HIGHEST WIND DIRECTION    SW (230)
  HIGHEST GUST SPEED    17   HIGHEST GUST DIRECTION     W (250)
  AVERAGE WIND SPEED     4.2


SKY COVER
  AVERAGE SKY COVER 0.0


WEATHER CONDITIONS
 THE FOLLOWING WEATHER WAS RECORDED YESTERDAY.
  FOG
  FOG W/VISIBILITY <= 1/4 MILE


RELATIVE HUMIDITY (PERCENT)
 HIGHEST   100           400 AM
 LOWEST     39           300 PM
 AVERAGE    70

..........................................................


THE INTERNATIONAL FALLS MN CLIMATE NORMALS FOR TODAY
                         NORMAL    RECORD    YEAR
 MAXIMUM TEMPERATURE (F)   76        91      1910
 MINIMUM TEMPERATURE (F)   50        32      1907


SUNRISE AND SUNSET
AUGUST 20 2017........SUNRISE   614 AM CDT   SUNSET   818 PM CDT
AUGUST 21 2017........SUNRISE   616 AM CDT   SUNSET   817 PM CDT


-  INDICATES NEGATIVE NUMBERS.
R  INDICATES RECORD WAS SET OR TIED.
MM INDICATES DATA IS MISSING.
T  INDICATES TRACE AMOUNT.




$$
