000
CDUS45 KFGZ 240745
CLIINW
CLIMATE REPORT
NATIONAL WEATHER SERVICE FLAGSTAFF, AZ
1244 AM MST THU AUG 24 2017


...................................

...THE WINSLOW AZ AIRPORT CLIMATE SUMMARY FOR AUGUST 23 2017...

CLIMATE NORMAL PERIOD 1981 TO 2010
CLIMATE RECORD PERIOD 1915 TO 2017


WEATHER ITEM   OBSERVED TIME   RECORD YEAR NORMAL DEPARTURE LAST
                VALUE   (LST)  VALUE       VALUE  FROM      YEAR
                                                  NORMAL
..................................................................
TEMPERATURE (F)
 YESTERDAY
  MAXIMUM         94   1258 PM 100    2011  91      3       79
  MINIMUM         61    612 AM  43    1968  60      1       59
  AVERAGE         78                        75      3       69

PRECIPITATION (IN)
  YESTERDAY        0.07          0.79 1977   0.03   0.04     0.01
  MONTH TO DATE    0.28                      0.90  -0.62     1.30
  SINCE SEP 1      7.01                      6.71   0.30     7.29
  SINCE JAN 1      3.93                      4.23  -0.30     3.27

DEGREE DAYS
 HEATING
  YESTERDAY        0                         0      0        0
  MONTH TO DATE    0                         0      0        0
  SINCE JUL 1      0                         0      0        0

 COOLING
  YESTERDAY       13                        10      3        4
  MONTH TO DATE  273                       265      8      255
  SINCE JAN 1   1139                       982    157     1108
..................................................................


WIND (MPH)
  HIGHEST WIND SPEED    31   HIGHEST WIND DIRECTION     S (170)
  HIGHEST GUST SPEED    39   HIGHEST GUST DIRECTION     S (160)
  AVERAGE WIND SPEED     8.2


SKY COVER
  POSSIBLE SUNSHINE  MM
  AVERAGE SKY COVER 0.3


WEATHER CONDITIONS
 THE FOLLOWING WEATHER WAS RECORDED YESTERDAY.
  THUNDERSTORM
  RAIN
  LIGHT RAIN


RELATIVE HUMIDITY (PERCENT)
 HIGHEST    63           900 PM
 LOWEST     15           100 PM
 AVERAGE    39

..........................................................


THE WINSLOW AZ AIRPORT CLIMATE NORMALS FOR TODAY
                         NORMAL    RECORD    YEAR
 MAXIMUM TEMPERATURE (F)   91       101      2011
 MINIMUM TEMPERATURE (F)   60        41      1968


SUNRISE AND SUNSET
AUGUST 24 2017........SUNRISE   550 AM MST   SUNSET   700 PM MST
AUGUST 25 2017........SUNRISE   551 AM MST   SUNSET   658 PM MST


-  INDICATES NEGATIVE NUMBERS.
R  INDICATES RECORD WAS SET OR TIED.
MM INDICATES DATA IS MISSING.
T  INDICATES TRACE AMOUNT.




$$
