000
CDUS45 KFGZ 190822
CLIINW
CLIMATE REPORT
NATIONAL WEATHER SERVICE FLAGSTAFF, AZ
119 AM MST SUN FEB 19 2017


...................................

...THE WINSLOW AZ AIRPORT CLIMATE SUMMARY FOR FEBRUARY 18 2017...

CLIMATE NORMAL PERIOD 1981 TO 2010
CLIMATE RECORD PERIOD 1915 TO 2017


WEATHER ITEM   OBSERVED TIME   RECORD YEAR NORMAL DEPARTURE LAST
                VALUE   (LST)  VALUE       VALUE  FROM      YEAR
                                                  NORMAL
..................................................................
TEMPERATURE (F)
 YESTERDAY
  MAXIMUM         63    103 PM  73    2016  57      6       73
                                      1958
  MINIMUM         44   1159 PM  12    1942  26     18       32
  AVERAGE         54                        41     13       53

PRECIPITATION (IN)
  YESTERDAY        0.04          0.46 1957   0.01   0.03     0.00
  MONTH TO DATE    0.15                      0.30  -0.15     0.22
  SINCE SEP 1      4.04                      3.30   0.74     4.59
  SINCE JAN 1      0.96                      0.82   0.14     0.57

DEGREE DAYS
 HEATING
  YESTERDAY       11                        24    -13       12
  MONTH TO DATE  305                       465   -160      457
  SINCE JUL 1   2592                      3268   -676     3145

 COOLING
  YESTERDAY        0                         0      0        0
  MONTH TO DATE    0                         0      0        0
  SINCE JAN 1      0                         0      0        0
..................................................................


WIND (MPH)
  HIGHEST WIND SPEED    35   HIGHEST WIND DIRECTION     S (180)
  HIGHEST GUST SPEED    40   HIGHEST GUST DIRECTION     S (180)
  AVERAGE WIND SPEED    14.8


SKY COVER
  POSSIBLE SUNSHINE  MM
  AVERAGE SKY COVER 0.8


WEATHER CONDITIONS
 THE FOLLOWING WEATHER WAS RECORDED YESTERDAY.
  LIGHT RAIN
  FOG


RELATIVE HUMIDITY (PERCENT)
 HIGHEST    71           800 AM
 LOWEST     30           100 PM
 AVERAGE    51

..........................................................


THE WINSLOW AZ AIRPORT CLIMATE NORMALS FOR TODAY
                         NORMAL    RECORD    YEAR
 MAXIMUM TEMPERATURE (F)   57        74      1981
 MINIMUM TEMPERATURE (F)   26        10      1955


SUNRISE AND SUNSET
FEBRUARY 19 2017......SUNRISE   704 AM MST   SUNSET   610 PM MST
FEBRUARY 20 2017......SUNRISE   703 AM MST   SUNSET   611 PM MST


-  INDICATES NEGATIVE NUMBERS.
R  INDICATES RECORD WAS SET OR TIED.
MM INDICATES DATA IS MISSING.
T  INDICATES TRACE AMOUNT.




$$
