000
CDUS45 KFGZ 240823
CLIINW
CLIMATE REPORT
NATIONAL WEATHER SERVICE FLAGSTAFF, AZ
122 AM MST TUE MAY 24 2016


...................................

...THE WINSLOW AZ AIRPORT CLIMATE SUMMARY FOR MAY 23 2016...

CLIMATE NORMAL PERIOD 1981 TO 2010
CLIMATE RECORD PERIOD 1915 TO 2016


WEATHER ITEM   OBSERVED TIME   RECORD YEAR NORMAL DEPARTURE LAST
                VALUE   (LST)  VALUE       VALUE  FROM      YEAR
                                                  NORMAL
..................................................................
TEMPERATURE (F)
 YESTERDAY
  MAXIMUM         80    413 PM  99    2000  84     -4       70
  MINIMUM         41    536 AM  28    1930  47     -6       37
  AVERAGE         61                        66     -5       54

PRECIPITATION (IN)
  YESTERDAY        0.00          0.16 1992   0.01  -0.01     0.00
  MONTH TO DATE    0.43                      0.25   0.18     0.72
  SINCE SEP 1      5.62                      4.51   1.11     6.16
  SINCE JAN 1      1.60                      2.03  -0.43     3.31

DEGREE DAYS
 HEATING
  YESTERDAY        4                         2      2       11
  MONTH TO DATE  112                        94     18      142
  SINCE JUL 1   4231                      4473   -242     3816

 COOLING
  YESTERDAY        0                         3     -3        0
  MONTH TO DATE   15                        36    -21        3
  SINCE JAN 1     15                        40    -25        3
..................................................................


WIND (MPH)
  HIGHEST WIND SPEED    23   HIGHEST WIND DIRECTION    SW (220)
  HIGHEST GUST SPEED    31   HIGHEST GUST DIRECTION    SW (210)
  AVERAGE WIND SPEED     8.3


SKY COVER
  POSSIBLE SUNSHINE  MM
  AVERAGE SKY COVER 0.0


WEATHER CONDITIONS
 THE FOLLOWING WEATHER WAS RECORDED YESTERDAY.
  NO SIGNIFICANT WEATHER WAS OBSERVED.


RELATIVE HUMIDITY (PERCENT)
 HIGHEST    57           500 AM
 LOWEST      8           100 PM
 AVERAGE    33

..........................................................


THE WINSLOW AZ AIRPORT CLIMATE NORMALS FOR TODAY
                         NORMAL    RECORD    YEAR
 MAXIMUM TEMPERATURE (F)   84        96      2000
 MINIMUM TEMPERATURE (F)   47        32      1930


SUNRISE AND SUNSET
MAY 24 2016...........SUNRISE   513 AM MST   SUNSET   727 PM MST
MAY 25 2016...........SUNRISE   513 AM MST   SUNSET   727 PM MST


-  INDICATES NEGATIVE NUMBERS.
R  INDICATES RECORD WAS SET OR TIED.
MM INDICATES DATA IS MISSING.
T  INDICATES TRACE AMOUNT.




$$
