000
CDUS45 KFGZ 270818
CLIINW
CLIMATE REPORT
NATIONAL WEATHER SERVICE FLAGSTAFF, AZ
117 AM MST WED JUL 27 2016


...................................

...THE WINSLOW AZ AIRPORT CLIMATE SUMMARY FOR JULY 26 2016...

CLIMATE NORMAL PERIOD 1981 TO 2010
CLIMATE RECORD PERIOD 1915 TO 2016


WEATHER ITEM   OBSERVED TIME   RECORD YEAR NORMAL DEPARTURE LAST
                VALUE   (LST)  VALUE       VALUE  FROM      YEAR
                                                  NORMAL
..................................................................
TEMPERATURE (F)
 YESTERDAY
  MAXIMUM         96    102 PM 103    1995  94      2       96
  MINIMUM         69    359 AM  52    1944  63      6       65
  AVERAGE         83                        78      5       81

PRECIPITATION (IN)
  YESTERDAY        T             1.61 1982   0.04  -0.04     0.00
  MONTH TO DATE    0.36                      0.83  -0.47     1.32
  SINCE SEP 1      5.99                      5.60   0.39     8.48
  SINCE JAN 1      1.97                      3.12  -1.15     5.63

DEGREE DAYS
 HEATING
  YESTERDAY        0                         0      0        0
  MONTH TO DATE    0                         0      0        0
  SINCE JUL 1      0                         0      0        0

 COOLING
  YESTERDAY       18                        13      5       16
  MONTH TO DATE  358                       345     13      296
  SINCE JAN 1    764                       653    111      649
..................................................................


WIND (MPH)
  HIGHEST WIND SPEED    30   HIGHEST WIND DIRECTION    SW (220)
  HIGHEST GUST SPEED    35   HIGHEST GUST DIRECTION    SW (220)
  AVERAGE WIND SPEED     6.4


SKY COVER
  POSSIBLE SUNSHINE  MM
  AVERAGE SKY COVER 0.2


WEATHER CONDITIONS
 THE FOLLOWING WEATHER WAS RECORDED YESTERDAY.
  THUNDERSTORM
  LIGHT RAIN


RELATIVE HUMIDITY (PERCENT)
 HIGHEST    53           400 AM
 LOWEST     20           200 PM
 AVERAGE    37

..........................................................


THE WINSLOW AZ AIRPORT CLIMATE NORMALS FOR TODAY
                         NORMAL    RECORD    YEAR
 MAXIMUM TEMPERATURE (F)   93       103      1995
 MINIMUM TEMPERATURE (F)   63        49      1921


SUNRISE AND SUNSET
JULY 27 2016..........SUNRISE   529 AM MST   SUNSET   729 PM MST
JULY 28 2016..........SUNRISE   530 AM MST   SUNSET   729 PM MST


-  INDICATES NEGATIVE NUMBERS.
R  INDICATES RECORD WAS SET OR TIED.
MM INDICATES DATA IS MISSING.
T  INDICATES TRACE AMOUNT.




$$
