000
CDUS45 KFGZ 280740
CLIINW
CLIMATE REPORT
NATIONAL WEATHER SERVICE FLAGSTAFF, AZ
1236 AM MST SUN AUG 28 2016


...................................

...THE WINSLOW AZ AIRPORT CLIMATE SUMMARY FOR AUGUST 27 2016...

CLIMATE NORMAL PERIOD 1981 TO 2010
CLIMATE RECORD PERIOD 1915 TO 2016


WEATHER ITEM   OBSERVED TIME   RECORD YEAR NORMAL DEPARTURE LAST
                VALUE   (LST)  VALUE       VALUE  FROM      YEAR
                                                  NORMAL
..................................................................
TEMPERATURE (F)
 YESTERDAY
  MAXIMUM         75    523 PM  99    2001  90    -15       84
  MINIMUM         55   1159 PM  45    1978  59     -4       62
  AVERAGE         65                        74     -9       73

PRECIPITATION (IN)
  YESTERDAY        0.18          0.63 1993   0.04   0.14     0.04
  MONTH TO DATE    1.59                      1.05   0.54     2.61
  SINCE SEP 1      7.58                      6.86   0.72    11.10
  SINCE JAN 1      3.56                      4.38  -0.82     8.25

DEGREE DAYS
 HEATING
  YESTERDAY        0                         0      0        0
  MONTH TO DATE    0                         0      0        0
  SINCE JUL 1      0                         0      0        0

 COOLING
  YESTERDAY        0                        10    -10        8
  MONTH TO DATE  270                       305    -35      345
  SINCE JAN 1   1123                      1022    101     1065
..................................................................


WIND (MPH)
  HIGHEST WIND SPEED    23   HIGHEST WIND DIRECTION    NW (300)
  HIGHEST GUST SPEED    29   HIGHEST GUST DIRECTION    NW (300)
  AVERAGE WIND SPEED     7.8


SKY COVER
  POSSIBLE SUNSHINE  MM
  AVERAGE SKY COVER 0.4


WEATHER CONDITIONS
 THE FOLLOWING WEATHER WAS RECORDED YESTERDAY.
  THUNDERSTORM
  RAIN
  LIGHT RAIN
  FOG


RELATIVE HUMIDITY (PERCENT)
 HIGHEST    93          1000 AM
 LOWEST     43           500 PM
 AVERAGE    68

..........................................................


THE WINSLOW AZ AIRPORT CLIMATE NORMALS FOR TODAY
                         NORMAL    RECORD    YEAR
 MAXIMUM TEMPERATURE (F)   90        98      2011
                                             2001
                                             1998
 MINIMUM TEMPERATURE (F)   59        45      1920


SUNRISE AND SUNSET
AUGUST 28 2016........SUNRISE   553 AM MST   SUNSET   654 PM MST
AUGUST 29 2016........SUNRISE   554 AM MST   SUNSET   653 PM MST


-  INDICATES NEGATIVE NUMBERS.
R  INDICATES RECORD WAS SET OR TIED.
MM INDICATES DATA IS MISSING.
T  INDICATES TRACE AMOUNT.




$$
