000
CDUS45 KFGZ 050816
CLIINW
CLIMATE REPORT
NATIONAL WEATHER SERVICE FLAGSTAFF, AZ
113 AM MST SAT SEP 5 2015


...................................

...THE WINSLOW AZ AIRPORT CLIMATE SUMMARY FOR SEPTEMBER 4 2015...

CLIMATE NORMAL PERIOD 1981 TO 2010
CLIMATE RECORD PERIOD 1915 TO 2015


WEATHER ITEM   OBSERVED TIME   RECORD YEAR NORMAL DEPARTURE LAST
                VALUE   (LST)  VALUE       VALUE  FROM      YEAR
                                                  NORMAL
..................................................................
TEMPERATURE (F)
 YESTERDAY
  MAXIMUM         81    357 PM  97    1979  89     -8       78
                                      1948
  MINIMUM         59    626 AM  41    1961  57      2       56
  AVERAGE         70                        73     -3       67

PRECIPITATION (IN)
  YESTERDAY        0.27R         0.26 1918   0.04   0.23     0.03
  MONTH TO DATE    0.82                      0.15   0.67     0.03
  SINCE SEP 1      0.82                      0.15   0.67     0.03
  SINCE JAN 1      9.72                      4.68   5.04     4.21

DEGREE DAYS
 HEATING
  YESTERDAY        0                         0      0        0
  MONTH TO DATE    0                         0      0        0
  SINCE JUL 1      0                         0      0        0

 COOLING
  YESTERDAY        5                         8     -3        2
  MONTH TO DATE   24                        33     -9       35
  SINCE JAN 1   1133                      1091     42     1151
..................................................................


WIND (MPH)
  HIGHEST WIND SPEED    24   HIGHEST WIND DIRECTION     S (190)
  HIGHEST GUST SPEED    31   HIGHEST GUST DIRECTION     S (200)
  AVERAGE WIND SPEED     6.2


SKY COVER
  POSSIBLE SUNSHINE  MM
  AVERAGE SKY COVER 0.1


WEATHER CONDITIONS
 THE FOLLOWING WEATHER WAS RECORDED YESTERDAY.
  THUNDERSTORM
  HEAVY RAIN
  LIGHT RAIN


RELATIVE HUMIDITY (PERCENT)
 HIGHEST    90           200 AM
 LOWEST     39           100 PM
 AVERAGE    65

..........................................................


THE WINSLOW AZ AIRPORT CLIMATE NORMALS FOR TODAY
                         NORMAL    RECORD    YEAR
 MAXIMUM TEMPERATURE (F)   89        99      1945
 MINIMUM TEMPERATURE (F)   56        42      1961


SUNRISE AND SUNSET
SEPTEMBER  5 2015.....SUNRISE   558 AM MST   SUNSET   644 PM MST
SEPTEMBER  6 2015.....SUNRISE   559 AM MST   SUNSET   643 PM MST


-  INDICATES NEGATIVE NUMBERS.
R  INDICATES RECORD WAS SET OR TIED.
MM INDICATES DATA IS MISSING.
T  INDICATES TRACE AMOUNT.




$$
