000
CDUS45 KFGZ 010051
CLIINW
CLIMATE REPORT
NATIONAL WEATHER SERVICE FLAGSTAFF, AZ
550 PM MST SUN APR 30 2017


...................................

...THE WINSLOW AZ AIRPORT CLIMATE SUMMARY FOR APRIL 30 2017...
VALID TODAY AS OF 0500 PM LOCAL TIME.

CLIMATE NORMAL PERIOD 1981 TO 2010
CLIMATE RECORD PERIOD 1915 TO 2017


WEATHER ITEM   OBSERVED TIME   RECORD YEAR NORMAL DEPARTURE LAST
                VALUE   (LST)  VALUE       VALUE  FROM      YEAR
                                                  NORMAL
..................................................................
TEMPERATURE (F)
 TODAY
  MAXIMUM         73    454 PM  92    1943  76     -3       66
  MINIMUM         32    555 AM  23    2010  41     -9       43
  AVERAGE         53                        59     -6       55

PRECIPITATION (IN)
  TODAY            0.00          0.34 2016   0.01  -0.01     0.34
  MONTH TO DATE    0.11                      0.26  -0.15     0.56
  SINCE SEP 1      4.82                      4.26   0.56     5.19
  SINCE JAN 1      1.74                      1.78  -0.04     1.17

DEGREE DAYS
 HEATING
  TODAY           12                         7      5       10
  MONTH TO DATE  293                       327    -34      323
  SINCE JUL 1   3499                      4379   -880     4119

 COOLING
  TODAY            0                         0      0        0
  MONTH TO DATE    0                         4     -4        0
  SINCE JAN 1      0                         4     -4        0
..................................................................


WIND (MPH)
  HIGHEST WIND SPEED    15   HIGHEST WIND DIRECTION    NW (330)
  HIGHEST GUST SPEED    20   HIGHEST GUST DIRECTION    NW (310)
  AVERAGE WIND SPEED     7.4


SKY COVER
  POSSIBLE SUNSHINE  MM
  AVERAGE SKY COVER 0.0


WEATHER CONDITIONS
 THE FOLLOWING WEATHER WAS RECORDED TODAY.
  NO SIGNIFICANT WEATHER WAS OBSERVED.


RELATIVE HUMIDITY (PERCENT)
 HIGHEST    47           500 AM
 LOWEST      7           200 PM
 AVERAGE    27

..........................................................


THE WINSLOW AZ AIRPORT CLIMATE NORMALS FOR TOMORROW
                         NORMAL    RECORD    YEAR
 MAXIMUM TEMPERATURE (F)   77        92      1943
 MINIMUM TEMPERATURE (F)   41        24      1967


SUNRISE AND SUNSET
APRIL 30 2017.........SUNRISE   533 AM MST   SUNSET   708 PM MST
MAY  1 2017...........SUNRISE   532 AM MST   SUNSET   709 PM MST


-  INDICATES NEGATIVE NUMBERS.
R  INDICATES RECORD WAS SET OR TIED.
MM INDICATES DATA IS MISSING.
T  INDICATES TRACE AMOUNT.




$$
