000
CDUS45 KFGZ 020819
CLIINW
CLIMATE REPORT
NATIONAL WEATHER SERVICE FLAGSTAFF, AZ
117 AM MST THU JUL 2 2015


...................................

...THE WINSLOW AZ AIRPORT CLIMATE SUMMARY FOR JULY 1 2015...

CLIMATE NORMAL PERIOD 1981 TO 2010
CLIMATE RECORD PERIOD 1915 TO 2015


WEATHER ITEM   OBSERVED TIME   RECORD YEAR NORMAL DEPARTURE LAST
                VALUE   (LST)  VALUE       VALUE  FROM      YEAR
                                                  NORMAL
..................................................................
TEMPERATURE (F)
 YESTERDAY
  MAXIMUM        100    219 PM 104    2007  95      5      103
  MINIMUM         65   1006 PM  42    1928  59      6       61
  AVERAGE         83                        77      6       82

PRECIPITATION (IN)
  YESTERDAY        0.04          0.25 1925   0.02   0.02     0.00
                                      1919
  MONTH TO DATE    0.04                      0.02   0.02     0.00
  SINCE SEP 1      7.20                      4.79   2.41     4.99
  SINCE JAN 1      4.35                      2.31   2.04     1.18

DEGREE DAYS
 HEATING
  YESTERDAY        0                         0      0        0
  MONTH TO DATE    0                         0      0        0
  SINCE JUL 1      0                         0      0        0

 COOLING
  YESTERDAY       18                        12      6       17
  MONTH TO DATE   18                        12      6       17
  SINCE JAN 1    371                       320     51      354
..................................................................


WIND (MPH)
  HIGHEST WIND SPEED    33   HIGHEST WIND DIRECTION     E (90)
  HIGHEST GUST SPEED    47   HIGHEST GUST DIRECTION     E (80)
  AVERAGE WIND SPEED    12.5


SKY COVER
  POSSIBLE SUNSHINE  MM
  AVERAGE SKY COVER 0.1


WEATHER CONDITIONS
 THE FOLLOWING WEATHER WAS RECORDED YESTERDAY.
  THUNDERSTORM
  LIGHT RAIN
  HAZE


RELATIVE HUMIDITY (PERCENT)
 HIGHEST    57           500 AM
 LOWEST     21           200 PM
 AVERAGE    39

..........................................................


THE WINSLOW AZ AIRPORT CLIMATE NORMALS FOR TODAY
                         NORMAL    RECORD    YEAR
 MAXIMUM TEMPERATURE (F)   95       105      1969
 MINIMUM TEMPERATURE (F)   59        44      2004


SUNRISE AND SUNSET
JULY  2 2015..........SUNRISE   513 AM MST   SUNSET   741 PM MST
JULY  3 2015..........SUNRISE   513 AM MST   SUNSET   741 PM MST


-  INDICATES NEGATIVE NUMBERS.
R  INDICATES RECORD WAS SET OR TIED.
MM INDICATES DATA IS MISSING.
T  INDICATES TRACE AMOUNT.




$$
