000
CDUS45 KFGZ 100053
CLIINW
CLIMATE REPORT
NATIONAL WEATHER SERVICE FLAGSTAFF, AZ
553 PM MST WED JUL 9 2014


...................................

...THE WINSLOW AZ AIRPORT CLIMATE SUMMARY FOR JULY 9 2014...
VALID TODAY AS OF 0500 PM LOCAL TIME.

CLIMATE NORMAL PERIOD 1981 TO 2010
CLIMATE RECORD PERIOD 1898 TO 2014


WEATHER ITEM   OBSERVED TIME   RECORD YEAR NORMAL DEPARTURE LAST
                VALUE   (LST)  VALUE       VALUE  FROM      YEAR
                                                  NORMAL
..................................................................
TEMPERATURE (F)
 TODAY
  MAXIMUM         92    405 PM 105    2003  95     -3      102
  MINIMUM         64    535 AM  50    1931  61      3       67
                                      1926
  AVERAGE         78                        78      0       85

PRECIPITATION (IN)
  TODAY            0.00          1.30 1989   0.03  -0.03      T
  MONTH TO DATE    0.21                      0.20   0.01     0.30
  SINCE SEP 1      5.20                      4.97   0.23     3.36
  SINCE JAN 1      1.39                      2.49  -1.10     2.09

DEGREE DAYS
 HEATING
  TODAY            0                         0      0        0
  MONTH TO DATE    0                         0      0        0
  SINCE JUL 1      0                         0      0        0

 COOLING
  TODAY           13                        13      0       20
  MONTH TO DATE  136                       114     22      158
  SINCE JAN 1    473                       422     51      585
..................................................................


WIND (MPH)
  HIGHEST WIND SPEED    20   HIGHEST WIND DIRECTION     W (270)
  HIGHEST GUST SPEED    24   HIGHEST GUST DIRECTION     W (250)
  AVERAGE WIND SPEED     7.0


SKY COVER
  POSSIBLE SUNSHINE  MM
  AVERAGE SKY COVER 0.3


WEATHER CONDITIONS
 THE FOLLOWING WEATHER WAS RECORDED TODAY.
  NO SIGNIFICANT WEATHER WAS OBSERVED.


RELATIVE HUMIDITY (PERCENT)
 HIGHEST    63           200 AM
 LOWEST     23           400 PM
 AVERAGE    43

..........................................................


THE WINSLOW AZ AIRPORT CLIMATE NORMALS FOR TOMORROW
                         NORMAL    RECORD    YEAR
 MAXIMUM TEMPERATURE (F)   95       105      2003
                                             1958
 MINIMUM TEMPERATURE (F)   61        48      1926


SUNRISE AND SUNSET
JULY  9 2014..........SUNRISE   517 AM MST   SUNSET   739 PM MST
JULY 10 2014..........SUNRISE   517 AM MST   SUNSET   739 PM MST


-  INDICATES NEGATIVE NUMBERS.
R  INDICATES RECORD WAS SET OR TIED.
MM INDICATES DATA IS MISSING.
T  INDICATES TRACE AMOUNT.




$$
