000
CDUS43 KDVN 192221
CLIIOW


CLIMATE REPORT
NATIONAL WEATHER SERVICE QUAD CITIES IA IL
420 PM CST FRI JAN 19 2018


...................................

...THE IOWA CITY IA CLIMATE SUMMARY FOR JANUARY 19 2018...
VALID TODAY AS OF 0400 PM LOCAL TIME.

CLIMATE NORMAL PERIOD 1981 TO 2010
CLIMATE RECORD PERIOD 9999 TO 9999


WEATHER ITEM   OBSERVED TIME   RECORD YEAR NORMAL DEPARTURE LAST
                VALUE   (LST)  VALUE       VALUE  FROM      YEAR
                                                  NORMAL
..................................................................
TEMPERATURE (F)
 TODAY
  MAXIMUM         46    240 PM  MM      MM  30     16       40
  MINIMUM         25    533 AM  MM      MM  14     11       28
  AVERAGE         36                        22     14       34

PRECIPITATION (IN)
  TODAY            0.00         MM      MM   0.03  -0.03     0.35
  MONTH TO DATE    0.12                      0.40  -0.28     1.37
  SINCE DEC 1      0.82                      1.92  -1.10     2.21
  SINCE JAN 1      0.12                      0.40  -0.28     1.37

DEGREE DAYS
 HEATING
  TODAY           29                        43    -14       31
  MONTH TO DATE  954                       817    137      739
  SINCE DEC 1   2141                      2049     92     1957
  SINCE JUL 1   3236                      3356   -120     2759

 COOLING
  TODAY            0                         0      0        0
  MONTH TO DATE    0                         0      0        0
  SINCE DEC 1      0                         0      0        0
  SINCE JAN 1      0                         0      0        0
..................................................................


WIND (MPH)
  HIGHEST WIND SPEED    16   HIGHEST WIND DIRECTION     S (200)
  HIGHEST GUST SPEED    21   HIGHEST GUST DIRECTION     S (190)
  AVERAGE WIND SPEED     7.4


SKY COVER
  POSSIBLE SUNSHINE  MM
  AVERAGE SKY COVER 0.0


WEATHER CONDITIONS
 THE FOLLOWING WEATHER WAS RECORDED TODAY.
  NO SIGNIFICANT WEATHER WAS OBSERVED.


RELATIVE HUMIDITY (PERCENT)
 HIGHEST    75           400 AM
 LOWEST     49           100 PM
 AVERAGE    62

..........................................................


THE IOWA CITY IA CLIMATE NORMALS FOR TOMORROW
                         NORMAL    RECORD    YEAR
 MAXIMUM TEMPERATURE (F)   30        MM        MM
 MINIMUM TEMPERATURE (F)   14        MM        MM


SUNRISE AND SUNSET
JANUARY 19 2018.......SUNRISE   729 AM CST   SUNSET   506 PM CST
JANUARY 20 2018.......SUNRISE   728 AM CST   SUNSET   507 PM CST


-  INDICATES NEGATIVE NUMBERS.
R  INDICATES RECORD WAS SET OR TIED.
MM INDICATES DATA IS MISSING.
T  INDICATES TRACE AMOUNT.




$$
