000
CDUS43 KDVN 211019
CLIIOW


CLIMATE REPORT
NATIONAL WEATHER SERVICE QUAD CITIES IA IL
418 AM CST SUN DEC 21 2014


...................................

...THE IOWA CITY IA CLIMATE SUMMARY FOR DECEMBER 20 2014...

CLIMATE NORMAL PERIOD 1981 TO 2010
CLIMATE RECORD PERIOD 9999 TO 9999


WEATHER ITEM   OBSERVED TIME   RECORD YEAR NORMAL DEPARTURE LAST
                VALUE   (LST)  VALUE       VALUE  FROM      YEAR
                                                  NORMAL
..................................................................
TEMPERATURE (F)
 YESTERDAY
  MAXIMUM         34   1159 PM  MM      MM  31      3       33
  MINIMUM         30    902 AM  MM      MM  16     14       25
  AVERAGE         32                        24      8       29

PRECIPITATION (IN)
  YESTERDAY        T            MM      MM   0.04  -0.04     0.03
  MONTH TO DATE    0.48                      1.18  -0.70     0.25
  SINCE DEC 1      0.48                      1.18  -0.70     0.25
  SINCE JAN 1     37.75                     35.94   1.81    34.67

DEGREE DAYS
 HEATING
  YESTERDAY       33                        41     -8       36
  MONTH TO DATE  678                       765    -87      883
  SINCE DEC 1    678                       765    -87      883
  SINCE JUL 1   2238                      2072    166     2251

 COOLING
  YESTERDAY        0                         0      0        0
  MONTH TO DATE    0                         0      0        0
  SINCE DEC 1      0                         0      0        0
  SINCE JAN 1    779                       912   -133     1064
..................................................................


WIND (MPH)
  HIGHEST WIND SPEED     9   HIGHEST WIND DIRECTION    SE (150)
  HIGHEST GUST SPEED    11   HIGHEST GUST DIRECTION    SE (140)
  AVERAGE WIND SPEED     5.9


SKY COVER
  POSSIBLE SUNSHINE  MM
  AVERAGE SKY COVER 1.0


WEATHER CONDITIONS
 THE FOLLOWING WEATHER WAS RECORDED YESTERDAY.
  LIGHT RAIN
  LIGHT SNOW
  FOG


RELATIVE HUMIDITY (PERCENT)
 HIGHEST   100           700 PM
 LOWEST     72          1200 AM
 AVERAGE    86

..........................................................


THE IOWA CITY IA CLIMATE NORMALS FOR TODAY
                         NORMAL    RECORD    YEAR
 MAXIMUM TEMPERATURE (F)   31        MM        MM
 MINIMUM TEMPERATURE (F)   16        MM        MM


SUNRISE AND SUNSET
DECEMBER 21 2014......SUNRISE   730 AM CST   SUNSET   439 PM CST
DECEMBER 22 2014......SUNRISE   730 AM CST   SUNSET   440 PM CST


-  INDICATES NEGATIVE NUMBERS.
R  INDICATES RECORD WAS SET OR TIED.
MM INDICATES DATA IS MISSING.
T  INDICATES TRACE AMOUNT.




$$
