000
CDUS43 KDVN 212125
CLIIOW


CLIMATE REPORT
NATIONAL WEATHER SERVICE QUAD CITIES IA IL
423 PM CDT FRI JUL 21 2017


...................................

...THE IOWA CITY IA CLIMATE SUMMARY FOR JULY 21 2017...
VALID TODAY AS OF 0400 PM LOCAL TIME.

CLIMATE NORMAL PERIOD 1981 TO 2010
CLIMATE RECORD PERIOD 9999 TO 9999


WEATHER ITEM   OBSERVED TIME   RECORD YEAR NORMAL DEPARTURE LAST
                VALUE   (LST)  VALUE       VALUE  FROM      YEAR
                                                  NORMAL
..................................................................
TEMPERATURE (F)
 TODAY
  MAXIMUM         93    145 PM  MM      MM  85      8       94
  MINIMUM         73    540 AM  MM      MM  65      8       70
  AVERAGE         83                        75      8       82

PRECIPITATION (IN)
  TODAY            0.35         MM      MM   0.15   0.20      T
  MONTH TO DATE    4.04                      3.67   0.37     2.37
  SINCE JUN 1      8.25                      8.28  -0.03     9.03
  SINCE JAN 1     21.97                     20.37   1.60    17.64

DEGREE DAYS
 HEATING
  TODAY            0                         0      0        0
  MONTH TO DATE    0                         0      0        2
  SINCE JUN 1      7                        17    -10        4
  SINCE JUL 1      0                         0      0        2

 COOLING
  TODAY           18                        10      8       17
  MONTH TO DATE  272                       210     62      181
  SINCE JUN 1    544                       421    123      469
  SINCE JAN 1    597                       482    115      541
..................................................................


WIND (MPH)
  HIGHEST WIND SPEED    18   HIGHEST WIND DIRECTION    SE (150)
  HIGHEST GUST SPEED    22   HIGHEST GUST DIRECTION    SE (150)
  AVERAGE WIND SPEED     7.6


SKY COVER
  POSSIBLE SUNSHINE  MM
  AVERAGE SKY COVER 0.3


WEATHER CONDITIONS
 THE FOLLOWING WEATHER WAS RECORDED TODAY.
  THUNDERSTORM
  HEAVY RAIN
  RAIN
  LIGHT RAIN
  FOG


RELATIVE HUMIDITY (PERCENT)
 HIGHEST   100           200 AM
 LOWEST     70          1100 AM
 AVERAGE    85

..........................................................


THE IOWA CITY IA CLIMATE NORMALS FOR TOMORROW
                         NORMAL    RECORD    YEAR
 MAXIMUM TEMPERATURE (F)   85        MM        MM
 MINIMUM TEMPERATURE (F)   65        MM        MM


SUNRISE AND SUNSET
JULY 21 2017..........SUNRISE   550 AM CDT   SUNSET   834 PM CDT
JULY 22 2017..........SUNRISE   551 AM CDT   SUNSET   833 PM CDT


-  INDICATES NEGATIVE NUMBERS.
R  INDICATES RECORD WAS SET OR TIED.
MM INDICATES DATA IS MISSING.
T  INDICATES TRACE AMOUNT.




$$
