725
CDUS43 KDVN 250911
CLIIOW


CLIMATE REPORT
NATIONAL WEATHER SERVICE QUAD CITIES IA IL
411 AM CDT TUE APR 25 2017


...................................

...THE IOWA CITY IA CLIMATE SUMMARY FOR APRIL 24 2017...

CLIMATE NORMAL PERIOD 1981 TO 2010
CLIMATE RECORD PERIOD 9999 TO 9999


WEATHER ITEM   OBSERVED TIME   RECORD YEAR NORMAL DEPARTURE LAST
                VALUE   (LST)  VALUE       VALUE  FROM      YEAR
                                                  NORMAL
..................................................................
TEMPERATURE (F)
 YESTERDAY
  MAXIMUM         76    409 PM  MM      MM  64     12       79
  MINIMUM         40    517 AM  MM      MM  43     -3       51
  AVERAGE         58                        54      4       65

PRECIPITATION (IN)
  YESTERDAY        0.00         MM      MM   0.13  -0.13     0.00
  MONTH TO DATE    2.61                      2.57   0.04     0.77
  SINCE MAR 1      5.67                      4.79   0.88     2.80
  SINCE JAN 1      8.07                      6.95   1.12     3.55

DEGREE DAYS
 HEATING
  YESTERDAY        7                        11     -4        0
  MONTH TO DATE  219                       364   -145      357
  SINCE MAR 1    969                      1181   -212     1006
  SINCE JUL 1   4864                      6131  -1267     5217

 COOLING
  YESTERDAY        0                         0      0        0
  MONTH TO DATE   11                         0     11        3
  SINCE MAR 1     11                         0     11        3
  SINCE JAN 1     11                         0     11        3
..................................................................


WIND (MPH)
  HIGHEST WIND SPEED    24   HIGHEST WIND DIRECTION    SE (140)
  HIGHEST GUST SPEED    32   HIGHEST GUST DIRECTION     S (170)
  AVERAGE WIND SPEED     9.4


SKY COVER
  POSSIBLE SUNSHINE  MM
  AVERAGE SKY COVER 0.0


WEATHER CONDITIONS
 THE FOLLOWING WEATHER WAS RECORDED YESTERDAY.
  NO SIGNIFICANT WEATHER WAS OBSERVED.


RELATIVE HUMIDITY (PERCENT)
 HIGHEST    76           300 AM
 LOWEST     18           200 PM
 AVERAGE    47

..........................................................


THE IOWA CITY IA CLIMATE NORMALS FOR TODAY
                         NORMAL    RECORD    YEAR
 MAXIMUM TEMPERATURE (F)   65        MM        MM
 MINIMUM TEMPERATURE (F)   43        MM        MM


SUNRISE AND SUNSET
APRIL 25 2017.........SUNRISE   611 AM CDT   SUNSET   758 PM CDT
APRIL 26 2017.........SUNRISE   609 AM CDT   SUNSET   759 PM CDT


-  INDICATES NEGATIVE NUMBERS.
R  INDICATES RECORD WAS SET OR TIED.
MM INDICATES DATA IS MISSING.
T  INDICATES TRACE AMOUNT.




$$
