641
CDUS43 KDVN 250932
CLIIOW


CLIMATE REPORT
NATIONAL WEATHER SERVICE QUAD CITIES IA IL
431 AM CDT THU MAY 25 2017


...................................

...THE IOWA CITY IA CLIMATE SUMMARY FOR MAY 24 2017...

CLIMATE NORMAL PERIOD 1981 TO 2010
CLIMATE RECORD PERIOD 9999 TO 9999


WEATHER ITEM   OBSERVED TIME   RECORD YEAR NORMAL DEPARTURE LAST
                VALUE   (LST)  VALUE       VALUE  FROM      YEAR
                                                  NORMAL
..................................................................
TEMPERATURE (F)
 YESTERDAY
  MAXIMUM         65    453 PM  MM      MM  75    -10       84
  MINIMUM         48   1246 AM  MM      MM  54     -6       62
  AVERAGE         57                        64     -7       73

PRECIPITATION (IN)
  YESTERDAY        T            MM      MM   0.14  -0.14     0.02
  MONTH TO DATE    2.87                      3.37  -0.50     2.23
  SINCE MAR 1     10.69                      9.09   1.60     6.43
  SINCE JAN 1     13.09                     11.25   1.84     7.18

DEGREE DAYS
 HEATING
  YESTERDAY        8                         3      5        0
  MONTH TO DATE  145                       151     -6      173
  SINCE MAR 1   1208                      1394   -186     1255
  SINCE JUL 1   5103                      6344  -1241     5466

 COOLING
  YESTERDAY        0                         3     -3        8
  MONTH TO DATE   39                        33      6       14
  SINCE MAR 1     50                        37     13       20
  SINCE JAN 1     50                        37     13       20
..................................................................


WIND (MPH)
  HIGHEST WIND SPEED    18   HIGHEST WIND DIRECTION     N (20)
  HIGHEST GUST SPEED    22   HIGHEST GUST DIRECTION     N (350)
  AVERAGE WIND SPEED     8.0


SKY COVER
  POSSIBLE SUNSHINE  MM
  AVERAGE SKY COVER 0.9


WEATHER CONDITIONS
 THE FOLLOWING WEATHER WAS RECORDED YESTERDAY.
  LIGHT RAIN


RELATIVE HUMIDITY (PERCENT)
 HIGHEST    93           100 AM
 LOWEST     56           500 PM
 AVERAGE    75

..........................................................


THE IOWA CITY IA CLIMATE NORMALS FOR TODAY
                         NORMAL    RECORD    YEAR
 MAXIMUM TEMPERATURE (F)   75        MM        MM
 MINIMUM TEMPERATURE (F)   54        MM        MM


SUNRISE AND SUNSET
MAY 25 2017...........SUNRISE   538 AM CDT   SUNSET   829 PM CDT
MAY 26 2017...........SUNRISE   538 AM CDT   SUNSET   830 PM CDT


-  INDICATES NEGATIVE NUMBERS.
R  INDICATES RECORD WAS SET OR TIED.
MM INDICATES DATA IS MISSING.
T  INDICATES TRACE AMOUNT.




$$
