000
CDUS43 KDVN 260920
CLIIOW


CLIMATE REPORT
NATIONAL WEATHER SERVICE QUAD CITIES IA IL
419 AM CDT TUE MAY 26 2015


...................................

...THE IOWA CITY IA CLIMATE SUMMARY FOR MAY 25 2015...

CLIMATE NORMAL PERIOD 1981 TO 2010
CLIMATE RECORD PERIOD 9999 TO 9999


WEATHER ITEM   OBSERVED TIME   RECORD YEAR NORMAL DEPARTURE LAST
                VALUE   (LST)  VALUE       VALUE  FROM      YEAR
                                                  NORMAL
..................................................................
TEMPERATURE (F)
 YESTERDAY
  MAXIMUM         80    409 PM  MM      MM  75      5       80
  MINIMUM         63    722 AM  MM      MM  54      9       53
  AVERAGE         72                        65      7       67

PRECIPITATION (IN)
  YESTERDAY        0.07         MM      MM   0.13  -0.06     0.01
  MONTH TO DATE    4.22                      3.50   0.72     2.72
  SINCE MAR 1      7.85                      9.22  -1.37     9.17
  SINCE JAN 1      9.43                     11.38  -1.95    11.00

DEGREE DAYS
 HEATING
  YESTERDAY        0                         3     -3        0
  MONTH TO DATE  117                       154    -37      170
  SINCE MAR 1   1345                      1397    -52     1689
  SINCE JUL 1   6710                      6347    363     7482

 COOLING
  YESTERDAY        7                         3      4        2
  MONTH TO DATE   44                        36      8       32
  SINCE MAR 1     44                        40      4       35
  SINCE JAN 1     44                        40      4       35
..................................................................


WIND (MPH)
  HIGHEST WIND SPEED    24   HIGHEST WIND DIRECTION     S (190)
  HIGHEST GUST SPEED    30   HIGHEST GUST DIRECTION     S (190)
  AVERAGE WIND SPEED    11.3


SKY COVER
  POSSIBLE SUNSHINE  MM
  AVERAGE SKY COVER 0.5


WEATHER CONDITIONS
 THE FOLLOWING WEATHER WAS RECORDED YESTERDAY.
  LIGHT RAIN
  FOG


RELATIVE HUMIDITY (PERCENT)
 HIGHEST    93           200 AM
 LOWEST     54           200 PM
 AVERAGE    74

..........................................................


THE IOWA CITY IA CLIMATE NORMALS FOR TODAY
                         NORMAL    RECORD    YEAR
 MAXIMUM TEMPERATURE (F)   76        MM        MM
 MINIMUM TEMPERATURE (F)   55        MM        MM


SUNRISE AND SUNSET
MAY 26 2015...........SUNRISE   538 AM CDT   SUNSET   829 PM CDT
MAY 27 2015...........SUNRISE   537 AM CDT   SUNSET   830 PM CDT


-  INDICATES NEGATIVE NUMBERS.
R  INDICATES RECORD WAS SET OR TIED.
MM INDICATES DATA IS MISSING.
T  INDICATES TRACE AMOUNT.




$$
