000
CDUS43 KDVN 272120
CLIIOW


CLIMATE REPORT
NATIONAL WEATHER SERVICE QUAD CITIES IA IL
419 PM CDT MON MAR 27 2017


...................................

...THE IOWA CITY IA CLIMATE SUMMARY FOR MARCH 27 2017...
VALID TODAY AS OF 0400 PM LOCAL TIME.

CLIMATE NORMAL PERIOD 1981 TO 2010
CLIMATE RECORD PERIOD 9999 TO 9999


WEATHER ITEM   OBSERVED TIME   RECORD YEAR NORMAL DEPARTURE LAST
                VALUE   (LST)  VALUE       VALUE  FROM      YEAR
                                                  NORMAL
..................................................................
TEMPERATURE (F)
 TODAY
  MAXIMUM         53    259 PM  MM      MM  54     -1       47
  MINIMUM         46    303 AM  MM      MM  34     12       38
  AVERAGE         50                        44      6       43

PRECIPITATION (IN)
  TODAY            0.01         MM      MM   0.07  -0.06     0.17
  MONTH TO DATE    1.78                      1.92  -0.14     2.02
  SINCE MAR 1      1.78                      1.92  -0.14     2.02
  SINCE JAN 1      4.18                      4.08   0.10     2.77

DEGREE DAYS
 HEATING
  TODAY           15                        21     -6       22
  MONTH TO DATE  667                       737    -70      587
  SINCE MAR 1    667                       737    -70      587
  SINCE JUL 1   4562                      5687  -1125     4798

 COOLING
  TODAY            0                         0      0        0
  MONTH TO DATE    0                         0      0        0
  SINCE MAR 1      0                         0      0        0
  SINCE JAN 1      0                         0      0        0
..................................................................


WIND (MPH)
  HIGHEST WIND SPEED     9   HIGHEST WIND DIRECTION     N (10)
  HIGHEST GUST SPEED    12   HIGHEST GUST DIRECTION     N (340)
  AVERAGE WIND SPEED     4.6


SKY COVER
  POSSIBLE SUNSHINE  MM
  AVERAGE SKY COVER 1.0


WEATHER CONDITIONS
 THE FOLLOWING WEATHER WAS RECORDED TODAY.
  FOG


RELATIVE HUMIDITY (PERCENT)
 HIGHEST    93          1200 AM
 LOWEST     71           100 PM
 AVERAGE    82

..........................................................


THE IOWA CITY IA CLIMATE NORMALS FOR TOMORROW
                         NORMAL    RECORD    YEAR
 MAXIMUM TEMPERATURE (F)   55        MM        MM
 MINIMUM TEMPERATURE (F)   34        MM        MM


SUNRISE AND SUNSET
MARCH 27 2017.........SUNRISE   657 AM CDT   SUNSET   726 PM CDT
MARCH 28 2017.........SUNRISE   655 AM CDT   SUNSET   728 PM CDT


-  INDICATES NEGATIVE NUMBERS.
R  INDICATES RECORD WAS SET OR TIED.
MM INDICATES DATA IS MISSING.
T  INDICATES TRACE AMOUNT.




$$
