000
CDUS41 KCTP 230634
CLIIPT


CLIMATE REPORT
NATIONAL WEATHER SERVICE STATE COLLEGE PA
233 AM EDT WED AUG 23 2017


...................................

...THE WILLIAMSPORT PA CLIMATE SUMMARY FOR AUGUST 22 2017...

CLIMATE NORMAL PERIOD 1981 TO 2010
CLIMATE RECORD PERIOD 1895 TO 2017


WEATHER ITEM   OBSERVED TIME   RECORD YEAR NORMAL DEPARTURE LAST
                VALUE   (LST)  VALUE       VALUE  FROM      YEAR
                                                  NORMAL
..................................................................
TEMPERATURE (F)
 YESTERDAY
  MAXIMUM         90    137 PM  98    1916  81      9       78
  MINIMUM         69    626 AM  42    1941  60      9       56
  AVERAGE         80                        71      9       67

PRECIPITATION (IN)
  YESTERDAY        0.14          1.33 2010   0.12   0.02     0.00
  MONTH TO DATE    5.76                      2.77   2.99     4.52
  SINCE JUN 1     16.91                     11.03   5.88    12.08
  SINCE JAN 1     36.03                     25.94  10.09    23.42

DEGREE DAYS
 HEATING
  YESTERDAY        0                         0      0        0
  MONTH TO DATE    0                         0      0        0
  SINCE JUN 1     21                        41    -20        9
  SINCE JUL 1      0                         4     -4        0

 COOLING
  YESTERDAY       15                         6      9        2
  MONTH TO DATE  181                       154     27      269
  SINCE JUN 1    677                       544    133      817
  SINCE JAN 1    727                       587    140      890
..................................................................


WIND (MPH)
  HIGHEST WIND SPEED    20   HIGHEST WIND DIRECTION     S (190)
  HIGHEST GUST SPEED    27   HIGHEST GUST DIRECTION     S (160)
  AVERAGE WIND SPEED     3.6


SKY COVER
  POSSIBLE SUNSHINE  MM
  AVERAGE SKY COVER 0.7


WEATHER CONDITIONS
 THE FOLLOWING WEATHER WAS RECORDED YESTERDAY.
  LIGHT RAIN
  FOG
  HAZE


RELATIVE HUMIDITY (PERCENT)
 HIGHEST   100          1200 AM
 LOWEST     52           200 PM
 AVERAGE    76

..........................................................


THE WILLIAMSPORT PA CLIMATE NORMALS FOR TODAY
                         NORMAL    RECORD    YEAR
 MAXIMUM TEMPERATURE (F)   81        97      1936
 MINIMUM TEMPERATURE (F)   60        43      1923


SUNRISE AND SUNSET
AUGUST 23 2017........SUNRISE   625 AM EDT   SUNSET   754 PM EDT
AUGUST 24 2017........SUNRISE   626 AM EDT   SUNSET   753 PM EDT


-  INDICATES NEGATIVE NUMBERS.
R  INDICATES RECORD WAS SET OR TIED.
MM INDICATES DATA IS MISSING.
T  INDICATES TRACE AMOUNT.




$$
