031
CDUS41 KCTP 072219
CLIIPT


CLIMATE REPORT
NATIONAL WEATHER SERVICE STATE COLLEGE PA
519 PM EST SUN FEB 7 2016


...................................

...THE WILLIAMSPORT PA CLIMATE SUMMARY FOR FEBRUARY 7 2016...
VALID TODAY AS OF 0500 PM LOCAL TIME.

CLIMATE NORMAL PERIOD 1981 TO 2010
CLIMATE RECORD PERIOD 1895 TO 2016


WEATHER ITEM   OBSERVED TIME   RECORD YEAR NORMAL DEPARTURE LAST
                VALUE   (LST)  VALUE       VALUE  FROM      YEAR
                                                  NORMAL
..................................................................
TEMPERATURE (F)
 TODAY
  MAXIMUM         48    330 PM  51    1990  36     12       39
  MINIMUM         21    723 AM  -6    1935  20      1        9
  AVERAGE         35                        28      7       24

PRECIPITATION (IN)
  TODAY            0.00          1.32 1951   0.08  -0.08     0.00
  MONTH TO DATE    0.96                      0.59   0.37     0.53
  SINCE DEC 1      6.38                      6.22   0.16     4.84
  SINCE JAN 1      3.02                      3.29  -0.27     2.24

SNOWFALL (IN)
  TODAY            0.0           9.0  1958   0.3   -0.3      0.0
  MONTH TO DATE    T                         2.3   -2.3      4.7
  SINCE DEC 1      0.9                      19.7  -18.8     23.4
  SINCE JUL 1      0.9                      21.5  -20.6     28.5
  SNOW DEPTH       0

DEGREE DAYS
 HEATING
  TODAY           30                        37     -7       41
  MONTH TO DATE  182                       260    -78      310
  SINCE DEC 1   1982                      2494   -512     2470
  SINCE JUL 1   2909                      3739   -830     3640

 COOLING
  TODAY            0                         0      0        0
  MONTH TO DATE    0                         0      0        0
  SINCE DEC 1      0                         0      0        0
  SINCE JAN 1      0                         0      0        0
..................................................................


WIND (MPH)
  HIGHEST WIND SPEED     8   HIGHEST WIND DIRECTION    SE (120)
  HIGHEST GUST SPEED    11   HIGHEST GUST DIRECTION     W (250)
  AVERAGE WIND SPEED     1.3


SKY COVER
  POSSIBLE SUNSHINE  MM
  AVERAGE SKY COVER 0.0


WEATHER CONDITIONS
 THE FOLLOWING WEATHER WAS RECORDED TODAY.
  NO SIGNIFICANT WEATHER WAS OBSERVED.


RELATIVE HUMIDITY (PERCENT)
 HIGHEST    88           300 AM
 LOWEST     37           100 PM
 AVERAGE    63

..........................................................


THE WILLIAMSPORT PA CLIMATE NORMALS FOR TOMORROW
                         NORMAL    RECORD    YEAR
 MAXIMUM TEMPERATURE (F)   36        53      1932
 MINIMUM TEMPERATURE (F)   20        -9      1967


SUNRISE AND SUNSET
FEBRUARY  7 2016......SUNRISE   713 AM EST   SUNSET   531 PM EST
FEBRUARY  8 2016......SUNRISE   712 AM EST   SUNSET   532 PM EST


-  INDICATES NEGATIVE NUMBERS.
R  INDICATES RECORD WAS SET OR TIED.
MM INDICATES DATA IS MISSING.
T  INDICATES TRACE AMOUNT.




$$
