000
CDUS41 KCTP 310607
CLIIPT


CLIMATE REPORT
NATIONAL WEATHER SERVICE STATE COLLEGE PA
207 AM EDT FRI OCT 31 2014


...................................

...THE WILLIAMSPORT PA CLIMATE SUMMARY FOR OCTOBER 30 2014...

CLIMATE NORMAL PERIOD 1981 TO 2010
CLIMATE RECORD PERIOD 1895 TO 2014


WEATHER ITEM   OBSERVED TIME   RECORD YEAR NORMAL DEPARTURE LAST
                VALUE   (LST)  VALUE       VALUE  FROM      YEAR
                                                  NORMAL
..................................................................
TEMPERATURE (F)
 YESTERDAY
  MAXIMUM         56    200 PM  78    1946  57     -1       63
  MINIMUM         35   1151 PM  23    1965  37     -2       34
  AVERAGE         46                        47     -1       49

PRECIPITATION (IN)
  YESTERDAY        0.00          2.00 1935   0.11  -0.11     0.00
  MONTH TO DATE    2.50                      3.32  -0.82     2.75
  SINCE SEP 1      3.60                      7.48  -3.88     4.35
  SINCE JAN 1     32.41                     34.51  -2.10    25.97

SNOWFALL (IN)
  YESTERDAY        0.0
  MONTH TO DATE    0.0
  SINCE SEP 1      0.0
  SINCE JUL 1      0.0
  SNOW DEPTH       0

DEGREE DAYS
 HEATING
  YESTERDAY       19                        18      1       16
  MONTH TO DATE  285                       397   -112      312
  SINCE SEP 1    361                       511   -150      433
  SINCE JUL 1    366                       525   -159      438

 COOLING
  YESTERDAY        0                         0      0        0
  MONTH TO DATE    6                         1      5       30
  SINCE SEP 1     96                        64     32      104
  SINCE JAN 1    713                       698     15      863
..................................................................


WIND (MPH)
  HIGHEST WIND SPEED    14   HIGHEST WIND DIRECTION     N (350)
  HIGHEST GUST SPEED    16   HIGHEST GUST DIRECTION     N (360)
  AVERAGE WIND SPEED     3.6


SKY COVER
  POSSIBLE SUNSHINE  MM
  AVERAGE SKY COVER 0.7


WEATHER CONDITIONS
 THE FOLLOWING WEATHER WAS RECORDED YESTERDAY.
  NO SIGNIFICANT WEATHER WAS OBSERVED.


RELATIVE HUMIDITY (PERCENT)
 HIGHEST    85           300 AM
 LOWEST     45           400 PM
 AVERAGE    65

..........................................................


THE WILLIAMSPORT PA CLIMATE NORMALS FOR TODAY
                         NORMAL    RECORD    YEAR
 MAXIMUM TEMPERATURE (F)   57        78      1933
 MINIMUM TEMPERATURE (F)   37        21      1988


SUNRISE AND SUNSET
OCTOBER 31 2014.......SUNRISE   738 AM EDT   SUNSET   604 PM EDT
NOVEMBER  1 2014......SUNRISE   739 AM EDT   SUNSET   603 PM EDT


-  INDICATES NEGATIVE NUMBERS.
R  INDICATES RECORD WAS SET OR TIED.
MM INDICATES DATA IS MISSING.
T  INDICATES TRACE AMOUNT.




$$
