000
CDUS41 KCTP 102221
CLIIPT


CLIMATE REPORT
NATIONAL WEATHER SERVICE STATE COLLEGE PA
521 PM EST SAT DEC 10 2016


...................................

...THE WILLIAMSPORT PA CLIMATE SUMMARY FOR DECEMBER 10 2016...
VALID TODAY AS OF 0500 PM LOCAL TIME.

CLIMATE NORMAL PERIOD 1981 TO 2010
CLIMATE RECORD PERIOD 1895 TO 2016


WEATHER ITEM   OBSERVED TIME   RECORD YEAR NORMAL DEPARTURE LAST
                VALUE   (LST)  VALUE       VALUE  FROM      YEAR
                                                  NORMAL
..................................................................
TEMPERATURE (F)
 TODAY
  MAXIMUM         32    319 PM  65    1966  40     -8       48
                                      1912
  MINIMUM         27    737 AM   3    1917  26      1       41
  AVERAGE         30                        33     -3       45

PRECIPITATION (IN)
  TODAY            T             1.78 1907   0.11  -0.11     0.01
  MONTH TO DATE    0.77                      1.14  -0.37     1.15
  SINCE DEC 1      0.77                      1.14  -0.37     1.15
  SINCE JAN 1     32.30                     39.49  -7.19    38.35

SNOWFALL (IN)
  TODAY            0.2           7.5  1992   0.1    0.1      0.0
  MONTH TO DATE    1.0                       1.7   -0.7      0.0
  SINCE DEC 1      1.0                       1.7   -0.7      0.0
  SINCE JUL 1      1.1                       3.5   -2.4       T
  SNOW DEPTH       T

DEGREE DAYS
 HEATING
  TODAY           35                        32      3       20
  MONTH TO DATE  257                       306    -49      255
  SINCE DEC 1    257                       306    -49      255
  SINCE JUL 1   1191                      1551   -360     1182

 COOLING
  TODAY            0                         0      0        0
  MONTH TO DATE    0                         0      0        0
  SINCE DEC 1      0                         0      0        0
  SINCE JAN 1   1148                       702    446      937
..................................................................


WIND (MPH)
  HIGHEST WIND SPEED    20   HIGHEST WIND DIRECTION     W (250)
  HIGHEST GUST SPEED    25   HIGHEST GUST DIRECTION     W (270)
  AVERAGE WIND SPEED    11.4


SKY COVER
  POSSIBLE SUNSHINE  MM
  AVERAGE SKY COVER 0.9


WEATHER CONDITIONS
 THE FOLLOWING WEATHER WAS RECORDED TODAY.
  LIGHT SNOW


RELATIVE HUMIDITY (PERCENT)
 HIGHEST    85          1200 AM
 LOWEST     45           200 PM
 AVERAGE    65

..........................................................


THE WILLIAMSPORT PA CLIMATE NORMALS FOR TOMORROW
                         NORMAL    RECORD    YEAR
 MAXIMUM TEMPERATURE (F)   39        64      1912
 MINIMUM TEMPERATURE (F)   26        -5      1977


SUNRISE AND SUNSET
DECEMBER 10 2016......SUNRISE   723 AM EST   SUNSET   439 PM EST
DECEMBER 11 2016......SUNRISE   724 AM EST   SUNSET   439 PM EST


-  INDICATES NEGATIVE NUMBERS.
R  INDICATES RECORD WAS SET OR TIED.
MM INDICATES DATA IS MISSING.
T  INDICATES TRACE AMOUNT.




$$
