000
CDUS41 KCTP 260619
CLIIPT


CLIMATE REPORT
NATIONAL WEATHER SERVICE STATE COLLEGE PA
119 AM EST SUN FEB 26 2017


...................................

...THE WILLIAMSPORT PA CLIMATE SUMMARY FOR FEBRUARY 25 2017...

CLIMATE NORMAL PERIOD 1981 TO 2010
CLIMATE RECORD PERIOD 1895 TO 2017


WEATHER ITEM   OBSERVED TIME   RECORD YEAR NORMAL DEPARTURE LAST
                VALUE   (LST)  VALUE       VALUE  FROM      YEAR
                                                  NORMAL
..................................................................
TEMPERATURE (F)
 YESTERDAY
  MAXIMUM         64    952 AM  69    1976  41     23       50
  MINIMUM         36   1159 PM  -9    1914  23     13       32
  AVERAGE         50                        32     18       41

PRECIPITATION (IN)
  YESTERDAY        0.37          0.84 2011   0.09   0.28     0.10
  MONTH TO DATE    1.87                      2.09  -0.22     4.32
  SINCE DEC 1      8.26                      7.72   0.54     9.74
  SINCE JAN 1      5.30                      4.79   0.51     6.38

SNOWFALL (IN)
  YESTERDAY        T             3.7  1966   0.3   -0.3       T
  MONTH TO DATE    6.2                       7.9   -1.7      4.3
  SINCE DEC 1     18.4                      25.3   -6.9      5.6
  SINCE JUL 1     18.5                      27.1   -8.6      5.6
  SNOW DEPTH       0

DEGREE DAYS
 HEATING
  YESTERDAY       15                        33    -18       24
  MONTH TO DATE  667                       890   -223      811
  SINCE DEC 1   2623                      3124   -501     2611
  SINCE JUL 1   3557                      4369   -812     3538

 COOLING
  YESTERDAY        0                         0      0        0
  MONTH TO DATE    0                         0      0        0
  SINCE DEC 1      0                         0      0        0
  SINCE JAN 1      0                         0      0        0
..................................................................


WIND (MPH)
  HIGHEST WIND SPEED    33   HIGHEST WIND DIRECTION     W (260)
  HIGHEST GUST SPEED    49   HIGHEST GUST DIRECTION     W (270)
  AVERAGE WIND SPEED    13.7


SKY COVER
  POSSIBLE SUNSHINE  MM
  AVERAGE SKY COVER 0.8


WEATHER CONDITIONS
 THE FOLLOWING WEATHER WAS RECORDED YESTERDAY.
  HEAVY RAIN
  RAIN
  LIGHT RAIN
  LIGHT SNOW
  FOG


RELATIVE HUMIDITY (PERCENT)
 HIGHEST    87           200 PM
 LOWEST     49           900 PM
 AVERAGE    68

..........................................................


THE WILLIAMSPORT PA CLIMATE NORMALS FOR TODAY
                         NORMAL    RECORD    YEAR
 MAXIMUM TEMPERATURE (F)   41        66      1976
 MINIMUM TEMPERATURE (F)   23        -5      1914


SUNRISE AND SUNSET
FEBRUARY 26 2017......SUNRISE   646 AM EST   SUNSET   555 PM EST
FEBRUARY 27 2017......SUNRISE   645 AM EST   SUNSET   556 PM EST


-  INDICATES NEGATIVE NUMBERS.
R  INDICATES RECORD WAS SET OR TIED.
MM INDICATES DATA IS MISSING.
T  INDICATES TRACE AMOUNT.




$$
