000
CDUS41 KCTP 192244
CLIIPT


CLIMATE REPORT
NATIONAL WEATHER SERVICE STATE COLLEGE PA
544 PM EST FRI JAN 19 2018


...................................

...THE WILLIAMSPORT PA CLIMATE SUMMARY FOR JANUARY 19 2018...
VALID TODAY AS OF 0500 PM LOCAL TIME.

CLIMATE NORMAL PERIOD 1981 TO 2010
CLIMATE RECORD PERIOD 1895 TO 2018


WEATHER ITEM   OBSERVED TIME   RECORD YEAR NORMAL DEPARTURE LAST
                VALUE   (LST)  VALUE       VALUE  FROM      YEAR
                                                  NORMAL
..................................................................
TEMPERATURE (F)
 TODAY
  MAXIMUM         41    451 PM  61    1929  34      7       47
  MINIMUM          9    158 AM -14    1994  19    -10       30
  AVERAGE         25                        26     -1       39

PRECIPITATION (IN)
  TODAY            0.00          2.62 1996   0.09  -0.09     0.00
  MONTH TO DATE    3.20                      1.64   1.56     1.81
  SINCE DEC 1      4.39                      4.57  -0.18     4.77
  SINCE JAN 1      3.20                      1.64   1.56     1.81

SNOWFALL (IN)
  TODAY            0.0           7.6  1987   0.4   -0.4      0.0
  MONTH TO DATE    5.8                       6.3   -0.5      1.0
  SINCE DEC 1      9.8                      13.2   -3.4      9.9
  SINCE JUL 1      9.9                      15.0   -5.1     10.0
  SNOW DEPTH       3

DEGREE DAYS
 HEATING
  TODAY           40                        39      1       26
  MONTH TO DATE  820                       730     90      648
  SINCE DEC 1   1850                      1778     72     1623
  SINCE JUL 1   2834                      3023   -189     2557

 COOLING
  TODAY            0                         0      0        0
  MONTH TO DATE    0                         0      0        0
  SINCE DEC 1      0                         0      0        0
  SINCE JAN 1      0                         0      0        0
..................................................................


WIND (MPH)
  HIGHEST WIND SPEED    22   HIGHEST WIND DIRECTION     W (270)
  HIGHEST GUST SPEED    28   HIGHEST GUST DIRECTION     W (270)
  AVERAGE WIND SPEED     7.2


SKY COVER
  POSSIBLE SUNSHINE  MM
  AVERAGE SKY COVER 0.0


WEATHER CONDITIONS
 THE FOLLOWING WEATHER WAS RECORDED TODAY.
  FOG


RELATIVE HUMIDITY (PERCENT)
 HIGHEST    92           100 AM
 LOWEST     41           400 PM
 AVERAGE    67

..........................................................


THE WILLIAMSPORT PA CLIMATE NORMALS FOR TOMORROW
                         NORMAL    RECORD    YEAR
 MAXIMUM TEMPERATURE (F)   34        61      1951
 MINIMUM TEMPERATURE (F)   19       -13      1970


SUNRISE AND SUNSET
JANUARY 19 2018.......SUNRISE   729 AM EST   SUNSET   508 PM EST
JANUARY 20 2018.......SUNRISE   728 AM EST   SUNSET   509 PM EST


-  INDICATES NEGATIVE NUMBERS.
R  INDICATES RECORD WAS SET OR TIED.
MM INDICATES DATA IS MISSING.
T  INDICATES TRACE AMOUNT.




$$
