814
CDUS43 KEAX 162223
CLIIRK


CLIMATE REPORT
NATIONAL WEATHER SERVICE KANSAS CITY/PLEASANT HILL MO
423 PM CST MON JAN 16 2017


...................................

...THE KIRKSVILLE MO CLIMATE SUMMARY FOR JANUARY 16 2017...
VALID AS OF 0400 PM LOCAL TIME.

CLIMATE NORMAL PERIOD 1981 TO 2010
CLIMATE RECORD PERIOD 9999 TO 9999


WEATHER ITEM   OBSERVED TIME   NORMAL DEPARTURE LAST
                VALUE   (LST)  VALUE  FROM      YEAR
                                      NORMAL
......................................................
TEMPERATURE (F)
 TODAY
  MAXIMUM         39    259 PM  35      4       32
  MINIMUM         31    106 AM  17     14       13
  AVERAGE         35            26      9       23

PRECIPITATION (IN)
  TODAY            0.62          0.05   0.57     0.00
  MONTH TO DATE    0.96          0.51   0.45     0.67
  SINCE DEC 1      2.19          2.26  -0.07     5.03
  SINCE JAN 1      0.96          0.51   0.45     0.67

DEGREE DAYS
 HEATING
  TODAY           30            39     -9       42
  MONTH TO DATE  653           624     29      602
  SINCE DEC 1   1732          1746    -14     1349
  SINCE JUL 1   2454          2967   -513     2231

 COOLING
  TODAY            0             0      0        0
  MONTH TO DATE    0             0      0        0
  SINCE DEC 1      0             0      0        0
  SINCE JAN 1      0             0      0        0
......................................................


WIND (MPH)
  HIGHEST WIND SPEED    15   HIGHEST WIND DIRECTION     E (80)
  HIGHEST GUST SPEED    19   HIGHEST GUST DIRECTION     E (70)
  AVERAGE WIND SPEED     9.1


SKY COVER
  AVERAGE SKY COVER 1.0


WEATHER CONDITIONS
 THE FOLLOWING WEATHER WAS RECORDED TODAY.
  LIGHT RAIN
  FREEZING RAIN
  LT FREEZING RAIN
  FOG
  FOG W/VISIBILITY <= 1/4 MILE


RELATIVE HUMIDITY (PERCENT)
 HIGHEST   100          1200 AM
 LOWEST     92           200 AM
 AVERAGE    96

..........................................................


THE KIRKSVILLE MO CLIMATE NORMALS FOR TOMORROW
                         NORMAL
 MAXIMUM TEMPERATURE (F)   35
 MINIMUM TEMPERATURE (F)   17


SUNRISE AND SUNSET
JANUARY 16 2017.......SUNRISE   730 AM CST   SUNSET   511 PM CST
JANUARY 17 2017.......SUNRISE   729 AM CST   SUNSET   512 PM CST


-  INDICATES NEGATIVE NUMBERS.
R  INDICATES RECORD WAS SET OR TIED.
MM INDICATES DATA IS MISSING.
T  INDICATES TRACE AMOUNT.




$$
