854
CDUS43 KEAX 080035
CLIIRK


CLIMATE REPORT
NATIONAL WEATHER SERVICE KANSAS CITY/PLEASANT HILL MO
635 PM CST SUN FEB 7 2016


...................................

...THE KIRKSVILLE MO CLIMATE SUMMARY FOR FEBRUARY 7 2016...
VALID TODAY AS OF 0600 PM LOCAL TIME.

CLIMATE NORMAL PERIOD 1981 TO 2010
CLIMATE RECORD PERIOD 9999 TO 9999


WEATHER ITEM   OBSERVED TIME   NORMAL DEPARTURE LAST
                VALUE   (LST)  VALUE  FROM      YEAR
                                      NORMAL
......................................................
TEMPERATURE (F)
 TODAY
  MAXIMUM         51    229 PM  37     14       54
  MINIMUM         37    815 AM  19     18       37
  AVERAGE         44            28     16       46

PRECIPITATION (IN)
  TODAY            T             0.06  -0.06     0.00
  MONTH TO DATE    0.80          0.38   0.42     0.11
  SINCE DEC 1      6.25          3.40   2.85     2.61
  SINCE JAN 1      1.89          1.65   0.24     1.71

DEGREE DAYS
 HEATING
  TODAY           21            37    -16       19
  MONTH TO DATE  212           264    -52      305
  SINCE DEC 1   2155          2590   -435     2412
  SINCE JUL 1   3037          3811   -774     3733

 COOLING
  TODAY            0             0      0        0
  MONTH TO DATE    0             0      0        0
  SINCE DEC 1      0             0      0        0
  SINCE JAN 1      0             0      0        0
......................................................


WIND (MPH)
  HIGHEST WIND SPEED    26   HIGHEST WIND DIRECTION     W (280)
  HIGHEST GUST SPEED    35   HIGHEST GUST DIRECTION    NW (320)
  AVERAGE WIND SPEED    12.5


SKY COVER
  AVERAGE SKY COVER 0.0


WEATHER CONDITIONS
 THE FOLLOWING WEATHER WAS RECORDED TODAY.
  LIGHT RAIN


RELATIVE HUMIDITY (PERCENT)
 HIGHEST    70          1200 AM
 LOWEST     40           500 PM
 AVERAGE    55

..........................................................


THE KIRKSVILLE MO CLIMATE NORMALS FOR TOMORROW
                         NORMAL
 MAXIMUM TEMPERATURE (F)   37
 MINIMUM TEMPERATURE (F)   19


SUNRISE AND SUNSET
FEBRUARY  7 2016......SUNRISE   713 AM CST   SUNSET   536 PM CST
FEBRUARY  8 2016......SUNRISE   712 AM CST   SUNSET   537 PM CST


-  INDICATES NEGATIVE NUMBERS.
R  INDICATES RECORD WAS SET OR TIED.
MM INDICATES DATA IS MISSING.
T  INDICATES TRACE AMOUNT.




$$
