000
CDUS43 KEAX 080113
CLIIRK


CLIMATE REPORT
NATIONAL WEATHER SERVICE KANSAS CITY/PLEASANT HILL MO
801 PM CDT TUE JUL 7 2015


...................................

...THE KIRKSVILLE MO CLIMATE SUMMARY FOR JULY 7 2015...
VALID TODAY AS OF 0700 PM LOCAL TIME.

CLIMATE NORMAL PERIOD 1981 TO 2010
CLIMATE RECORD PERIOD 9999 TO 9999


WEATHER ITEM   OBSERVED TIME   NORMAL DEPARTURE LAST
                VALUE   (LST)  VALUE  FROM      YEAR
                                      NORMAL
......................................................
TEMPERATURE (F)
 TODAY
  MAXIMUM         74    128 PM  85    -11       90
  MINIMUM         62    515 AM  64     -2       66
  AVERAGE         68            74     -6       78

PRECIPITATION (IN)
  TODAY            0.10          0.15  -0.05     0.32
  MONTH TO DATE    1.09          0.90   0.19     2.01
  SINCE JUN 1     12.28          5.68   6.60     9.43
  SINCE JAN 1     23.04         19.83   3.21    18.53

DEGREE DAYS
 HEATING
  TODAY            0             0      0        0
  MONTH TO DATE    0             0      0        4
  SINCE JUN 1     15            16     -1       10
  SINCE JUL 1      0             0      0        4

 COOLING
  TODAY            3            10     -7       13
  MONTH TO DATE   47            64    -17       39
  SINCE JUN 1    289           256     33      286
  SINCE JAN 1    357           318     39      408
......................................................


WIND (MPH)
  HIGHEST WIND SPEED    20   HIGHEST WIND DIRECTION     N (20)
  HIGHEST GUST SPEED    25   HIGHEST GUST DIRECTION     N (360)
  AVERAGE WIND SPEED    12.2


SKY COVER
  AVERAGE SKY COVER 0.6


WEATHER CONDITIONS
 THE FOLLOWING WEATHER WAS RECORDED TODAY.
  HEAVY RAIN
  RAIN
  LIGHT RAIN
  FOG
  HAZE


RELATIVE HUMIDITY (PERCENT)
 HIGHEST    87           100 AM
 LOWEST     57           100 PM
 AVERAGE    72

..........................................................


THE KIRKSVILLE MO CLIMATE NORMALS FOR TOMORROW
                         NORMAL
 MAXIMUM TEMPERATURE (F)   85
 MINIMUM TEMPERATURE (F)   64


SUNRISE AND SUNSET
JULY  7 2015..........SUNRISE   548 AM CDT   SUNSET   842 PM CDT
JULY  8 2015..........SUNRISE   549 AM CDT   SUNSET   842 PM CDT


-  INDICATES NEGATIVE NUMBERS.
R  INDICATES RECORD WAS SET OR TIED.
MM INDICATES DATA IS MISSING.
T  INDICATES TRACE AMOUNT.




$$
