000
CDUS43 KEAX 202126
CLIIRK


CLIMATE REPORT
NATIONAL WEATHER SERVICE KANSAS CITY/PLEASANT HILL MO
426 PM CDT MON OCT 20 2014


...................................

...THE KIRKSVILLE MO CLIMATE SUMMARY FOR OCTOBER 20 2014...
VALID AS OF 0400 PM LOCAL TIME.

CLIMATE NORMAL PERIOD 1981 TO 2010
CLIMATE RECORD PERIOD 9999 TO 9999


WEATHER ITEM   OBSERVED TIME   NORMAL DEPARTURE LAST
                VALUE   (LST)  VALUE  FROM      YEAR
                                      NORMAL
......................................................
TEMPERATURE (F)
 TODAY
  MAXIMUM         70    259 PM  63      7       70
  MINIMUM         49    633 AM  41      8       43
  AVERAGE         60            52      8       57

PRECIPITATION (IN)
  TODAY            0.00          0.11  -0.11      T
  MONTH TO DATE    4.02          2.23   1.79     0.65
  SINCE SEP 1     14.09          6.34   7.75     2.34
  SINCE JAN 1     42.18         33.75   8.43    32.23

DEGREE DAYS
 HEATING
  TODAY            5            13     -8        8
  MONTH TO DATE  211           210      1      167
  SINCE SEP 1    311           310      1      224
  SINCE JUL 1    317           317      0      237

 COOLING
  TODAY            0             0      0        0
  MONTH TO DATE    0            10    -10       32
  SINCE SEP 1     89            93     -4      218
  SINCE JAN 1    955           937     18     1028
......................................................


WIND (MPH)
  HIGHEST WIND SPEED    17   HIGHEST WIND DIRECTION    NE (30)
  HIGHEST GUST SPEED    22   HIGHEST GUST DIRECTION     N (350)
  AVERAGE WIND SPEED     9.5


SKY COVER
  AVERAGE SKY COVER 0.0


WEATHER CONDITIONS
 THE FOLLOWING WEATHER WAS RECORDED TODAY.
  NO SIGNIFICANT WEATHER WAS OBSERVED.


RELATIVE HUMIDITY (PERCENT)
 HIGHEST    93           600 AM
 LOWEST     37           200 PM
 AVERAGE    65

..........................................................


THE KIRKSVILLE MO CLIMATE NORMALS FOR TOMORROW
                         NORMAL
 MAXIMUM TEMPERATURE (F)   62
 MINIMUM TEMPERATURE (F)   41


SUNRISE AND SUNSET
OCTOBER 20 2014.......SUNRISE   726 AM CDT   SUNSET   623 PM CDT
OCTOBER 21 2014.......SUNRISE   727 AM CDT   SUNSET   622 PM CDT


-  INDICATES NEGATIVE NUMBERS.
R  INDICATES RECORD WAS SET OR TIED.
MM INDICATES DATA IS MISSING.
T  INDICATES TRACE AMOUNT.




$$
