000
CDUS43 KEAX 302124
CLIIRK


CLIMATE REPORT
NATIONAL WEATHER SERVICE KANSAS CITY/PLEASANT HILL MO
423 PM CDT SAT JUL 30 2016


...................................

...THE KIRKSVILLE MO CLIMATE SUMMARY FOR JULY 30 2016...
VALID AS OF 0400 PM LOCAL TIME.

CLIMATE NORMAL PERIOD 1981 TO 2010
CLIMATE RECORD PERIOD 9999 TO 9999


WEATHER ITEM   OBSERVED TIME   NORMAL DEPARTURE LAST
                VALUE   (LST)  VALUE  FROM      YEAR
                                      NORMAL
......................................................
TEMPERATURE (F)
 TODAY
  MAXIMUM         82    259 PM  86     -4       87
  MINIMUM         62   1257 AM  65     -3       61
  AVERAGE         72            76     -4       74

PRECIPITATION (IN)
  TODAY            0.00          0.16  -0.16     0.00
  MONTH TO DATE    2.22          4.49  -2.27     6.85
  SINCE JUN 1      3.71          9.27  -5.56    18.04
  SINCE JAN 1     16.00         23.42  -7.42    28.80

DEGREE DAYS
 HEATING
  TODAY            0             0      0        0
  MONTH TO DATE    6             0      6        5
  SINCE JUN 1      6            16    -10       20
  SINCE JUL 1      6             0      6        5

 COOLING
  TODAY            7            11     -4        9
  MONTH TO DATE  350           305     45      320
  SINCE JUN 1    673           497    176      562
  SINCE JAN 1    745           559    186      630
......................................................


WIND (MPH)
  HIGHEST WIND SPEED    10   HIGHEST WIND DIRECTION    NW (310)
  HIGHEST GUST SPEED    13   HIGHEST GUST DIRECTION    NW (320)
  AVERAGE WIND SPEED     4.7


SKY COVER
  AVERAGE SKY COVER 0.7


WEATHER CONDITIONS
 THE FOLLOWING WEATHER WAS RECORDED TODAY.
  FOG


RELATIVE HUMIDITY (PERCENT)
 HIGHEST   100           300 AM
 LOWEST     54           300 PM
 AVERAGE    77

..........................................................


THE KIRKSVILLE MO CLIMATE NORMALS FOR TOMORROW
                         NORMAL
 MAXIMUM TEMPERATURE (F)   86
 MINIMUM TEMPERATURE (F)   65


SUNRISE AND SUNSET
JULY 30 2016..........SUNRISE   607 AM CDT   SUNSET   826 PM CDT
JULY 31 2016..........SUNRISE   608 AM CDT   SUNSET   825 PM CDT


-  INDICATES NEGATIVE NUMBERS.
R  INDICATES RECORD WAS SET OR TIED.
MM INDICATES DATA IS MISSING.
T  INDICATES TRACE AMOUNT.




$$
