000
CDUS43 KEAX 230643
CLIIRK


CLIMATE REPORT
NATIONAL WEATHER SERVICE KANSAS CITY/PLEASANT HILL MO
142 AM CDT MON OCT 23 2017


...................................

...THE KIRKSVILLE MO CLIMATE SUMMARY FOR OCTOBER 22 2017...

CLIMATE NORMAL PERIOD 1981 TO 2010
CLIMATE RECORD PERIOD 9999 TO 9999


WEATHER ITEM   OBSERVED TIME   NORMAL DEPARTURE LAST
                VALUE   (LST)  VALUE  FROM      YEAR
                                      NORMAL
......................................................
TEMPERATURE (F)
 YESTERDAY
  MAXIMUM         61   1213 AM  62     -1       70
  MINIMUM         45   1157 PM  40      5       39
  AVERAGE         53            51      2       55

PRECIPITATION (IN)
  YESTERDAY        0.72          0.11   0.61     0.00
  MONTH TO DATE    6.56          2.45   4.11     1.96
  SINCE SEP 1      6.79          6.56   0.23     4.08
  SINCE JAN 1     31.06         33.97  -2.91    27.22

DEGREE DAYS
 HEATING
  YESTERDAY       12            14     -2       10
  MONTH TO DATE   91           238   -147      135
  SINCE SEP 1    128           338   -210      164
  SINCE JUL 1    129           345   -216      170

 COOLING
  YESTERDAY        0             0      0        0
  MONTH TO DATE   40            10     30       44
  SINCE SEP 1    196            93    103      220
  SINCE JAN 1   1121           937    184     1298
......................................................


WIND (MPH)
  HIGHEST WIND SPEED    20   HIGHEST WIND DIRECTION     N (350)
  HIGHEST GUST SPEED    25   HIGHEST GUST DIRECTION     N (350)
  AVERAGE WIND SPEED     6.0


SKY COVER
  AVERAGE SKY COVER 0.5


WEATHER CONDITIONS
 THE FOLLOWING WEATHER WAS RECORDED YESTERDAY.
  RAIN
  LIGHT RAIN
  FOG


RELATIVE HUMIDITY (PERCENT)
 HIGHEST   100           100 AM
 LOWEST     72           300 PM
 AVERAGE    86

..........................................................


THE KIRKSVILLE MO CLIMATE NORMALS FOR TODAY
                         NORMAL
 MAXIMUM TEMPERATURE (F)   61
 MINIMUM TEMPERATURE (F)   40


SUNRISE AND SUNSET
OCTOBER 23 2017.......SUNRISE   730 AM CDT   SUNSET   619 PM CDT
OCTOBER 24 2017.......SUNRISE   731 AM CDT   SUNSET   617 PM CDT


-  INDICATES NEGATIVE NUMBERS.
R  INDICATES RECORD WAS SET OR TIED.
MM INDICATES DATA IS MISSING.
T  INDICATES TRACE AMOUNT.




$$
