000
CDUS43 KEAX 010634
CLIIRK


CLIMATE REPORT
NATIONAL WEATHER SERVICE KANSAS CITY/PLEASANT HILL MO
133 AM CDT WED OCT 1 2014


...................................

...THE KIRKSVILLE MO CLIMATE SUMMARY FOR SEPTEMBER 30 2014...

CLIMATE NORMAL PERIOD 1981 TO 2010
CLIMATE RECORD PERIOD 9999 TO 9999


WEATHER ITEM   OBSERVED TIME   NORMAL DEPARTURE LAST
                VALUE   (LST)  VALUE  FROM      YEAR
                                      NORMAL
......................................................
TEMPERATURE (F)
 YESTERDAY
  MAXIMUM         75    405 PM  70      5       77
  MINIMUM         55    324 AM  47      8       44
  AVERAGE         65            59      6       61

PRECIPITATION (IN)
  YESTERDAY        0.00          0.10  -0.10     0.00
  MONTH TO DATE   10.07          4.11   5.96     1.69
  SINCE SEP 1     10.07          4.11   5.96     1.69
  SINCE JAN 1     38.16         31.52   6.64    31.58

DEGREE DAYS
 HEATING
  YESTERDAY        0             8     -8        4
  MONTH TO DATE  100           100      0       57
  SINCE SEP 1    100           100      0       57
  SINCE JUL 1    106           107     -1       70

 COOLING
  YESTERDAY        0             1     -1        0
  MONTH TO DATE   89            83      6      186
  SINCE SEP 1     89            83      6      186
  SINCE JAN 1    955           927     28      996
......................................................


WIND (MPH)
  HIGHEST WIND SPEED    13   HIGHEST WIND DIRECTION     E (110)
  HIGHEST GUST SPEED    17   HIGHEST GUST DIRECTION     E (110)
  AVERAGE WIND SPEED     7.7


SKY COVER
  AVERAGE SKY COVER 0.3


WEATHER CONDITIONS
 THE FOLLOWING WEATHER WAS RECORDED YESTERDAY.
  FOG
  FOG W/VISIBILITY <= 1/4 MILE
  HAZE


RELATIVE HUMIDITY (PERCENT)
 HIGHEST   100           100 AM
 LOWEST     64           400 PM
 AVERAGE    82

..........................................................


THE KIRKSVILLE MO CLIMATE NORMALS FOR TODAY
                         NORMAL
 MAXIMUM TEMPERATURE (F)   70
 MINIMUM TEMPERATURE (F)   47


SUNRISE AND SUNSET
OCTOBER  1 2014.......SUNRISE   706 AM CDT   SUNSET   652 PM CDT
OCTOBER  2 2014.......SUNRISE   707 AM CDT   SUNSET   651 PM CDT


-  INDICATES NEGATIVE NUMBERS.
R  INDICATES RECORD WAS SET OR TIED.
MM INDICATES DATA IS MISSING.
T  INDICATES TRACE AMOUNT.




$$
