000
CDUS43 KEAX 280633
CLIIRK


CLIMATE REPORT
NATIONAL WEATHER SERVICE KANSAS CITY/PLEASANT HILL MO
132 AM CDT SAT MAY 28 2016


...................................

...THE KIRKSVILLE MO CLIMATE SUMMARY FOR MAY 27 2016...

CLIMATE NORMAL PERIOD 1981 TO 2010
CLIMATE RECORD PERIOD 9999 TO 9999


WEATHER ITEM   OBSERVED TIME   NORMAL DEPARTURE LAST
                VALUE   (LST)  VALUE  FROM      YEAR
                                      NORMAL
......................................................
TEMPERATURE (F)
 YESTERDAY
  MAXIMUM         83    445 PM  76      7       82
  MINIMUM         61    343 AM  56      5       58
  AVERAGE         72            66      6       70

PRECIPITATION (IN)
  YESTERDAY        1.23          0.17   1.06     0.00
  MONTH TO DATE    4.69          4.30   0.39     3.69
  SINCE MAR 1      9.67         10.69  -1.02     8.22
  SINCE JAN 1     12.26         13.49  -1.23    10.27

DEGREE DAYS
 HEATING
  YESTERDAY        0             2     -2        0
  MONTH TO DATE  170           143     27      106
  SINCE MAR 1   1031          1300   -269     1074
  SINCE JUL 1   4738          5833  -1095     5753

 COOLING
  YESTERDAY        7             3      4        5
  MONTH TO DATE   36            43     -7       57
  SINCE MAR 1     44            50     -6       60
  SINCE JAN 1     44            50     -6       60
......................................................


WIND (MPH)
  HIGHEST WIND SPEED    28   HIGHEST WIND DIRECTION     S (160)
  HIGHEST GUST SPEED    33   HIGHEST GUST DIRECTION     S (160)
  AVERAGE WIND SPEED     9.7


SKY COVER
  AVERAGE SKY COVER 0.6


WEATHER CONDITIONS
 THE FOLLOWING WEATHER WAS RECORDED YESTERDAY.
  THUNDERSTORM
  HEAVY RAIN
  RAIN
  LIGHT RAIN
  FOG


RELATIVE HUMIDITY (PERCENT)
 HIGHEST   100           200 AM
 LOWEST     58           400 PM
 AVERAGE    79

..........................................................


THE KIRKSVILLE MO CLIMATE NORMALS FOR TODAY
                         NORMAL
 MAXIMUM TEMPERATURE (F)   76
 MINIMUM TEMPERATURE (F)   56


SUNRISE AND SUNSET
MAY 28 2016...........SUNRISE   545 AM CDT   SUNSET   831 PM CDT
MAY 29 2016...........SUNRISE   544 AM CDT   SUNSET   831 PM CDT


-  INDICATES NEGATIVE NUMBERS.
R  INDICATES RECORD WAS SET OR TIED.
MM INDICATES DATA IS MISSING.
T  INDICATES TRACE AMOUNT.




$$
