000
CDUS43 KEAX 230032
CLIIRK


CLIMATE REPORT
NATIONAL WEATHER SERVICE KANSAS CITY/PLEASANT HILL MO
732 PM CDT MON SEP 22 2014


...................................

...THE KIRKSVILLE MO CLIMATE SUMMARY FOR SEPTEMBER 22 2014...
VALID TODAY AS OF 0700 PM LOCAL TIME.

CLIMATE NORMAL PERIOD 1981 TO 2010
CLIMATE RECORD PERIOD 9999 TO 9999


WEATHER ITEM   OBSERVED TIME   NORMAL DEPARTURE LAST
                VALUE   (LST)  VALUE  FROM      YEAR
                                      NORMAL
......................................................
TEMPERATURE (F)
 TODAY
  MAXIMUM         73    320 PM  73      0       77
  MINIMUM         44    601 AM  50     -6       42
  AVERAGE         59            62     -3       60

PRECIPITATION (IN)
  TODAY            0.00          0.13  -0.13     0.00
  MONTH TO DATE   10.07          3.17   6.90     1.33
  SINCE SEP 1     10.07          3.17   6.90     1.33
  SINCE JAN 1     38.16         30.58   7.58    31.22

DEGREE DAYS
 HEATING
  TODAY            6             5      1        5
  MONTH TO DATE   96            49     47       37
  SINCE SEP 1     96            49     47       37
  SINCE JUL 1    102            56     46       50

 COOLING
  TODAY            0             1     -1        0
  MONTH TO DATE   66            73     -7      171
  SINCE SEP 1     66            73     -7      171
  SINCE JAN 1    932           917     15      981
......................................................


WIND (MPH)
  HIGHEST WIND SPEED     8   HIGHEST WIND DIRECTION    NE (50)
  HIGHEST GUST SPEED    16   HIGHEST GUST DIRECTION     E (80)
  AVERAGE WIND SPEED     3.0


SKY COVER
  AVERAGE SKY COVER 0.0


WEATHER CONDITIONS
 THE FOLLOWING WEATHER WAS RECORDED TODAY.
  FOG


RELATIVE HUMIDITY (PERCENT)
 HIGHEST   100           500 AM
 LOWEST     41           100 PM
 AVERAGE    71

..........................................................


THE KIRKSVILLE MO CLIMATE NORMALS FOR TOMORROW
                         NORMAL
 MAXIMUM TEMPERATURE (F)   73
 MINIMUM TEMPERATURE (F)   50


SUNRISE AND SUNSET
SEPTEMBER 22 2014.....SUNRISE   658 AM CDT   SUNSET   707 PM CDT
SEPTEMBER 23 2014.....SUNRISE   659 AM CDT   SUNSET   706 PM CDT


-  INDICATES NEGATIVE NUMBERS.
R  INDICATES RECORD WAS SET OR TIED.
MM INDICATES DATA IS MISSING.
T  INDICATES TRACE AMOUNT.




$$
