000
CDUS43 KEAX 300642
CLIIRK


CLIMATE REPORT
NATIONAL WEATHER SERVICE KANSAS CITY/PLEASANT HILL MO
141 AM CDT SUN APR 30 2017


...................................

...THE KIRKSVILLE MO CLIMATE SUMMARY FOR APRIL 29 2017...

CLIMATE NORMAL PERIOD 1981 TO 2010
CLIMATE RECORD PERIOD 9999 TO 9999


WEATHER ITEM   OBSERVED TIME   NORMAL DEPARTURE LAST
                VALUE   (LST)  VALUE  FROM      YEAR
                                      NORMAL
......................................................
TEMPERATURE (F)
 YESTERDAY
  MAXIMUM         48   1034 AM  67    -19       54
  MINIMUM         42   1159 PM  46     -4       46
  AVERAGE         45            56    -11       50

PRECIPITATION (IN)
  YESTERDAY        1.54          0.19   1.35     0.02
  MONTH TO DATE    5.14          3.66   1.48     2.74
  SINCE MAR 1      8.78          6.21   2.57     4.73
  SINCE JAN 1     10.64          9.01   1.63     7.32

DEGREE DAYS
 HEATING
  YESTERDAY       20             9     11       15
  MONTH TO DATE  269           393   -124      328
  SINCE MAR 1    911          1147   -236      854
  SINCE JUL 1   4440          5680  -1240     4561

 COOLING
  YESTERDAY        0             0      0        0
  MONTH TO DATE   24             0     24        8
  SINCE MAR 1     24             0     24        8
  SINCE JAN 1     24             0     24        8
......................................................


WIND (MPH)
  HIGHEST WIND SPEED    31   HIGHEST WIND DIRECTION    NE (50)
  HIGHEST GUST SPEED    36   HIGHEST GUST DIRECTION    NE (50)
  AVERAGE WIND SPEED    17.4


SKY COVER
  AVERAGE SKY COVER 1.0


WEATHER CONDITIONS
 THE FOLLOWING WEATHER WAS RECORDED YESTERDAY.
  THUNDERSTORM
  HEAVY RAIN
  RAIN
  LIGHT RAIN
  FOG
  HAZE


RELATIVE HUMIDITY (PERCENT)
 HIGHEST    83           100 AM
 LOWEST     53          1200 PM
 AVERAGE    68

..........................................................


THE KIRKSVILLE MO CLIMATE NORMALS FOR TODAY
                         NORMAL
 MAXIMUM TEMPERATURE (F)   67
 MINIMUM TEMPERATURE (F)   46


SUNRISE AND SUNSET
APRIL 30 2017.........SUNRISE   611 AM CDT   SUNSET   804 PM CDT
MAY  1 2017...........SUNRISE   610 AM CDT   SUNSET   805 PM CDT


-  INDICATES NEGATIVE NUMBERS.
R  INDICATES RECORD WAS SET OR TIED.
MM INDICATES DATA IS MISSING.
T  INDICATES TRACE AMOUNT.




$$
