000
CDUS43 KBIS 250746
CLIISN


CLIMATE REPORT
NATIONAL WEATHER SERVICE BISMARCK ND
141 AM CST THU DEC 25 2014


...................................

...THE WILLISTON ND CLIMATE SUMMARY FOR DECEMBER 24 2014...

CLIMATE NORMAL PERIOD 1981 TO 2010
CLIMATE RECORD PERIOD 1894 TO 2014


WEATHER ITEM   OBSERVED TIME   RECORD YEAR NORMAL DEPARTURE LAST
                VALUE   (LST)  VALUE       VALUE  FROM      YEAR
                                                  NORMAL
..................................................................
TEMPERATURE (F)
 YESTERDAY
  MAXIMUM         38    228 PM  45    1999  22     16       33
                                      1957
  MINIMUM         16   1246 AM -34    1980   1     15       13
  AVERAGE         27                        12     15       23

PRECIPITATION (IN)
  YESTERDAY        T             0.18 1934   0.02  -0.02     0.02
  MONTH TO DATE    0.03                      0.47  -0.44     0.81
  SINCE DEC 1      0.03                      0.47  -0.44     0.81
  SINCE JAN 1     10.68                     14.22  -3.54    21.02

SNOWFALL (IN)
  YESTERDAY       MM             2.8  2004   0.4   MM       MM
  MONTH TO DATE    0.0                       6.9   -6.9     MM
  SINCE DEC 1      0.0                       6.9   -6.9     MM
  SINCE JUL 1      0.0                      15.8  -15.8     MM
  SNOW DEPTH      MM

DEGREE DAYS
 HEATING
  YESTERDAY       38                        53    -15       42
  MONTH TO DATE 1013                      1207   -194     1428
  SINCE DEC 1   1013                      1207   -194     1428
  SINCE JUL 1   3206                      3369   -163     3502

 COOLING
  YESTERDAY        0                         0      0        0
  MONTH TO DATE    0                         0      0        0
  SINCE DEC 1      0                         0      0        0
  SINCE JAN 1    425                       456    -31      405
..................................................................


WIND (MPH)
  HIGHEST WIND SPEED    15   HIGHEST WIND DIRECTION     W (270)
  HIGHEST GUST SPEED    19   HIGHEST GUST DIRECTION     W (270)
  AVERAGE WIND SPEED     4.4


SKY COVER
  POSSIBLE SUNSHINE  MM
  AVERAGE SKY COVER 0.5


WEATHER CONDITIONS
 THE FOLLOWING WEATHER WAS RECORDED YESTERDAY.
  FOG
  FOG W/VISIBILITY <= 1/4 MILE


RELATIVE HUMIDITY (PERCENT)
 HIGHEST    92          1200 AM
 LOWEST     70           300 PM
 AVERAGE    81

..........................................................


THE WILLISTON ND CLIMATE NORMALS FOR TODAY
                         NORMAL    RECORD    YEAR
 MAXIMUM TEMPERATURE (F)   22        51      1943
 MINIMUM TEMPERATURE (F)    1       -32      1996


SUNRISE AND SUNSET
DECEMBER 25 2014......SUNRISE   844 AM CST   SUNSET   505 PM CST
DECEMBER 26 2014......SUNRISE   844 AM CST   SUNSET   506 PM CST


-  INDICATES NEGATIVE NUMBERS.
R  INDICATES RECORD WAS SET OR TIED.
MM INDICATES DATA IS MISSING.
T  INDICATES TRACE AMOUNT.




$$
