000
CDUS43 KBIS 040745
CLIISN


CLIMATE REPORT
NATIONAL WEATHER SERVICE BISMARCK ND
243 AM CDT FRI SEP 4 2015


...................................

...THE WILLISTON ND CLIMATE SUMMARY FOR SEPTEMBER 3 2015...

CLIMATE NORMAL PERIOD 1981 TO 2010
CLIMATE RECORD PERIOD 1894 TO 2015


WEATHER ITEM   OBSERVED TIME   RECORD YEAR NORMAL DEPARTURE LAST
                VALUE   (LST)  VALUE       VALUE  FROM      YEAR
                                                  NORMAL
..................................................................
TEMPERATURE (F)
 YESTERDAY
  MAXIMUM         88   1250 PM 102    1978  78     10       81
  MINIMUM         64    657 AM  32    1902  48     16       47
  AVERAGE         76                        63     13       64

PRECIPITATION (IN)
  YESTERDAY        0.00          1.60 1973   0.04  -0.04     0.35
                                      1951
  MONTH TO DATE    0.00                      0.12  -0.12     0.37
  SINCE SEP 1      0.00                      0.12  -0.12     0.37
  SINCE JAN 1      7.84                     11.24  -3.40     8.80

SNOWFALL (IN)
  YESTERDAY       MM             0.0  2002   0.0   MM       MM
                                      2001
  MONTH TO DATE   MM                         0.0   MM       MM
  SINCE SEP 1     MM                         0.0   MM       MM
  SINCE JUL 1      0.0                       0.0    0.0     MM
  SNOW DEPTH      MM

DEGREE DAYS
 HEATING
  YESTERDAY        0                         5     -5        1
  MONTH TO DATE    0                        13    -13        7
  SINCE SEP 1      0                        13    -13        7
  SINCE JUL 1     39                        84    -45       64

 COOLING
  YESTERDAY       11                         2      9        0
  MONTH TO DATE   28                         6     22        0
  SINCE SEP 1     28                         6     22        0
  SINCE JAN 1    590                       435    155      391
..................................................................


WIND (MPH)
  HIGHEST WIND SPEED    23   HIGHEST WIND DIRECTION    NW (320)
  HIGHEST GUST SPEED    29   HIGHEST GUST DIRECTION     N (350)
  AVERAGE WIND SPEED    12.2


SKY COVER
  POSSIBLE SUNSHINE  MM
  AVERAGE SKY COVER 0.1


WEATHER CONDITIONS
 THE FOLLOWING WEATHER WAS RECORDED YESTERDAY.
  NO SIGNIFICANT WEATHER WAS OBSERVED.


RELATIVE HUMIDITY (PERCENT)
 HIGHEST    68           500 AM
 LOWEST     28           200 PM
 AVERAGE    48

..........................................................


THE WILLISTON ND CLIMATE NORMALS FOR TODAY
                         NORMAL    RECORD    YEAR
 MAXIMUM TEMPERATURE (F)   77       101      1998
 MINIMUM TEMPERATURE (F)   47        33      1956


SUNRISE AND SUNSET
SEPTEMBER  4 2015.....SUNRISE   716 AM CDT   SUNSET   830 PM CDT
SEPTEMBER  5 2015.....SUNRISE   717 AM CDT   SUNSET   828 PM CDT


-  INDICATES NEGATIVE NUMBERS.
R  INDICATES RECORD WAS SET OR TIED.
MM INDICATES DATA IS MISSING.
T  INDICATES TRACE AMOUNT.




$$
