000
CDUS43 KBIS 300738
CLIISN


CLIMATE REPORT
NATIONAL WEATHER SERVICE BISMARCK ND
238 AM CDT FRI SEP 30 2016


...................................

...THE WILLISTON ND CLIMATE SUMMARY FOR SEPTEMBER 29 2016...

CLIMATE NORMAL PERIOD 1981 TO 2010
CLIMATE RECORD PERIOD 1894 TO 2016


WEATHER ITEM   OBSERVED TIME   RECORD YEAR NORMAL DEPARTURE LAST
                VALUE   (LST)  VALUE       VALUE  FROM      YEAR
                                                  NORMAL
..................................................................
TEMPERATURE (F)
 YESTERDAY
  MAXIMUM         76    428 PM  85    2012  65     11       73
                                      1989
                                      1967
  MINIMUM         51    734 AM  13    1907  36     15       31
  AVERAGE         64                        50     14       52

PRECIPITATION (IN)
  YESTERDAY        0.00          0.93 1937   0.04  -0.04     0.00
  MONTH TO DATE    3.54                      1.03   2.51     2.22
  SINCE SEP 1      3.54                      1.03   2.51     2.22
  SINCE JAN 1     13.29                     12.15   1.14    10.06

SNOWFALL (IN)
  YESTERDAY       MM
  SNOW DEPTH      MM

DEGREE DAYS
 HEATING
  YESTERDAY        1                        15    -14       13
  MONTH TO DATE  185                       260    -75      165
  SINCE SEP 1    185                       260    -75      165
  SINCE JUL 1    195                       331   -136      204

 COOLING
  YESTERDAY        0                         0      0        0
  MONTH TO DATE   31                        24      7       48
  SINCE SEP 1     31                        24      7       48
  SINCE JAN 1    521                       453     68      610
..................................................................


WIND (MPH)
  HIGHEST WIND SPEED    20   HIGHEST WIND DIRECTION    SE (130)
  HIGHEST GUST SPEED    25   HIGHEST GUST DIRECTION    SE (130)
  AVERAGE WIND SPEED    10.4


SKY COVER
  POSSIBLE SUNSHINE  MM
  AVERAGE SKY COVER 0.0


WEATHER CONDITIONS
 THE FOLLOWING WEATHER WAS RECORDED YESTERDAY.
  NO SIGNIFICANT WEATHER WAS OBSERVED.


RELATIVE HUMIDITY (PERCENT)
 HIGHEST    71           700 AM
 LOWEST     33           100 PM
 AVERAGE    52

..........................................................


THE WILLISTON ND CLIMATE NORMALS FOR TODAY
                         NORMAL    RECORD    YEAR
 MAXIMUM TEMPERATURE (F)   64        92      1963
 MINIMUM TEMPERATURE (F)   36        15      2003


SUNRISE AND SUNSET
SEPTEMBER 30 2016.....SUNRISE   753 AM CDT   SUNSET   735 PM CDT
OCTOBER  1 2016.......SUNRISE   755 AM CDT   SUNSET   733 PM CDT


-  INDICATES NEGATIVE NUMBERS.
R  INDICATES RECORD WAS SET OR TIED.
MM INDICATES DATA IS MISSING.
T  INDICATES TRACE AMOUNT.




$$
