000
CDUS43 KBIS 290806
CLIISN


CLIMATE REPORT
NATIONAL WEATHER SERVICE BISMARCK ND
306 AM CDT FRI AUG 29 2014


...................................

...THE WILLISTON ND CLIMATE SUMMARY FOR AUGUST 28 2014...

CLIMATE NORMAL PERIOD 1981 TO 2010
CLIMATE RECORD PERIOD 1894 TO 2014


WEATHER ITEM   OBSERVED TIME   RECORD YEAR NORMAL DEPARTURE LAST
                VALUE   (LST)  VALUE       VALUE  FROM      YEAR
                                                  NORMAL
..................................................................
TEMPERATURE (F)
 YESTERDAY
  MAXIMUM         91    613 PM 100    1996  80     11       93
  MINIMUM         55    614 AM  34    1988  50      5       59
  AVERAGE         73                        65      8       76

PRECIPITATION (IN)
  YESTERDAY        0.00          0.68 1925   0.04  -0.04     0.04
  MONTH TO DATE    1.83                      1.32   0.51     1.80
  SINCE JUN 1      3.93                      6.38  -2.45     7.71
  SINCE JAN 1      8.02                     10.99  -2.97    15.52

SNOWFALL (IN)
  YESTERDAY       MM             0.0  2002   0.0   MM       MM
                                      2001
  MONTH TO DATE   MM                         0.0   MM       MM
  SINCE JUN 1     MM                         0.0   MM       MM
  SINCE JUL 1     MM                         0.0   MM       MM
  SNOW DEPTH      MM

DEGREE DAYS
 HEATING
  YESTERDAY        0                         3     -3        0
  MONTH TO DATE   35                        39     -4       21
  SINCE JUN 1    162                       183    -21      174
  SINCE JUL 1     52                        63    -11       46

 COOLING
  YESTERDAY        8                         3      5       11
  MONTH TO DATE  178                       157     21      138
  SINCE JUN 1    370                       407    -37      291
  SINCE JAN 1    391                       420    -29      299
..................................................................


WIND (MPH)
  HIGHEST WIND SPEED    15   HIGHEST WIND DIRECTION     W (290)
  HIGHEST GUST SPEED    22   HIGHEST GUST DIRECTION     W (290)
  AVERAGE WIND SPEED     7.2


SKY COVER
  POSSIBLE SUNSHINE  MM
  AVERAGE SKY COVER 0.1


WEATHER CONDITIONS
 THE FOLLOWING WEATHER WAS RECORDED YESTERDAY.
  NO SIGNIFICANT WEATHER WAS OBSERVED.


RELATIVE HUMIDITY (PERCENT)
 HIGHEST    93           400 AM
 LOWEST     26           600 PM
 AVERAGE    60

..........................................................


THE WILLISTON ND CLIMATE NORMALS FOR TODAY
                         NORMAL    RECORD    YEAR
 MAXIMUM TEMPERATURE (F)   80        99      2012
 MINIMUM TEMPERATURE (F)   50        34      1988


SUNRISE AND SUNSET
AUGUST 29 2014........SUNRISE   708 AM CDT   SUNSET   842 PM CDT
AUGUST 30 2014........SUNRISE   710 AM CDT   SUNSET   840 PM CDT


-  INDICATES NEGATIVE NUMBERS.
R  INDICATES RECORD WAS SET OR TIED.
MM INDICATES DATA IS MISSING.
T  INDICATES TRACE AMOUNT.




$$
