000
CDUS43 KBIS 090727
CLIISN


CLIMATE REPORT
NATIONAL WEATHER SERVICE BISMARCK ND
127 AM CST TUE FEB 9 2016


...................................

...THE WILLISTON ND CLIMATE SUMMARY FOR FEBRUARY 8 2016...

CLIMATE NORMAL PERIOD 1981 TO 2010
CLIMATE RECORD PERIOD 1894 TO 2016


WEATHER ITEM   OBSERVED TIME   RECORD YEAR NORMAL DEPARTURE LAST
                VALUE   (LST)  VALUE       VALUE  FROM      YEAR
                                                  NORMAL
..................................................................
TEMPERATURE (F)
 YESTERDAY
  MAXIMUM         36    317 PM  53    2000  25     11       32
  MINIMUM         22    740 AM -41    1899   4     18       16
  AVERAGE         29                        15     14       24

PRECIPITATION (IN)
  YESTERDAY        0.00          0.14 1894   0.01  -0.01     0.05
  MONTH TO DATE    0.04                      0.10  -0.06     0.21
  SINCE DEC 1      0.97                      1.31  -0.34     0.72
  SINCE JAN 1      0.42                      0.69  -0.27     0.69

SNOWFALL (IN)
  YESTERDAY       MM
  SNOW DEPTH      MM

DEGREE DAYS
 HEATING
  YESTERDAY       36                        50    -14       41
  MONTH TO DATE  306                       410   -104      425
  SINCE DEC 1   3135                      3669   -534     3279
  SINCE JUL 1   4885                      5831   -946     5472

 COOLING
  YESTERDAY        0                         0      0        0
  MONTH TO DATE    0                         0      0        0
  SINCE DEC 1      0                         0      0        0
  SINCE JAN 1      0                         0      0        0
..................................................................


WIND (MPH)
  HIGHEST WIND SPEED    23   HIGHEST WIND DIRECTION    NW (320)
  HIGHEST GUST SPEED    29   HIGHEST GUST DIRECTION    NW (310)
  AVERAGE WIND SPEED    10.1


SKY COVER
  POSSIBLE SUNSHINE  MM
  AVERAGE SKY COVER 0.4


WEATHER CONDITIONS
 THE FOLLOWING WEATHER WAS RECORDED YESTERDAY.
  NO SIGNIFICANT WEATHER WAS OBSERVED.


RELATIVE HUMIDITY (PERCENT)
 HIGHEST    75          1200 AM
 LOWEST     47           300 PM
 AVERAGE    61

..........................................................


THE WILLISTON ND CLIMATE NORMALS FOR TODAY
                         NORMAL    RECORD    YEAR
 MAXIMUM TEMPERATURE (F)   26        49      1984
 MINIMUM TEMPERATURE (F)    4       -36      1900


SUNRISE AND SUNSET
FEBRUARY  9 2016......SUNRISE   812 AM CST   SUNSET   606 PM CST
FEBRUARY 10 2016......SUNRISE   810 AM CST   SUNSET   608 PM CST


-  INDICATES NEGATIVE NUMBERS.
R  INDICATES RECORD WAS SET OR TIED.
MM INDICATES DATA IS MISSING.
T  INDICATES TRACE AMOUNT.




$$
