553
CDUS43 KBIS 200823
CLIISN


CLIMATE REPORT
NATIONAL WEATHER SERVICE BISMARCK ND
203 AM CST MON NOV 20 2017


...................................

...THE WILLISTON ND CLIMATE SUMMARY FOR NOVEMBER 19 2017...

CLIMATE NORMAL PERIOD 1981 TO 2010
CLIMATE RECORD PERIOD 1894 TO 2017


WEATHER ITEM   OBSERVED TIME   RECORD YEAR NORMAL DEPARTURE LAST
                VALUE   (LST)  VALUE       VALUE  FROM      YEAR
                                                  NORMAL
..................................................................
TEMPERATURE (F)
 YESTERDAY
  MAXIMUM         45    244 PM  69    1897  36      9       35
  MINIMUM         18    840 AM -24    1896  15      3        9
  AVERAGE         32                        25      7       22

PRECIPITATION (IN)
  YESTERDAY        0.00          0.31 1996   0.02  -0.02     0.00
  MONTH TO DATE    0.26                      0.45  -0.19     0.01
  SINCE SEP 1      2.46                      2.43   0.03     4.61
  SINCE JAN 1     11.74                     13.55  -1.81    14.36

DEGREE DAYS
 HEATING
  YESTERDAY       33                        40     -7       43
  MONTH TO DATE  791                       660    131      432
  SINCE SEP 1   1666                      1616     50     1205
  SINCE JUL 1   1685                      1687     -2     1215

 COOLING
  YESTERDAY        0                         0      0        0
  MONTH TO DATE    0                         0      0        0
  SINCE SEP 1     38                        27     11       31
  SINCE JAN 1    643                       456    187      521
..................................................................


WIND (MPH)
  HIGHEST WIND SPEED    12   HIGHEST WIND DIRECTION    SW (230)
  HIGHEST GUST SPEED    13   HIGHEST GUST DIRECTION    SW (230)
  AVERAGE WIND SPEED     5.3


SKY COVER
  POSSIBLE SUNSHINE  MM
  AVERAGE SKY COVER 0.0


WEATHER CONDITIONS
 THE FOLLOWING WEATHER WAS RECORDED YESTERDAY.
  NO SIGNIFICANT WEATHER WAS OBSERVED.


RELATIVE HUMIDITY (PERCENT)
 HIGHEST    92           500 AM
 LOWEST     40           300 PM
 AVERAGE    66

..........................................................


THE WILLISTON ND CLIMATE NORMALS FOR TODAY
                         NORMAL    RECORD    YEAR
 MAXIMUM TEMPERATURE (F)   35        64      2006
 MINIMUM TEMPERATURE (F)   14       -22      1896


SUNRISE AND SUNSET
NOVEMBER 20 2017......SUNRISE   809 AM CST   SUNSET   511 PM CST
NOVEMBER 21 2017......SUNRISE   811 AM CST   SUNSET   510 PM CST


-  INDICATES NEGATIVE NUMBERS.
R  INDICATES RECORD WAS SET OR TIED.
MM INDICATES DATA IS MISSING.
T  INDICATES TRACE AMOUNT.




$$
