000
CDUS43 KBIS 220743
CLIISN


CLIMATE REPORT
NATIONAL WEATHER SERVICE BISMARCK ND
143 AM CST MON JAN 22 2018


...................................

...THE WILLISTON ND CLIMATE SUMMARY FOR JANUARY 21 2018...

CLIMATE NORMAL PERIOD 1981 TO 2010
CLIMATE RECORD PERIOD 1894 TO 2018


WEATHER ITEM   OBSERVED TIME   RECORD YEAR NORMAL DEPARTURE LAST
                VALUE   (LST)  VALUE       VALUE  FROM      YEAR
                                                  NORMAL
..................................................................
TEMPERATURE (F)
 YESTERDAY
  MAXIMUM         31    402 PM  50    1968  22      9       33
  MINIMUM          3    826 AM -39    1954   0      3       19
  AVERAGE         17                        11      6       26

PRECIPITATION (IN)
  YESTERDAY        0.00          0.58 1999   0.01  -0.01     0.00
  MONTH TO DATE    0.18                      0.43  -0.25     0.40
  SINCE DEC 1      0.72                      1.05  -0.33     1.36
  SINCE JAN 1      0.18                      0.43  -0.25     0.40

DEGREE DAYS
 HEATING
  YESTERDAY       48                        54     -6       39
  MONTH TO DATE 1133                      1144    -11     1273
  SINCE DEC 1   2628                      2729   -101     2782
  SINCE JUL 1   4642                      4891   -249     4361

 COOLING
  YESTERDAY        0                         0      0        0
  MONTH TO DATE    0                         0      0        0
  SINCE DEC 1      0                         0      0        0
  SINCE JAN 1      0                         0      0        0
..................................................................


WIND (MPH)
  HIGHEST WIND SPEED    14   HIGHEST WIND DIRECTION     W (250)
  HIGHEST GUST SPEED    16   HIGHEST GUST DIRECTION     W (250)
  AVERAGE WIND SPEED     3.9


SKY COVER
  POSSIBLE SUNSHINE  MM
  AVERAGE SKY COVER 0.0


WEATHER CONDITIONS
 THE FOLLOWING WEATHER WAS RECORDED YESTERDAY.
  NO SIGNIFICANT WEATHER WAS OBSERVED.


RELATIVE HUMIDITY (PERCENT)
 HIGHEST    92           200 AM
 LOWEST     69           200 PM
 AVERAGE    81

..........................................................


THE WILLISTON ND CLIMATE NORMALS FOR TODAY
                         NORMAL    RECORD    YEAR
 MAXIMUM TEMPERATURE (F)   22        47      1981
 MINIMUM TEMPERATURE (F)    0       -34      1922


SUNRISE AND SUNSET
JANUARY 22 2018.......SUNRISE   834 AM CST   SUNSET   539 PM CST
JANUARY 23 2018.......SUNRISE   833 AM CST   SUNSET   540 PM CST


-  INDICATES NEGATIVE NUMBERS.
R  INDICATES RECORD WAS SET OR TIED.
MM INDICATES DATA IS MISSING.
T  INDICATES TRACE AMOUNT.




$$
