000
CDUS43 KBIS 222224
CLIISN


CLIMATE REPORT
NATIONAL WEATHER SERVICE BISMARCK ND
523 PM CDT FRI MAY 22 2015


...................................

...THE WILLISTON ND CLIMATE SUMMARY FOR MAY 22 2015...
VALID TODAY AS OF 0500 PM LOCAL TIME.

CLIMATE NORMAL PERIOD 1981 TO 2010
CLIMATE RECORD PERIOD 1894 TO 2015


WEATHER ITEM   OBSERVED TIME   RECORD YEAR NORMAL DEPARTURE LAST
                VALUE   (LST)  VALUE       VALUE  FROM      YEAR
                                                  NORMAL
..................................................................
TEMPERATURE (F)
 TODAY
  MAXIMUM         78    235 PM 106    1980  69      9       79
  MINIMUM         38    524 AM  28    1963  43     -5       44
  AVERAGE         58                        56      2       62

PRECIPITATION (IN)
  TODAY            0.00          1.49 1903   0.07  -0.07     0.00
  MONTH TO DATE    1.44                      1.26   0.18     1.13
  SINCE MAR 1      2.18                      2.97  -0.79     3.16
  SINCE JAN 1      3.12                      3.95  -0.83     3.60

SNOWFALL (IN)
  TODAY           MM

DEGREE DAYS
 HEATING
  TODAY            7                         9     -2        3
  MONTH TO DATE  319                       276     43      345
  SINCE MAR 1   1791                      2033   -242     2274
  SINCE JUL 1   8307                      8801   -494     9223

 COOLING
  TODAY            0                         0      0        0
  MONTH TO DATE    1                         0      1        0
  SINCE MAR 1      1                         1      0        0
  SINCE JAN 1      1                         1      0        0
..................................................................


WIND (MPH)
  HIGHEST WIND SPEED    22   HIGHEST WIND DIRECTION    SE (130)
  HIGHEST GUST SPEED    29   HIGHEST GUST DIRECTION     S (160)
  AVERAGE WIND SPEED     5.7


SKY COVER
  POSSIBLE SUNSHINE  MM
  AVERAGE SKY COVER 0.0


WEATHER CONDITIONS
 THE FOLLOWING WEATHER WAS RECORDED TODAY.
  HAZE


RELATIVE HUMIDITY (PERCENT)
 HIGHEST    86           600 AM
 LOWEST     19           100 PM
 AVERAGE    53

..........................................................


THE WILLISTON ND CLIMATE NORMALS FOR TOMORROW
                         NORMAL    RECORD    YEAR
 MAXIMUM TEMPERATURE (F)   70        95      1980
 MINIMUM TEMPERATURE (F)   43        27      2001


SUNRISE AND SUNSET
MAY 22 2015...........SUNRISE   607 AM CDT   SUNSET   936 PM CDT
MAY 23 2015...........SUNRISE   606 AM CDT   SUNSET   937 PM CDT


-  INDICATES NEGATIVE NUMBERS.
R  INDICATES RECORD WAS SET OR TIED.
MM INDICATES DATA IS MISSING.
T  INDICATES TRACE AMOUNT.




$$
