000
CDUS41 KOKX 270620
CLIISP


CLIMATE REPORT
NATIONAL WEATHER SERVICE NEW YORK NY
220 AM EDT FRI MAY 27 2016


...................................

...THE ISLIP NY CLIMATE SUMMARY FOR MAY 26 2016...

CLIMATE NORMAL PERIOD 1981 TO 2010
CLIMATE RECORD PERIOD 1986 TO 2016


WEATHER ITEM   OBSERVED TIME   RECORD YEAR NORMAL DEPARTURE LAST
                VALUE   (LST)  VALUE       VALUE  FROM      YEAR
                                                  NORMAL
..................................................................
TEMPERATURE (F)
 YESTERDAY
  MAXIMUM         84    121 PM  92    2010  71     13       76
  MINIMUM         59    414 AM  37    1992  53      6       60
  AVERAGE         72                        62     10       68

PRECIPITATION (IN)
  YESTERDAY        0.00          2.85 2003   0.13  -0.13     0.00
  MONTH TO DATE    2.77                      3.09  -0.32     0.42
  SINCE MAR 1      7.88                     11.87  -3.99     7.15
  SINCE JAN 1     16.35                     18.77  -2.42    15.09

SNOWFALL (IN)
  YESTERDAY        0.0          MM      MM   0.0    0.0      0.0
  MONTH TO DATE    0.0                       0.0    0.0      0.0
  SINCE OCT 1     41.4                      24.8   16.6     63.7
  SINCE JUL 1     41.4                      24.8   16.6     63.7
  SNOW DEPTH       0

DEGREE DAYS
 HEATING
  YESTERDAY        0                         5     -5        0
  MONTH TO DATE  226                       200     26      112
  SINCE MAR 1   1282                      1476   -194     1491
  SINCE JUL 1   4364                      5371  -1007     5511

 COOLING
  YESTERDAY        7                         1      6        3
  MONTH TO DATE   13                        10      3       29
  SINCE MAR 1     13                        12      1       29
  SINCE JAN 1     13                        12      1       29
..................................................................


WIND (MPH)
  HIGHEST WIND SPEED    18   HIGHEST WIND DIRECTION    SW (220)
  HIGHEST GUST SPEED    22   HIGHEST GUST DIRECTION    SW (230)
  AVERAGE WIND SPEED     6.2


SKY COVER
  AVERAGE SKY COVER 0.6


WEATHER CONDITIONS
 THE FOLLOWING WEATHER WAS RECORDED YESTERDAY.
  NO SIGNIFICANT WEATHER WAS OBSERVED.


RELATIVE HUMIDITY (PERCENT)
 HIGHEST    80           300 AM
 LOWEST     34           300 PM
 AVERAGE    57

..........................................................


THE ISLIP NY CLIMATE NORMALS FOR TODAY
                         NORMAL    RECORD    YEAR
 MAXIMUM TEMPERATURE (F)   71        88      2014
 MINIMUM TEMPERATURE (F)   53        43      2013
                                             1997


SUNRISE AND SUNSET
MAY 27 2016...........SUNRISE   526 AM EDT   SUNSET   814 PM EDT
MAY 28 2016...........SUNRISE   525 AM EDT   SUNSET   815 PM EDT


-  INDICATES NEGATIVE NUMBERS.
R  INDICATES RECORD WAS SET OR TIED.
MM INDICATES DATA IS MISSING.
T  INDICATES TRACE AMOUNT.




$$
