000
CDCA42 TJSJ 020455
CLIIST


CLIMATE REPORT
NATIONAL WEATHER SERVICE SAN JUAN, PR
1254 AM AST MON MAR 2 2015


...................................

...THE CYRIL E. KING AP/ST THOMAS  CLIMATE SUMMARY FOR MARCH 1 2015...

CLIMATE NORMAL PERIOD 1981 TO 2010
CLIMATE RECORD PERIOD 1953 TO 2015


WEATHER ITEM   OBSERVED TIME   RECORD YEAR NORMAL DEPARTURE LAST
                VALUE   (LST)  VALUE       VALUE  FROM      YEAR
                                                  NORMAL
..................................................................
TEMPERATURE (F)
 YESTERDAY
  MAXIMUM         85    135 PM  91    1993  85      0       83
  MINIMUM         73   1126 AM  60    1972  73      0       75
  AVERAGE         79                        79      0       79

PRECIPITATION (IN)
  YESTERDAY        0.01          0.15 1994   0.05  -0.04      T
  MONTH TO DATE    0.01                      0.05  -0.04      T
  SINCE MAR 1      0.01                      0.05  -0.04      T
  SINCE JAN 1     15.04                      3.86  11.18     2.58

SNOWFALL (IN)
  YESTERDAY        0.0                       0.0    0.0      0.0
  MONTH TO DATE    0.0                       0.0    0.0      0.0
  SINCE MAR 1      0.0                       0.0    0.0      0.0
  SINCE JUL 1      0.0                       0.0    0.0      0.0

DEGREE DAYS
 HEATING
  YESTERDAY        0                         0      0        0
  MONTH TO DATE    0                         0      0        0
  SINCE MAR 1      0                         0      0        0
  SINCE JUL 1      0                         0      0        0

 COOLING
  YESTERDAY       14                        14      0       14
  MONTH TO DATE   14                        14      0       14
  SINCE MAR 1     14                        14      0       14
  SINCE JAN 1    818                       828    -10      836
..................................................................


WIND (MPH)
  HIGHEST WIND SPEED    29   HIGHEST WIND DIRECTION     E (100)
  HIGHEST GUST SPEED    38   HIGHEST GUST DIRECTION     E (100)
  AVERAGE WIND SPEED    13.1


SKY COVER
  AVERAGE SKY COVER 0.5


WEATHER CONDITIONS
 THE FOLLOWING WEATHER WAS RECORDED YESTERDAY.
  NO SIGNIFICANT WEATHER WAS OBSERVED.


RELATIVE HUMIDITY (PERCENT)
 HIGHEST    74
 LOWEST     55
 AVERAGE    65

..........................................................


THE CYRIL E. KING AP/ST THOMAS  CLIMATE NORMALS FOR TODAY
                         NORMAL    RECORD    YEAR
 MAXIMUM TEMPERATURE (F)   85        92      1996
 MINIMUM TEMPERATURE (F)   73        64      1972


SUNRISE AND SUNSET
MARCH  2 2015.........SUNRISE   638 AM AST   SUNSET   626 PM AST
MARCH  3 2015.........SUNRISE   637 AM AST   SUNSET   626 PM AST


-  INDICATES NEGATIVE NUMBERS.
R  INDICATES RECORD WAS SET OR TIED.
MM INDICATES DATA IS MISSING.
T  INDICATES TRACE AMOUNT.




$$
