000
CDCA42 TJSJ 250445
CLIIST


CLIMATE REPORT
NATIONAL WEATHER SERVICE SAN JUAN, PR
1245 AM AST THU DEC 25 2014


...................................

...THE CYRIL E. KING AIRPORT/USVI CLIMATE SUMMARY FOR DECEMBER 24 2014...

CLIMATE NORMAL PERIOD 1981 TO 2010
CLIMATE RECORD PERIOD 1953 TO 2014


WEATHER ITEM   OBSERVED TIME   RECORD YEAR NORMAL DEPARTURE LAST
                VALUE   (LST)  VALUE       VALUE  FROM      YEAR
                                                  NORMAL
..................................................................
TEMPERATURE (F)
 YESTERDAY
  MAXIMUM         85    239 PM  91    1995  85      0       83
  MINIMUM         74    259 AM  63    1991  73      1       72
                                      1989
  AVERAGE         80                        79      1       78

PRECIPITATION (IN)
  YESTERDAY        0.04          0.45 2013   0.09  -0.05     0.45
  MONTH TO DATE    2.56                      2.34   0.22     7.21
  SINCE DEC 1      2.56                      2.34   0.22     7.21
  SINCE JAN 1     35.29                     38.72  -3.43    55.09

SNOWFALL (IN)
  YESTERDAY        0.0
  MONTH TO DATE    0.0
  SINCE DEC 1      0.0
  SINCE JUL 1      0.0

DEGREE DAYS
 HEATING
  YESTERDAY        0                         0      0        0
  MONTH TO DATE    0                         0      0        0
  SINCE DEC 1      0                         0      0        0
  SINCE JUL 1      0                         0      0        0

 COOLING
  YESTERDAY       15                        14      1       13
  MONTH TO DATE  351                       352     -1      351
  SINCE DEC 1    351                       352     -1      351
  SINCE JAN 1   5897                      5946    -49     5912
..................................................................


WIND (MPH)
  RESULTANT WIND SPEED  11   RESULTANT WIND DIRECTION   E (80)
  HIGHEST WIND SPEED    21   HIGHEST WIND DIRECTION     E (80)
  AVERAGE WIND SPEED    11.9


SKY COVER
  AVERAGE SKY COVER 0.1


WEATHER CONDITIONS
 THE FOLLOWING WEATHER WAS RECORDED YESTERDAY.
  LIGHT RAIN
  FOG


RELATIVE HUMIDITY (PERCENT)
 HIGHEST    74
 LOWEST     59
 AVERAGE    67

..........................................................


THE CYRIL E. KING AIRPORT/USVI CLIMATE NORMALS FOR TODAY
                         NORMAL    RECORD    YEAR
 MAXIMUM TEMPERATURE (F)   85        92      1995
 MINIMUM TEMPERATURE (F)   73        65      1991


SUNRISE AND SUNSET
DECEMBER 25 2014......SUNRISE   649 AM AST   SUNSET   551 PM AST
DECEMBER 26 2014......SUNRISE   649 AM AST   SUNSET   552 PM AST


-  INDICATES NEGATIVE NUMBERS.
R  INDICATES RECORD WAS SET OR TIED.
MM INDICATES DATA IS MISSING.
T  INDICATES TRACE AMOUNT.




$$
