000
CDHW43 PHFO 190235
CLIITO


CLIMATE REPORT
NATIONAL WEATHER SERVICE HONOLULU HI
434 PM HST FRI AUG 18 2017


...................................

...THE HILO HI CLIMATE SUMMARY FOR AUGUST 18 2017...
VALID TODAY AS OF 0400 PM LOCAL TIME.

CLIMATE NORMAL PERIOD 1981 TO 2010
CLIMATE RECORD PERIOD 1946 TO 2017


WEATHER ITEM   OBSERVED TIME   RECORD YEAR NORMAL DEPARTURE LAST
                VALUE   (LST)  VALUE       VALUE  FROM      YEAR
                                                  NORMAL
..................................................................
TEMPERATURE (F)
 TODAY
  MAXIMUM         85    250 PM  87    1974  83      2       86
  MINIMUM         70    636 AM  65    1973  70      0       69
                                      1955
  AVERAGE         78                        77      1       78

PRECIPITATION (IN)
  TODAY            0.02          1.93 1969   0.32  -0.30     0.55
  MONTH TO DATE    2.37                      5.98  -3.61     4.37
  SINCE JUN 1     12.47                     24.16 -11.69    22.92
  SINCE JAN 1     47.11                     76.07 -28.96    47.78

SNOWFALL (IN)
  TODAY            0.0
  MONTH TO DATE    0.0
  SINCE JUN 1      0.0
  SINCE JUL 1      0.0
  SNOW DEPTH      MM

DEGREE DAYS
 HEATING
  TODAY            0                         0      0        0
  MONTH TO DATE    0                         0      0        0
  SINCE JUN 1      0                         0      0        0
  SINCE JUL 1      0                         0      0        0

 COOLING
  TODAY           13                        11      2       13
  MONTH TO DATE  223                       198     25      251
  SINCE JUN 1    952                       847    105     1046
  SINCE JAN 1   2256                      1915    341     2592
..................................................................


WIND (MPH)
  HIGHEST WIND SPEED    13   HIGHEST WIND DIRECTION     N (20)
  HIGHEST GUST SPEED    17   HIGHEST GUST DIRECTION    NE (40)
  AVERAGE WIND SPEED    MM


SKY COVER
  POSSIBLE SUNSHINE  MM
  AVERAGE SKY COVER  MM


WEATHER CONDITIONS
 THE FOLLOWING WEATHER WAS RECORDED TODAY.
  NO SIGNIFICANT WEATHER WAS OBSERVED.


RELATIVE HUMIDITY (PERCENT)
 HIGHEST    MM
 LOWEST     MM
 AVERAGE    MM

..........................................................


THE HILO HI CLIMATE NORMALS FOR TOMORROW
                         NORMAL    RECORD    YEAR
 MAXIMUM TEMPERATURE (F)   83        88      2015
                                             1997
                                             1986
 MINIMUM TEMPERATURE (F)   70        66      1983
                                             1963


SUNRISE AND SUNSET
AUGUST 18 2017........SUNRISE   602 AM HST   SUNSET   646 PM HST
AUGUST 19 2017........SUNRISE   602 AM HST   SUNSET   645 PM HST


-  INDICATES NEGATIVE NUMBERS.
R  INDICATES RECORD WAS SET OR TIED.
MM INDICATES DATA IS MISSING.
T  INDICATES TRACE AMOUNT.




$$
