250
CDHW43 PHFO 061245
CLIITO


CLIMATE REPORT
NATIONAL WEATHER SERVICE HONOLULU HI
245 AM HST FRI MAY 6 2016


...................................

...THE HILO HI CLIMATE SUMMARY FOR MAY 5 2016...

CLIMATE NORMAL PERIOD 1981 TO 2010
CLIMATE RECORD PERIOD 1946 TO 2016


WEATHER ITEM   OBSERVED TIME   RECORD YEAR NORMAL DEPARTURE LAST
                VALUE   (LST)  VALUE       VALUE  FROM      YEAR
                                                  NORMAL
..................................................................
TEMPERATURE (F)
 YESTERDAY
  MAXIMUM         84   1155 AM  87    1995  80      4       76
  MINIMUM         68    304 AM  60    1971  66      2       67
  AVERAGE         76                        73      3       72

PRECIPITATION (IN)
  YESTERDAY        T             4.23 2002   0.32  -0.32     0.23
  MONTH TO DATE    0.51                      1.61  -1.10     1.96
  SINCE MAR 1     14.97                     26.58 -11.61    25.19
  SINCE JAN 1     19.54                     45.40 -25.86    33.28

SNOWFALL (IN)
  YESTERDAY        0.0
  MONTH TO DATE    0.0
  SINCE MAR 1      0.0
  SINCE JUL 1      0.0
  SNOW DEPTH       0

DEGREE DAYS
 HEATING
  YESTERDAY        0                         0      0        0
  MONTH TO DATE    0                         0      0        0
  SINCE MAR 1      0                         0      0        0
  SINCE JUL 1      0                         0      0        0

 COOLING
  YESTERDAY       11                         8      3        7
  MONTH TO DATE   54                        40     14       39
  SINCE MAR 1    680                       467    213      567
  SINCE JAN 1   1244                       837    407     1093
..................................................................


WIND (MPH)
  HIGHEST WIND SPEED    24   HIGHEST WIND DIRECTION    SE (130)
  HIGHEST GUST SPEED    30   HIGHEST GUST DIRECTION    SE (130)
  AVERAGE WIND SPEED     9.3


SKY COVER
  POSSIBLE SUNSHINE  MM
  AVERAGE SKY COVER 0.6


WEATHER CONDITIONS
 THE FOLLOWING WEATHER WAS RECORDED YESTERDAY.
  FOG


RELATIVE HUMIDITY (PERCENT)
 HIGHEST    84          1200 AM
 LOWEST     58          1000 AM
 AVERAGE    71

..........................................................


THE HILO HI CLIMATE NORMALS FOR TODAY
                         NORMAL    RECORD    YEAR
 MAXIMUM TEMPERATURE (F)   80        86      2005
                                             1995
                                             1980
 MINIMUM TEMPERATURE (F)   66        61      1971
                                             1966
                                             1956


SUNRISE AND SUNSET
MAY  6 2016...........SUNRISE   548 AM HST   SUNSET   646 PM HST
MAY  7 2016...........SUNRISE   548 AM HST   SUNSET   646 PM HST


-  INDICATES NEGATIVE NUMBERS.
R  INDICATES RECORD WAS SET OR TIED.
MM INDICATES DATA IS MISSING.
T  INDICATES TRACE AMOUNT.




$$
