000
CDHW43 PHFO 161245
CLIITO


CLIMATE REPORT
NATIONAL WEATHER SERVICE HONOLULU HI
245 AM HST SAT DEC 16 2017


...................................

...THE HILO HI CLIMATE SUMMARY FOR DECEMBER 15 2017...

CLIMATE NORMAL PERIOD 1981 TO 2010
CLIMATE RECORD PERIOD 1946 TO 2017


WEATHER ITEM   OBSERVED TIME   RECORD YEAR NORMAL DEPARTURE LAST
                VALUE   (LST)  VALUE       VALUE  FROM      YEAR
                                                  NORMAL
..................................................................
TEMPERATURE (F)
 YESTERDAY
  MAXIMUM         77    213 PM  86    1992  79     -2       83
                                      1979
  MINIMUM         60   1159 PM  58    1989  65     -5       62
  AVERAGE         69                        72     -3       73

PRECIPITATION (IN)
  YESTERDAY        0.11          2.50 1968   0.39  -0.28     0.00
                                      1956
  MONTH TO DATE    4.32                      6.05  -1.73    12.77
  SINCE DEC 1      4.32                      6.05  -1.73    12.77
  SINCE JAN 1     99.57                    121.20 -21.63   120.77

SNOWFALL (IN)
  YESTERDAY        0.0
  MONTH TO DATE    0.0
  SINCE DEC 1      0.0
  SINCE JUL 1      0.0
  SNOW DEPTH      MM

DEGREE DAYS
 HEATING
  YESTERDAY        0                         0      0        0
  MONTH TO DATE    0                         0      0        0
  SINCE DEC 1      0                         0      0        0
  SINCE JUL 1      0                         0      0        0

 COOLING
  YESTERDAY        4                         7     -3        8
  MONTH TO DATE   87                       114    -27      116
  SINCE DEC 1     87                       114    -27      116
  SINCE JAN 1   3472                      3121    351     3877
..................................................................


WIND (MPH)
  HIGHEST WIND SPEED    23   HIGHEST WIND DIRECTION    NE (30)
  HIGHEST GUST SPEED    30   HIGHEST GUST DIRECTION    NE (30)
  AVERAGE WIND SPEED     9.5


SKY COVER
  POSSIBLE SUNSHINE  MM
  AVERAGE SKY COVER  MM


WEATHER CONDITIONS
 THE FOLLOWING WEATHER WAS RECORDED YESTERDAY.
  FOG


RELATIVE HUMIDITY (PERCENT)
 HIGHEST    MM
 LOWEST     MM
 AVERAGE    MM

..........................................................


THE HILO HI CLIMATE NORMALS FOR TODAY
                         NORMAL    RECORD    YEAR
 MAXIMUM TEMPERATURE (F)   79        87      1968
 MINIMUM TEMPERATURE (F)   65        59      1989
                                             1955


SUNRISE AND SUNSET
DECEMBER 16 2017......SUNRISE   648 AM HST   SUNSET   545 PM HST
DECEMBER 17 2017......SUNRISE   648 AM HST   SUNSET   545 PM HST


-  INDICATES NEGATIVE NUMBERS.
R  INDICATES RECORD WAS SET OR TIED.
MM INDICATES DATA IS MISSING.
T  INDICATES TRACE AMOUNT.




$$
