000
CDHW43 PHFO 311245
CLIITO


CLIMATE REPORT
NATIONAL WEATHER SERVICE HONOLULU HI
245 AM HST MON AUG 31 2015


...................................

...THE HILO HI CLIMATE SUMMARY FOR AUGUST 30 2015...

CLIMATE NORMAL PERIOD 1981 TO 2010
CLIMATE RECORD PERIOD 1946 TO 2015


WEATHER ITEM   OBSERVED TIME   RECORD YEAR NORMAL DEPARTURE LAST
                VALUE   (LST)  VALUE       VALUE  FROM      YEAR
                                                  NORMAL
..................................................................
TEMPERATURE (F)
 YESTERDAY
  MAXIMUM         89R   108 PM  88    2007  83      6       87
                                      1996
                                      1987
  MINIMUM         74    658 AM  65    1993  70      4       67
  AVERAGE         82                        76      6       77

PRECIPITATION (IN)
  YESTERDAY        0.30          2.88 1960   0.29   0.01      T
  MONTH TO DATE   17.20                      9.56   7.64    10.71
  SINCE JUN 1     30.49                     27.74   2.75    33.27
  SINCE JAN 1     69.56                     79.65 -10.09    81.01

SNOWFALL (IN)
  YESTERDAY        0.0
  MONTH TO DATE    0.0
  SINCE JUN 1      0.0
  SINCE JUL 1      0.0
  SNOW DEPTH       0

DEGREE DAYS
 HEATING
  YESTERDAY        0                         0      0        0
  MONTH TO DATE    0                         0      0        0
  SINCE JUN 1      0                         0      0        0
  SINCE JUL 1      0                         0      0        0

 COOLING
  YESTERDAY       17                        11      6       12
  MONTH TO DATE  447                       330    117      395
  SINCE JUN 1   1263                       979    284     1007
  SINCE JAN 1   2590                      2047    543     2263
..................................................................


WIND (MPH)
  HIGHEST WIND SPEED    12   HIGHEST WIND DIRECTION     N (350)
  HIGHEST GUST SPEED    15   HIGHEST GUST DIRECTION     N (20)
  AVERAGE WIND SPEED     6.5


SKY COVER
  POSSIBLE SUNSHINE  MM
  AVERAGE SKY COVER 0.5


WEATHER CONDITIONS
 THE FOLLOWING WEATHER WAS RECORDED YESTERDAY.
  RAIN
  LIGHT RAIN
  FOG


RELATIVE HUMIDITY (PERCENT)
 HIGHEST   100           500 AM
 LOWEST     68          1100 AM
 AVERAGE    84

..........................................................


THE HILO HI CLIMATE NORMALS FOR TODAY
                         NORMAL    RECORD    YEAR
 MAXIMUM TEMPERATURE (F)   83        89      1996
 MINIMUM TEMPERATURE (F)   70        64      1971
                                             1970


SUNRISE AND SUNSET
AUGUST 31 2015........SUNRISE   605 AM HST   SUNSET   636 PM HST
SEPTEMBER  1 2015.....SUNRISE   605 AM HST   SUNSET   635 PM HST


-  INDICATES NEGATIVE NUMBERS.
R  INDICATES RECORD WAS SET OR TIED.
MM INDICATES DATA IS MISSING.
T  INDICATES TRACE AMOUNT.




$$
