000
CDHW43 PHFO 181245
CLIITO


CLIMATE REPORT
NATIONAL WEATHER SERVICE HONOLULU HI
245 AM HST WED OCT 18 2017


...................................

...THE HILO HI CLIMATE SUMMARY FOR OCTOBER 17 2017...

CLIMATE NORMAL PERIOD 1981 TO 2010
CLIMATE RECORD PERIOD 1946 TO 2017


WEATHER ITEM   OBSERVED TIME   RECORD YEAR NORMAL DEPARTURE LAST
                VALUE   (LST)  VALUE       VALUE  FROM      YEAR
                                                  NORMAL
..................................................................
TEMPERATURE (F)
 YESTERDAY
  MAXIMUM         82   1155 AM  89    2015  83     -1       84
  MINIMUM         69    159 AM  64    1971  69      0       68
                                      1956
  AVERAGE         76                        76      0       76

PRECIPITATION (IN)
  YESTERDAY        0.35          3.57 1960   0.28   0.07     0.82
  MONTH TO DATE    8.76                      4.97   3.79    12.67
  SINCE SEP 1     12.67                     14.91  -2.24    23.41
  SINCE JAN 1     66.29                     94.85 -28.56    91.50

SNOWFALL (IN)
  YESTERDAY        0.0
  MONTH TO DATE    0.0
  SINCE SEP 1      0.0
  SINCE JUL 1      0.0
  SNOW DEPTH      MM

DEGREE DAYS
 HEATING
  YESTERDAY        0                         0      0        0
  MONTH TO DATE    0                         0      0        0
  SINCE SEP 1      0                         0      0        0
  SINCE JUL 1      0                         0      0        0

 COOLING
  YESTERDAY       11                        11      0       11
  MONTH TO DATE  204                       187     17      198
  SINCE SEP 1    566                       523     43      580
  SINCE JAN 1   2982                      2595    387     3331
..................................................................


WIND (MPH)
  HIGHEST WIND SPEED    22   HIGHEST WIND DIRECTION     E (70)
  HIGHEST GUST SPEED    26   HIGHEST GUST DIRECTION     E (70)
  AVERAGE WIND SPEED     9.2


SKY COVER
  POSSIBLE SUNSHINE  MM
  AVERAGE SKY COVER  MM


WEATHER CONDITIONS
 THE FOLLOWING WEATHER WAS RECORDED YESTERDAY.
  FOG
  HAZE


RELATIVE HUMIDITY (PERCENT)
 HIGHEST    MM
 LOWEST     MM
 AVERAGE    MM

..........................................................


THE HILO HI CLIMATE NORMALS FOR TODAY
                         NORMAL    RECORD    YEAR
 MAXIMUM TEMPERATURE (F)   83        90      1962
 MINIMUM TEMPERATURE (F)   69        63      1980
                                             1976
                                             1971


SUNRISE AND SUNSET
OCTOBER 18 2017.......SUNRISE   616 AM HST   SUNSET   554 PM HST
OCTOBER 19 2017.......SUNRISE   616 AM HST   SUNSET   554 PM HST


-  INDICATES NEGATIVE NUMBERS.
R  INDICATES RECORD WAS SET OR TIED.
MM INDICATES DATA IS MISSING.
T  INDICATES TRACE AMOUNT.




$$
