000
CDHW43 PHFO 251245
CLIITO


CLIMATE REPORT
NATIONAL WEATHER SERVICE HONOLULU HI
245 AM HST SAT MAR 25 2017


...................................

...THE HILO HI CLIMATE SUMMARY FOR MARCH 24 2017...

CLIMATE NORMAL PERIOD 1981 TO 2010
CLIMATE RECORD PERIOD 1946 TO 2017


WEATHER ITEM   OBSERVED TIME   RECORD YEAR NORMAL DEPARTURE LAST
                VALUE   (LST)  VALUE       VALUE  FROM      YEAR
                                                  NORMAL
..................................................................
TEMPERATURE (F)
 YESTERDAY
  MAXIMUM         80   1204 PM  87    1972  79      1       85
  MINIMUM         68   1159 PM  58    1965  65      3       66
  AVERAGE         74                        72      2       76

PRECIPITATION (IN)
  YESTERDAY        0.62          7.00 1994   0.44   0.18     0.26
  MONTH TO DATE    1.95                     10.31  -8.36     4.83
  SINCE MAR 1      1.95                     10.31  -8.36     4.83
  SINCE JAN 1     20.44                     29.13  -8.69     9.40

SNOWFALL (IN)
  YESTERDAY        0.0
  MONTH TO DATE    0.0
  SINCE MAR 1      0.0
  SINCE JUL 1      0.0
  SNOW DEPTH       0

DEGREE DAYS
 HEATING
  YESTERDAY        0                         0      0        0
  MONTH TO DATE    0                         0      0        0
  SINCE MAR 1      0                         0      0        0
  SINCE JUL 1      0                         0      0        0

 COOLING
  YESTERDAY        9                         7      2       11
  MONTH TO DATE  237                       165     72      232
  SINCE MAR 1    237                       165     72      232
  SINCE JAN 1    646                       535    111      796
..................................................................


WIND (MPH)
  HIGHEST WIND SPEED    17   HIGHEST WIND DIRECTION     E (90)
  HIGHEST GUST SPEED    22   HIGHEST GUST DIRECTION     E (90)
  AVERAGE WIND SPEED     6.9


SKY COVER
  POSSIBLE SUNSHINE  MM
  AVERAGE SKY COVER 0.8


WEATHER CONDITIONS
 THE FOLLOWING WEATHER WAS RECORDED YESTERDAY.
  HEAVY RAIN
  RAIN
  LIGHT RAIN
  FOG


RELATIVE HUMIDITY (PERCENT)
 HIGHEST   100           100 AM
 LOWEST     69          1200 PM
 AVERAGE    85

..........................................................


THE HILO HI CLIMATE NORMALS FOR TODAY
                         NORMAL    RECORD    YEAR
 MAXIMUM TEMPERATURE (F)   79        85      2005
 MINIMUM TEMPERATURE (F)   65        59      1979


SUNRISE AND SUNSET
MARCH 25 2017.........SUNRISE   620 AM HST   SUNSET   633 PM HST
MARCH 26 2017.........SUNRISE   619 AM HST   SUNSET   633 PM HST


-  INDICATES NEGATIVE NUMBERS.
R  INDICATES RECORD WAS SET OR TIED.
MM INDICATES DATA IS MISSING.
T  INDICATES TRACE AMOUNT.




$$
