000
CDHW43 PHFO 030229
CLIITO


CLIMATE REPORT
NATIONAL WEATHER SERVICE HONOLULU HI
429 PM HST FRI DEC 2 2016


...................................

...THE HILO HI CLIMATE SUMMARY FOR DECEMBER 2 2016...
VALID TODAY AS OF 0400 PM LOCAL TIME.

CLIMATE NORMAL PERIOD 1981 TO 2010
CLIMATE RECORD PERIOD 1946 TO 2016


WEATHER ITEM   OBSERVED TIME   RECORD YEAR NORMAL DEPARTURE LAST
                VALUE   (LST)  VALUE       VALUE  FROM      YEAR
                                                  NORMAL
..................................................................
TEMPERATURE (F)
 TODAY
  MAXIMUM         73   1008 AM  85    2007  80     -7       84
                                      1966
                                      1957
  MINIMUM         66   1247 AM  59    1972  66      0       68
  AVERAGE         70                        73     -3       76

PRECIPITATION (IN)
  TODAY            4.09          9.33 1970   0.42   3.67      T
  MONTH TO DATE    8.28                      0.84   7.44     0.25
  SINCE DEC 1      8.28                      0.84   7.44     0.25
  SINCE JAN 1    116.28                    115.99   0.29   131.28

SNOWFALL (IN)
  TODAY            0.0
  MONTH TO DATE    0.0
  SINCE DEC 1      0.0
  SINCE JUL 1      0.0
  SNOW DEPTH       0

DEGREE DAYS
 HEATING
  TODAY            0                         0      0        0
  MONTH TO DATE    0                         0      0        0
  SINCE DEC 1      0                         0      0        0
  SINCE JUL 1      0                         0      0        0

 COOLING
  TODAY            5                         8     -3       11
  MONTH TO DATE   10                        16     -6       22
  SINCE DEC 1     10                        16     -6       22
  SINCE JAN 1   3771                      3023    748     3692
..................................................................


WIND (MPH)
  HIGHEST WIND SPEED    15   HIGHEST WIND DIRECTION     S (180)
  HIGHEST GUST SPEED    18   HIGHEST GUST DIRECTION     S (170)
  AVERAGE WIND SPEED     4.9


SKY COVER
  POSSIBLE SUNSHINE  MM
  AVERAGE SKY COVER 1.0


WEATHER CONDITIONS
 THE FOLLOWING WEATHER WAS RECORDED TODAY.
  HEAVY RAIN
  RAIN
  LIGHT RAIN
  FOG


RELATIVE HUMIDITY (PERCENT)
 HIGHEST   100           100 AM
 LOWEST     90           200 PM
 AVERAGE    95

..........................................................


THE HILO HI CLIMATE NORMALS FOR TOMORROW
                         NORMAL    RECORD    YEAR
 MAXIMUM TEMPERATURE (F)   80        87      1977
                                             1966
 MINIMUM TEMPERATURE (F)   66        59      1956


SUNRISE AND SUNSET
DECEMBER  2 2016......SUNRISE   639 AM HST   SUNSET   540 PM HST
DECEMBER  3 2016......SUNRISE   640 AM HST   SUNSET   541 PM HST


-  INDICATES NEGATIVE NUMBERS.
R  INDICATES RECORD WAS SET OR TIED.
MM INDICATES DATA IS MISSING.
T  INDICATES TRACE AMOUNT.




$$
