000
CDUS43 KGLD 160745
CLIITR

CLIMATE REPORT
NATIONAL WEATHER SERVICE GOODLAND
142 AM MDT TUE SEP 16 2014

...................................

...THE BURLINGTON CO CLIMATE SUMMARY FOR SEPTEMBER 15 2014...

CLIMATE NORMAL PERIOD 1981 TO 2010
CLIMATE RECORD PERIOD 1896 TO 2014

WEATHER ITEM   OBSERVED TIME   RECORD YEAR NORMAL DEPARTURE LAST
                VALUE   (LST)  VALUE       VALUE  FROM      YEAR
                                                  NORMAL
..................................................................
TEMPERATURE (F)
 YESTERDAY
  MAXIMUM         66    419 PM  97    1955  79    -13       64
  MINIMUM         51   1102 AM  32    1993  49      2       55
  AVERAGE         59                        64     -5       60

PRECIPITATION (IN)
  YESTERDAY        0.01                      0.04  -0.03     0.01
  MONTH TO DATE    0.37                      0.64  -0.27     5.26
  SINCE SEP 1      0.37                      0.64  -0.27     5.26
  SINCE JAN 1     10.27                     14.79  -4.52    15.71

..................................................................

THE BURLINGTON CO CLIMATE NORMALS FOR TODAY
                         NORMAL    RECORD    YEAR
 MAXIMUM TEMPERATURE (F)   78        96      1955
 MINIMUM TEMPERATURE (F)   48        30      1951

-  INDICATES NEGATIVE NUMBERS.
R  INDICATES RECORD WAS SET OR TIED.
MM INDICATES DATA IS MISSING.
T  INDICATES TRACE AMOUNT.

$$
