000
CDUS44 KJAN 300724
CLIJAN


CLIMATE REPORT
NATIONAL WEATHER SERVICE JACKSON MS
223 AM CDT SAT JUL 30 2016


...................................

...THE JACKSON CLIMATE SUMMARY FOR JULY 29 2016...

CLIMATE NORMAL PERIOD 1981 TO 2010
CLIMATE RECORD PERIOD 1896 TO 2016


WEATHER ITEM   OBSERVED TIME   RECORD YEAR NORMAL DEPARTURE LAST
                VALUE   (LST)  VALUE       VALUE  FROM      YEAR
                                                  NORMAL
..................................................................
TEMPERATURE (F)
 YESTERDAY
  MAXIMUM         91    338 PM 107    1930  92     -1      101
  MINIMUM         73    621 AM  61    1994  72      1       77
  AVERAGE         82                        82      0       89

PRECIPITATION (IN)
  YESTERDAY        T             1.76 2009   0.16  -0.16     0.00
  MONTH TO DATE    7.00                      4.51   2.49     1.39
  SINCE JUN 1     10.03                      8.63   1.40     7.83
  SINCE JAN 1     42.48                     32.74   9.74    36.11

SNOWFALL (IN)
  YESTERDAY        0.0           0.0  2002   0.0    0.0      0.0
                                      2001
  MONTH TO DATE    0.0                       0.0    0.0      0.0
  SINCE JUN 1      0.0                       0.0    0.0      0.0
  SINCE JUL 1      0.0                       0.0    0.0      0.0

DEGREE DAYS
 HEATING
  YESTERDAY        0                         0      0        0
  MONTH TO DATE    0                         0      0        0
  SINCE JUN 1      0                         0      0        0
  SINCE JUL 1      0                         0      0        0

 COOLING
  YESTERDAY       17                        17      0       24
  MONTH TO DATE  560                       486     74      574
  SINCE JUN 1   1076                       908    168     1056
  SINCE JAN 1   1464                      1266    198     1509
..................................................................


WIND (MPH)
  HIGHEST WIND SPEED    14   HIGHEST WIND DIRECTION     W (280)
  HIGHEST GUST SPEED    17   HIGHEST GUST DIRECTION     W (280)
  AVERAGE WIND SPEED     5.1


SKY COVER
  POSSIBLE SUNSHINE  MM
  AVERAGE SKY COVER 0.4


WEATHER CONDITIONS
 THE FOLLOWING WEATHER WAS RECORDED YESTERDAY.
  LIGHT RAIN


RELATIVE HUMIDITY (PERCENT)
 HIGHEST    93          1200 AM
 LOWEST     56           200 PM
 AVERAGE    75

..........................................................


THE JACKSON CLIMATE NORMALS FOR TODAY
                         NORMAL    RECORD    YEAR
 MAXIMUM TEMPERATURE (F)   92       104      1930
 MINIMUM TEMPERATURE (F)   72        59      2014


SUNRISE AND SUNSET
JULY 30 2016..........SUNRISE   614 AM CDT   SUNSET   759 PM CDT
JULY 31 2016..........SUNRISE   615 AM CDT   SUNSET   758 PM CDT


-  INDICATES NEGATIVE NUMBERS.
R  INDICATES RECORD WAS SET OR TIED.
MM INDICATES DATA IS MISSING.
T  INDICATES TRACE AMOUNT.

&&

AT 2 AM:

THE PEARL RIVER STAGE AT JACKSON WAS 3.7 FEET. THE RIVER FELL 0.3
FEET OVER THE PAST 24 HOURS.

THE MISSISSIPPI RIVER STAGE AT VICKSBURG WAS 17.9 FEET. THE RIVER
REMAINED STEADY OVER THE PAST 24 HOURS.

$$
