000
CDUS44 KJAN 230639
CLIJAN


CLIMATE REPORT
NATIONAL WEATHER SERVICE JACKSON MS
136 AM CDT FRI JUN 23 2017


...................................

...THE JACKSON CLIMATE SUMMARY FOR JUNE 22 2017...

CLIMATE NORMAL PERIOD 1981 TO 2010
CLIMATE RECORD PERIOD 1896 TO 2017


WEATHER ITEM   OBSERVED TIME   RECORD YEAR NORMAL DEPARTURE LAST
                VALUE   (LST)  VALUE       VALUE  FROM      YEAR
                                                  NORMAL
..................................................................
TEMPERATURE (F)
 YESTERDAY
  MAXIMUM         90   1255 PM 101    1969  91     -1       93
  MINIMUM         76    502 AM  57    1976  70      6       73
  AVERAGE         83                        80      3       83

PRECIPITATION (IN)
  YESTERDAY        0.28          2.50 1957   0.15   0.13     0.01
  MONTH TO DATE    7.04                      2.94   4.10     1.98
  SINCE JUN 1      7.04                      2.94   4.10     1.98
  SINCE JAN 1     38.53                     27.05  11.48    34.43

SNOWFALL (IN)
  YESTERDAY        0.0           0.0    MM   0.0    0.0      0.0
  MONTH TO DATE    0.0                       0.0    0.0      0.0
  SINCE JUN 1      0.0                       0.0    0.0      0.0
  SINCE JUL 1      0.8                       0.8    0.0       T

DEGREE DAYS
 HEATING
  YESTERDAY        0                         0      0        0
  MONTH TO DATE    0                         0      0        0
  SINCE JUN 1      0                         0      0        0
  SINCE JUL 1   1328                      2391  -1063     1587

 COOLING
  YESTERDAY       18                        15      3       18
  MONTH TO DATE  273                       295    -22      361
  SINCE JUN 1    273                       295    -22      361
  SINCE JAN 1    769                       653    116      749
..................................................................


WIND (MPH)
  HIGHEST WIND SPEED    31   HIGHEST WIND DIRECTION     S (170)
  HIGHEST GUST SPEED    39   HIGHEST GUST DIRECTION     S (180)
  AVERAGE WIND SPEED    14.0


SKY COVER
  POSSIBLE SUNSHINE  MM
  AVERAGE SKY COVER 0.5


WEATHER CONDITIONS
 THE FOLLOWING WEATHER WAS RECORDED YESTERDAY.
  HEAVY RAIN
  RAIN
  LIGHT RAIN
  FOG


RELATIVE HUMIDITY (PERCENT)
 HIGHEST    94          1200 AM
 LOWEST     59           100 PM
 AVERAGE    77

..........................................................


THE JACKSON CLIMATE NORMALS FOR TODAY
                         NORMAL    RECORD    YEAR
 MAXIMUM TEMPERATURE (F)   91       101      1897
 MINIMUM TEMPERATURE (F)   70        56      1992
                                             1902


SUNRISE AND SUNSET
JUNE 23 2017..........SUNRISE   555 AM CDT   SUNSET   811 PM CDT
JUNE 24 2017..........SUNRISE   555 AM CDT   SUNSET   811 PM CDT


-  INDICATES NEGATIVE NUMBERS.
R  INDICATES RECORD WAS SET OR TIED.
MM INDICATES DATA IS MISSING.
T  INDICATES TRACE AMOUNT.

&&

AT 2 AM:

THE PEARL RIVER STAGE AT JACKSON WAS 22.6 FEET. THE RIVER ROSE 0.1 FEET
OVER THE PAST 24 HOURS.

THE MISSISSIPPI RIVER STAGE AT VICKSBURG WAS 32.3 FEET. THE RIVER FELL
1.2 FEET OVER THE PAST 24 HOURS.

$$


$$
