000
CDUS44 KJAN 290810
CLIJAN


CLIMATE REPORT
NATIONAL WEATHER SERVICE JACKSON MS
308 AM CDT THU SEP 29 2016


...................................

...THE JACKSON CLIMATE SUMMARY FOR SEPTEMBER 28 2016...

CLIMATE NORMAL PERIOD 1981 TO 2010
CLIMATE RECORD PERIOD 1896 TO 2016


WEATHER ITEM   OBSERVED TIME   RECORD YEAR NORMAL DEPARTURE LAST
                VALUE   (LST)  VALUE       VALUE  FROM      YEAR
                                                  NORMAL
..................................................................
TEMPERATURE (F)
 YESTERDAY
  MAXIMUM         88    258 PM  99    1953  83      5       85
  MINIMUM         59    617 AM  41    1967  60     -1       72
  AVERAGE         74                        71      3       79

PRECIPITATION (IN)
  YESTERDAY        0.00          2.00 1902   0.11  -0.11     0.01
  MONTH TO DATE    0.33                      2.81  -2.48     0.78
  SINCE SEP 1      0.33                      2.81  -2.48     0.78
  SINCE JAN 1     53.53                     40.09  13.44    37.39

SNOWFALL (IN)
  YESTERDAY        0.0           0.0  2002   0.0    0.0      0.0
                                      2001
  MONTH TO DATE    0.0                       0.0    0.0      0.0
  SINCE SEP 1      0.0                       0.0    0.0      0.0
  SINCE JUL 1      0.0                       0.0    0.0      0.0

DEGREE DAYS
 HEATING
  YESTERDAY        0                         1     -1        0
  MONTH TO DATE    0                         4     -4        0
  SINCE SEP 1      0                         4     -4        0
  SINCE JUL 1      0                         4     -4        0

 COOLING
  YESTERDAY        9                         7      2       14
  MONTH TO DATE  468                       313    155      391
  SINCE SEP 1    468                       313    155      391
  SINCE JAN 1   2542                      2112    430     2520
..................................................................


WIND (MPH)
  HIGHEST WIND SPEED    12   HIGHEST WIND DIRECTION    NW (300)
  HIGHEST GUST SPEED    15   HIGHEST GUST DIRECTION     W (250)
  AVERAGE WIND SPEED     3.0


SKY COVER
  POSSIBLE SUNSHINE  MM
  AVERAGE SKY COVER 0.0


WEATHER CONDITIONS
 THE FOLLOWING WEATHER WAS RECORDED YESTERDAY.
  NO SIGNIFICANT WEATHER WAS OBSERVED.


RELATIVE HUMIDITY (PERCENT)
 HIGHEST    90           400 AM
 LOWEST     24           200 PM
 AVERAGE    57

..........................................................


THE JACKSON CLIMATE NORMALS FOR TODAY
                         NORMAL    RECORD    YEAR
 MAXIMUM TEMPERATURE (F)   83        99      1953
 MINIMUM TEMPERATURE (F)   59        35      1967


SUNRISE AND SUNSET
SEPTEMBER 29 2016.....SUNRISE   653 AM CDT   SUNSET   647 PM CDT
SEPTEMBER 30 2016.....SUNRISE   654 AM CDT   SUNSET   646 PM CDT


-  INDICATES NEGATIVE NUMBERS.
R  INDICATES RECORD WAS SET OR TIED.
MM INDICATES DATA IS MISSING.
T  INDICATES TRACE AMOUNT.

AT 1 AM:

THE PEARL RIVER STAGE AT JACKSON WAS 3.5 FEET. THE RIVER HAS REMAINED
STEADY OVER THE PAST 24 HOURS.

THE MISSISSIPPI RIVER STAGE AT VICKSBURG WAS 21.4 FEET. THE RIVER
HAS FALLEN 0.4 FEET OVER THE PAST 24 HOURS.


$$
