000
CDUS44 KJAN 300914
CLIJAN


CLIMATE REPORT
NATIONAL WEATHER SERVICE JACKSON MS
405 AM CDT MON MAR 30 2015


...................................

...THE JACKSON CLIMATE SUMMARY FOR MARCH 29 2015...

CLIMATE NORMAL PERIOD 1981 TO 2010
CLIMATE RECORD PERIOD 1896 TO 2015


WEATHER ITEM   OBSERVED TIME   RECORD YEAR NORMAL DEPARTURE LAST
                VALUE   (LST)  VALUE       VALUE  FROM      YEAR
                                                  NORMAL
..................................................................
TEMPERATURE (F)
 YESTERDAY
  MAXIMUM         79    415 PM  88    1974  72      7       65
                                      1928
  MINIMUM         42   1227 AM  30    1930  48     -6       44
  AVERAGE         61                        60      1       55

PRECIPITATION (IN)
  YESTERDAY        0.00          3.83 1991   0.17  -0.17     0.22
  MONTH TO DATE    7.27                      4.69   2.58     5.65
  SINCE MAR 1      7.27                      4.69   2.58     5.65
  SINCE JAN 1     17.47                     14.42   3.05    12.70

SNOWFALL (IN)
  YESTERDAY        0.0           0.0    MM   0.0    0.0      0.0
  MONTH TO DATE    0.3                       0.1    0.2       T
  SINCE MAR 1      0.3                       0.1    0.2       T
  SINCE JUL 1      0.3                       0.8   -0.5      0.8

DEGREE DAYS
 HEATING
  YESTERDAY        4                         6     -2       10
  MONTH TO DATE  195                       266    -71      329
  SINCE MAR 1    195                       266    -71      329
  SINCE JUL 1   2321                      2258     63     2595

 COOLING
  YESTERDAY        0                         1     -1        0
  MONTH TO DATE   28                        26      2        4
  SINCE MAR 1     28                        26      2        4
  SINCE JAN 1     28                        36     -8       10
..................................................................


WIND (MPH)
  HIGHEST WIND SPEED    21   HIGHEST WIND DIRECTION     S (180)
  HIGHEST GUST SPEED    28   HIGHEST GUST DIRECTION     S (190)
  AVERAGE WIND SPEED    11.2


SKY COVER
  POSSIBLE SUNSHINE  MM
  AVERAGE SKY COVER 0.5


WEATHER CONDITIONS
 THE FOLLOWING WEATHER WAS RECORDED YESTERDAY.
  NO SIGNIFICANT WEATHER WAS OBSERVED.


RELATIVE HUMIDITY (PERCENT)
 HIGHEST    84          1100 PM
 LOWEST     39           300 PM
 AVERAGE    62

..........................................................


THE JACKSON CLIMATE NORMALS FOR TODAY
                         NORMAL    RECORD    YEAR
 MAXIMUM TEMPERATURE (F)   72        88      1946
                                             1914
 MINIMUM TEMPERATURE (F)   48        30      1964


SUNRISE AND SUNSET
MARCH 30 2015.........SUNRISE   651 AM CDT   SUNSET   719 PM CDT
MARCH 31 2015.........SUNRISE   650 AM CDT   SUNSET   719 PM CDT


-  INDICATES NEGATIVE NUMBERS.
R  INDICATES RECORD WAS SET OR TIED.
MM INDICATES DATA IS MISSING.
T  INDICATES TRACE AMOUNT.

&&

AT 4 AM:

THE PEARL RIVER STAGE AT JACKSON WAS AT 15.4 FEET. THE RIVER HAS FALLEN
1.7 FEET OVER THE LAST 24 HOURS.

THE MISSISSIPPI RIVER STAGE AT VICKSBURG WAS 42.7 FEET. THE RIVER HAS RISEN
0.2 FEET OVER THE LAST 24 HOURS.



$$
