000
CDUS44 KJAN 140633
CLIJAN


CLIMATE REPORT
NATIONAL WEATHER SERVICE JACKSON MS
1231 AM CST SUN FEB 14 2016


...................................

...THE JACKSON CLIMATE SUMMARY FOR FEBRUARY 13 2016...

CLIMATE NORMAL PERIOD 1981 TO 2010
CLIMATE RECORD PERIOD 1896 TO 2016


WEATHER ITEM   OBSERVED TIME   RECORD YEAR NORMAL DEPARTURE LAST
                VALUE   (LST)  VALUE       VALUE  FROM      YEAR
                                                  NORMAL
..................................................................
TEMPERATURE (F)
 YESTERDAY
  MAXIMUM         53    429 PM  82    1962  60     -7       51
                                      1949
  MINIMUM         37    708 AM  11    1905  38     -1       27
  AVERAGE         45                        49     -4       39

PRECIPITATION (IN)
  YESTERDAY        0.00          3.57 1950   0.17  -0.17     0.00
  MONTH TO DATE    5.15                      2.25   2.90     0.58
  SINCE DEC 1     14.39                     12.37   2.02     9.23
  SINCE JAN 1      8.52                      7.22   1.30     5.30

SNOWFALL (IN)
  YESTERDAY        0.0           6.0  1960   0.0    0.0      0.0
  MONTH TO DATE    0.0                       0.1   -0.1      0.0
  SINCE DEC 1      T                         0.7   -0.7      0.0
  SINCE JUL 1      T                         0.7   -0.7      0.0

DEGREE DAYS
 HEATING
  YESTERDAY       20                        16      4       26
  MONTH TO DATE  211                       225    -14      240
  SINCE DEC 1   1048                      1369   -321     1275
  SINCE JUL 1   1240                      1777   -537     1775

 COOLING
  YESTERDAY        0                         0      0        0
  MONTH TO DATE    5                         0      5        0
  SINCE DEC 1     74                        12     62        2
  SINCE JAN 1      5                         4      1        0
..................................................................


WIND (MPH)
  HIGHEST WIND SPEED    18   HIGHEST WIND DIRECTION     N (10)
  HIGHEST GUST SPEED    24   HIGHEST GUST DIRECTION    NE (40)
  AVERAGE WIND SPEED     9.2


SKY COVER
  POSSIBLE SUNSHINE  MM
  AVERAGE SKY COVER 0.0


WEATHER CONDITIONS
 THE FOLLOWING WEATHER WAS RECORDED YESTERDAY.
  NO SIGNIFICANT WEATHER WAS OBSERVED.


RELATIVE HUMIDITY (PERCENT)
 HIGHEST    64           700 AM
 LOWEST     22           200 PM
 AVERAGE    43

..........................................................


THE JACKSON CLIMATE NORMALS FOR TODAY
                         NORMAL    RECORD    YEAR
 MAXIMUM TEMPERATURE (F)   60        82      1990
                                             1989
 MINIMUM TEMPERATURE (F)   38        10      1960
                                             1905


SUNRISE AND SUNSET
FEBRUARY 14 2016......SUNRISE   644 AM CST   SUNSET   545 PM CST
FEBRUARY 15 2016......SUNRISE   643 AM CST   SUNSET   546 PM CST


-  INDICATES NEGATIVE NUMBERS.
R  INDICATES RECORD WAS SET OR TIED.
MM INDICATES DATA IS MISSING.
T  INDICATES TRACE AMOUNT.

&&

AT 1 AM:

THE PEARL RIVER STAGE AT JACKSON WAS 20.3 FEET. THE RIVER HAS
FALLEN 3.2 FEET IN THE LAST 24 HOURS.

THE MISSISSIPPI RIVER STAGE AT VICKSBURG WAS 36.6 FEET. THE RIVER
HAS RISEN 0.3 FEET OVER THE PAST 24 HOURS.



$$
