000
CDUS44 KJAN 200917
CLIJAN

CLIMATE REPORT
NATIONAL WEATHER SERVICE JACKSON MS
410 AM CDT SAT SEP 20 2014

...................................

...THE JACKSON CLIMATE SUMMARY FOR SEPTEMBER 19 2014...

CLIMATE NORMAL PERIOD 1981 TO 2010
CLIMATE RECORD PERIOD 1896 TO 2014


WEATHER ITEM   OBSERVED TIME   RECORD YEAR NORMAL DEPARTURE LAST
                VALUE   (LST)  VALUE       VALUE  FROM      YEAR
                                                  NORMAL
..................................................................
TEMPERATURE (F)
 YESTERDAY
  MAXIMUM         90    308 PM 105    1925  86      4       94
  MINIMUM         66    602 AM  43    1981  64      2       72
  AVERAGE         78                        75      3       83

PRECIPITATION (IN)
  YESTERDAY        T             1.94 1899   0.09  -0.09     0.00
  MONTH TO DATE    1.72                      1.88  -0.16     0.27
  SINCE SEP 1      1.72                      1.88  -0.16     0.27
  SINCE JAN 1     45.40                     39.16   6.24    43.93

SNOWFALL (IN)
  YESTERDAY        0.0           0.0  2002   0.0    0.0      0.0
                                      2001
  MONTH TO DATE    0.0                       0.0    0.0      0.0
  SINCE SEP 1      0.0                       0.0    0.0      0.0
  SINCE JUL 1      0.0                       0.0    0.0      0.0

DEGREE DAYS
 HEATING
  YESTERDAY        0                         0      0        0
  MONTH TO DATE    0                         0      0        0
  SINCE SEP 1      0                         0      0        0
  SINCE JUL 1      0                         0      0        0

 COOLING
  YESTERDAY       13                        10      3       18
  MONTH TO DATE  294                       238     56      324
  SINCE SEP 1    294                       238     56      324
  SINCE JAN 1   2024                      2037    -13     2088
..................................................................


WIND (MPH)
  HIGHEST WIND SPEED    12   HIGHEST WIND DIRECTION     N (10)
  HIGHEST GUST SPEED    15   HIGHEST GUST DIRECTION     N (10)
  AVERAGE WIND SPEED     2.7


SKY COVER
  POSSIBLE SUNSHINE  MM
  AVERAGE SKY COVER 0.2


WEATHER CONDITIONS
 THE FOLLOWING WEATHER WAS RECORDED YESTERDAY.
  LIGHT RAIN


RELATIVE HUMIDITY (PERCENT)
 HIGHEST   100           400 AM
 LOWEST     47           400 PM
 AVERAGE    74

..........................................................


THE JACKSON CLIMATE NORMALS FOR TODAY
                         NORMAL    RECORD    YEAR
 MAXIMUM TEMPERATURE (F)   86       104      1925
 MINIMUM TEMPERATURE (F)   63        44      1938


SUNRISE AND SUNSET
SEPTEMBER 20 2014.....SUNRISE   647 AM CDT   SUNSET   700 PM CDT
SEPTEMBER 21 2014.....SUNRISE   648 AM CDT   SUNSET   658 PM CDT


-  INDICATES NEGATIVE NUMBERS.
R  INDICATES RECORD WAS SET OR TIED.
MM INDICATES DATA IS MISSING.
T  INDICATES TRACE AMOUNT.

&&

AT 4 AM:

THE PEARL RIVER STAGE AT JACKSON WAS 3.8 FEET. THE RIVER HAS REMAINED STEADY
OVER THE PAST 24 HOURS.

THE MISSISSIPPI RIVER STAGE AT VICKSBURG WAS 19.2 FEET. THE RIVER
HAS RISEN 1.4 FEET OVER THE PAST 24 HOURS.

$$
