000
CDUS44 KJAN 102138
CLIJAN


CLIMATE REPORT
NATIONAL WEATHER SERVICE JACKSON MS
436 PM CDT THU JUL 10 2014


...................................

...THE JACKSON CLIMATE SUMMARY FOR JULY 10 2014...
VALID TODAY AS OF 0400 PM LOCAL TIME.

CLIMATE NORMAL PERIOD 1981 TO 2010
CLIMATE RECORD PERIOD 1896 TO 2014


WEATHER ITEM   OBSERVED TIME   RECORD YEAR NORMAL DEPARTURE LAST
                VALUE   (LST)  VALUE       VALUE  FROM      YEAR
                                                  NORMAL
..................................................................
TEMPERATURE (F)
 TODAY
  MAXIMUM         91    244 PM 102    2011  92     -1       94
  MINIMUM         71    732 AM  60    1947  72     -1       74
                                      1918
  AVERAGE         81                        82     -1       84

PRECIPITATION (IN)
  TODAY            0.36          1.51 1898   0.15   0.21     0.00
  MONTH TO DATE    0.44                      1.56  -1.12     0.01
  SINCE JUN 1      6.87                      5.68   1.19     4.99
  SINCE JAN 1     38.47                     29.79   8.68    38.05

SNOWFALL (IN)
  TODAY            0.0           0.0  2002   0.0    0.0      0.0
                                      2001
  MONTH TO DATE    0.0                       0.0    0.0      0.0
  SINCE JUN 1      0.0                       0.0    0.0      0.0
  SINCE JUL 1      0.0                       0.0    0.0      0.0

DEGREE DAYS
 HEATING
  TODAY            0                         0      0        0
  MONTH TO DATE    0                         0      0        0
  SINCE JUN 1      0                         0      0        0
  SINCE JUL 1      0                         0      0        0

 COOLING
  TODAY           16                        17     -1       19
  MONTH TO DATE  146                       163    -17      144
  SINCE JUN 1    589                       585      4      591
  SINCE JAN 1    920                       943    -23      909
..................................................................


WIND (MPH)
  HIGHEST WIND SPEED    20   HIGHEST WIND DIRECTION     N (350)
  HIGHEST GUST SPEED    24   HIGHEST GUST DIRECTION     N (340)
  AVERAGE WIND SPEED     4.3


SKY COVER
  POSSIBLE SUNSHINE  MM
  AVERAGE SKY COVER 0.8


WEATHER CONDITIONS
 THE FOLLOWING WEATHER WAS RECORDED TODAY.
  THUNDERSTORM
  RAIN
  LIGHT RAIN
  FOG


RELATIVE HUMIDITY (PERCENT)
 HIGHEST    94          1200 AM
 LOWEST     56           200 PM
 AVERAGE    75

..........................................................


THE JACKSON CLIMATE NORMALS FOR TOMORROW
                         NORMAL    RECORD    YEAR
 MAXIMUM TEMPERATURE (F)   92       104      1930
 MINIMUM TEMPERATURE (F)   72        61      1947


SUNRISE AND SUNSET
JULY 10 2014..........SUNRISE   601 AM CDT   SUNSET   810 PM CDT
JULY 11 2014..........SUNRISE   602 AM CDT   SUNSET   810 PM CDT


-  INDICATES NEGATIVE NUMBERS.
R  INDICATES RECORD WAS SET OR TIED.
MM INDICATES DATA IS MISSING.
T  INDICATES TRACE AMOUNT.

&&

AT 4 PM:

THE PEARL RIVER STAGE AT JACKSON WAS 6.1 FEET. THE RIVER HAS
RISEN 2.2 FEET OVER THE PAST 24 HOURS.

THE MISSISSIPPI RIVER STAGE AT VICKSBURG WAS 28.6 FEET. THE RIVER
HAS FALLEN 0.4 FEET OVER THE PAST 24 HOURS.

THE AIR QUALITY INDEX AT JACKSON WAS 64...WHICH IS MODERATE.

$$
