000
CDUS44 KJAN 222212
CLIJAN


CLIMATE REPORT
NATIONAL WEATHER SERVICE JACKSON MS
405 PM CST THU FEB 22 2018


...................................

...THE JACKSON CLIMATE SUMMARY FOR FEBRUARY 22 2018...
VALID TODAY AS OF 0400 PM LOCAL TIME.

CLIMATE NORMAL PERIOD 1981 TO 2010
CLIMATE RECORD PERIOD 1896 TO 2018


WEATHER ITEM   OBSERVED TIME   RECORD YEAR NORMAL DEPARTURE LAST
                VALUE   (LST)  VALUE       VALUE  FROM      YEAR
                                                  NORMAL
..................................................................
TEMPERATURE (F)
 TODAY
  MAXIMUM         84R   259 PM  82    1980  62     22       75
                                      1909
  MINIMUM         70    727 AM  16    1978  40     30       46
  AVERAGE         77                        51     26       61

PRECIPITATION (IN)
  TODAY            0.00          2.04 1950   0.17  -0.17     0.00
  MONTH TO DATE    7.12                      3.78   3.34     1.09
  SINCE DEC 1     13.87                     13.90  -0.03    14.73
  SINCE JAN 1     10.20                      8.75   1.45     8.99

SNOWFALL (IN)
  TODAY            0.0           0.0    MM   0.0    0.0      0.0
  MONTH TO DATE    0.0                       0.1   -0.1      0.0
  SINCE DEC 1      5.9                       0.7    5.2      0.8
  SINCE JUL 1      5.9                       0.7    5.2      0.8

DEGREE DAYS
 HEATING
  TODAY            0                        14    -14        4
  MONTH TO DATE  201                       359   -158      156
  SINCE DEC 1   1399                      1503   -104      880
  SINCE JUL 1   1658                      1911   -253     1084

 COOLING
  TODAY           12                         0     12        0
  MONTH TO DATE   44                         0     44       22
  SINCE DEC 1     55                        12     43       75
  SINCE JAN 1     44                         4     40       45
..................................................................


WIND (MPH)
  HIGHEST WIND SPEED    21   HIGHEST WIND DIRECTION     S (160)
  HIGHEST GUST SPEED    28   HIGHEST GUST DIRECTION    SE (150)
  AVERAGE WIND SPEED    14.1


SKY COVER
  POSSIBLE SUNSHINE  MM
  AVERAGE SKY COVER 0.7


WEATHER CONDITIONS
 THE FOLLOWING WEATHER WAS RECORDED TODAY.
  NO SIGNIFICANT WEATHER WAS OBSERVED.


RELATIVE HUMIDITY (PERCENT)
 HIGHEST   100           400 AM
 LOWEST     47           300 PM
 AVERAGE    74

..........................................................


THE JACKSON CLIMATE NORMALS FOR TOMORROW
                         NORMAL    RECORD    YEAR
 MAXIMUM TEMPERATURE (F)   63        84      2012
 MINIMUM TEMPERATURE (F)   40        17      1964


SUNRISE AND SUNSET
FEBRUARY 22 2018......SUNRISE   636 AM CST   SUNSET   552 PM CST
FEBRUARY 23 2018......SUNRISE   635 AM CST   SUNSET   553 PM CST


-  INDICATES NEGATIVE NUMBERS.
R  INDICATES RECORD WAS SET OR TIED.
MM INDICATES DATA IS MISSING.
T  INDICATES TRACE AMOUNT.

AT 4 PM:

THE PEARL RIVER STAGE AT JACKSON WAS 13.6 FEET. THE RIVER HAS
RISEN 1.3 FEET OVER THE PAST 24 HOURS.

THE MISSISSIPPI RIVER STAGE AT VICKSBURG WAS 33.9 FEET. THE RIVER
HAS RISEN 1.2 FEET OVER THE PAST 24 HOURS.

THE AIR QUALITY INDEX IN JACKSON WAS 40...WHICH IS GOOD.


$$
