000
CDUS44 KJAN 190636
CLIJAN


CLIMATE REPORT
NATIONAL WEATHER SERVICE JACKSON MS
134 AM CDT SAT AUG 19 2017


...................................

...THE JACKSON CLIMATE SUMMARY FOR AUGUST 18 2017...

CLIMATE NORMAL PERIOD 1981 TO 2010
CLIMATE RECORD PERIOD 1896 TO 2017


WEATHER ITEM   OBSERVED TIME   RECORD YEAR NORMAL DEPARTURE LAST
                VALUE   (LST)  VALUE       VALUE  FROM      YEAR
                                                  NORMAL
..................................................................
TEMPERATURE (F)
 YESTERDAY
  MAXIMUM         93    133 PM 105    1909  92      1       93
                                      1902
  MINIMUM         75    519 AM  60    1992  71      4       73
  AVERAGE         84                        81      3       83

PRECIPITATION (IN)
  YESTERDAY        0.22          2.91 1969   0.13   0.09     0.37
  MONTH TO DATE    5.44                      2.69   2.75     6.14
  SINCE JUN 1     21.12                     11.62   9.50    17.47
  SINCE JAN 1     52.61                     35.73  16.88    49.92

SNOWFALL (IN)
  YESTERDAY        0.0           0.0  2002   0.0    0.0      0.0
                                      2001
  MONTH TO DATE    0.0                       0.0    0.0      0.0
  SINCE JUN 1      0.0                       0.0    0.0      0.0
  SINCE JUL 1      0.0                       0.0    0.0      0.0

DEGREE DAYS
 HEATING
  YESTERDAY        0                         0      0        0
  MONTH TO DATE    0                         0      0        0
  SINCE JUN 1      0                         0      0        0
  SINCE JUL 1      0                         0      0        0

 COOLING
  YESTERDAY       19                        16      3       18
  MONTH TO DATE  298                       303     -5      335
  SINCE JUN 1   1233                      1240     -7     1444
  SINCE JAN 1   1729                      1598    131     1832
..................................................................


WIND (MPH)
  HIGHEST WIND SPEED    21   HIGHEST WIND DIRECTION     N (360)
  HIGHEST GUST SPEED    31   HIGHEST GUST DIRECTION     N (350)
  AVERAGE WIND SPEED     4.8


SKY COVER
  POSSIBLE SUNSHINE  MM
  AVERAGE SKY COVER 0.4


WEATHER CONDITIONS
 THE FOLLOWING WEATHER WAS RECORDED YESTERDAY.
  THUNDERSTORM
  HEAVY RAIN
  LIGHT RAIN


RELATIVE HUMIDITY (PERCENT)
 HIGHEST   100           200 AM
 LOWEST     68          1200 PM
 AVERAGE    84

..........................................................


THE JACKSON CLIMATE NORMALS FOR TODAY
                         NORMAL    RECORD    YEAR
 MAXIMUM TEMPERATURE (F)   92       104      1999
 MINIMUM TEMPERATURE (F)   71        61      1943


SUNRISE AND SUNSET
AUGUST 19 2017........SUNRISE   627 AM CDT   SUNSET   740 PM CDT
AUGUST 20 2017........SUNRISE   628 AM CDT   SUNSET   739 PM CDT


-  INDICATES NEGATIVE NUMBERS.
R  INDICATES RECORD WAS SET OR TIED.
MM INDICATES DATA IS MISSING.
T  INDICATES TRACE AMOUNT.

&&

AT 1 AM:

THE PEARL RIVER STAGE AT JACKSON WAS 5.2 FEET. THE RIVER FELL 1.5 FEET
OVER THE PAST 24 HOURS.

THE MISSISSIPPI RIVER STAGE AT VICKSBURG WAS 19.8 FEET. THE RIVER ROSE 0.8
FEET OVER THE PAST 24 HOURS.



$$
