000
CDUS44 KJAN 242216
CLIJAN


CLIMATE REPORT
NATIONAL WEATHER SERVICE JACKSON MS
413 PM CST MON NOV 24 2014


...................................

...THE JACKSON CLIMATE SUMMARY FOR NOVEMBER 24 2014...
VALID TODAY AS OF 0400 PM LOCAL TIME.

CLIMATE NORMAL PERIOD 1981 TO 2010
CLIMATE RECORD PERIOD 1896 TO 2014


WEATHER ITEM   OBSERVED TIME   RECORD YEAR NORMAL DEPARTURE LAST
                VALUE   (LST)  VALUE       VALUE  FROM      YEAR
                                                  NORMAL
..................................................................
TEMPERATURE (F)
 TODAY
  MAXIMUM         64   1246 AM  86    1921  64      0       48
  MINIMUM         53    811 AM  19    1970  42     11       32
  AVERAGE         59                        53      6       40

PRECIPITATION (IN)
  TODAY            0.00          1.89 1986   0.16  -0.16     0.00
  MONTH TO DATE    3.88                      3.66   0.22     1.67
  SINCE SEP 1      8.58                     10.61  -2.03    11.14
  SINCE JAN 1     52.26                     47.89   4.37    54.80

SNOWFALL (IN)
  TODAY            0.0           0.2  1938   0.0    0.0      0.0
  MONTH TO DATE    0.0                       0.0    0.0      0.0
  SINCE SEP 1      0.0                       0.0    0.0      0.0
  SINCE JUL 1      0.0                       0.0    0.0      0.0

DEGREE DAYS
 HEATING
  TODAY            6                        12     -6       25
  MONTH TO DATE  341                       221    120      228
  SINCE SEP 1    404                       328     76      310
  SINCE JUL 1    404                       328     76      310

 COOLING
  TODAY            0                         0      0        0
  MONTH TO DATE    3                        21    -18       15
  SINCE SEP 1    551                       453     98      583
  SINCE JAN 1   2281                      2252     29     2347
..................................................................


WIND (MPH)
  HIGHEST WIND SPEED    17   HIGHEST WIND DIRECTION    NW (300)
  HIGHEST GUST SPEED    26   HIGHEST GUST DIRECTION    NW (320)
  AVERAGE WIND SPEED     9.7


SKY COVER
  POSSIBLE SUNSHINE  MM
  AVERAGE SKY COVER 0.3


WEATHER CONDITIONS
 THE FOLLOWING WEATHER WAS RECORDED TODAY.
  NO SIGNIFICANT WEATHER WAS OBSERVED.


RELATIVE HUMIDITY (PERCENT)
 HIGHEST    93          1200 AM
 LOWEST     34           300 PM
 AVERAGE    64

..........................................................


THE JACKSON CLIMATE NORMALS FOR TOMORROW
                         NORMAL    RECORD    YEAR
 MAXIMUM TEMPERATURE (F)   64        84      1908
 MINIMUM TEMPERATURE (F)   41        18      1950


SUNRISE AND SUNSET
NOVEMBER 24 2014......SUNRISE   638 AM CST   SUNSET   456 PM CST
NOVEMBER 25 2014......SUNRISE   639 AM CST   SUNSET   456 PM CST


-  INDICATES NEGATIVE NUMBERS.
R  INDICATES RECORD WAS SET OR TIED.
MM INDICATES DATA IS MISSING.
T  INDICATES TRACE AMOUNT.

&&

AT 4 PM:

THE PEARL RIVER STAGE AT JACKSON WAS 5.0 FEET. THE RIVER HAS FALLEN
2.6 FEET OVER THE PAST 24 HOURS.

THE MISSISSIPPI RIVER STAGE AT VICKSBURG WAS 11.6 FEET. THE RIVER HAS
FALLEN 0.3 FEET OVER THE PAST 24 HOURS.

THE AIR QUALITY INDEX AT JACKSON WAS 24...WHICH IS GOOD.


$$
