000
CDUS42 KJAX 060532
CLIJAX


CLIMATE REPORT
NATIONAL WEATHER SERVICE JACKSONVILLE FL
1231 AM EST SAT FEB 6 2016


...................................

...THE JACKSONVILLE CLIMATE SUMMARY FOR FEBRUARY 5 2016...

CLIMATE NORMAL PERIOD 1981 TO 2010
CLIMATE RECORD PERIOD 1871 TO 2016


WEATHER ITEM   OBSERVED TIME   RECORD YEAR NORMAL DEPARTURE LAST
                VALUE   (LST)  VALUE       VALUE  FROM      YEAR
                                                  NORMAL
..................................................................
TEMPERATURE (F)
 YESTERDAY
  MAXIMUM         56    256 PM  87    1957  67    -11       64
  MINIMUM         38    739 AM  19    1996  43     -5       42
  AVERAGE         47                        55     -8       53

PRECIPITATION (IN)
  YESTERDAY        0.00          2.00 1987   0.10  -0.10     0.87
  MONTH TO DATE    2.88                      0.54   2.34     1.61
  SINCE DEC 1      6.27                      6.64  -0.37     8.43
  SINCE JAN 1      5.71                      3.84   1.87     4.69

SNOWFALL (IN)
  YESTERDAY        0.0           T    1875   0.0    0.0      0.0
  MONTH TO DATE    0.0                       0.0    0.0      0.0
  SINCE DEC 1      0.0                       T      0.0       T
  SINCE JUL 1      0.0                       T      0.0       T
  SNOW DEPTH       0

DEGREE DAYS
 HEATING
  YESTERDAY       18                        11      7       12
  MONTH TO DATE   25                        55    -30       66
  SINCE DEC 1    535                       758   -223      656
  SINCE JUL 1    589                       931   -342      940

 COOLING
  YESTERDAY        0                         0      0        0
  MONTH TO DATE   14                         0     14        0
  SINCE DEC 1    155                        32    123       37
  SINCE JAN 1     14                        11      3       13
..................................................................


WIND (MPH)
  HIGHEST WIND SPEED    21   HIGHEST WIND DIRECTION    NW (310)
  HIGHEST GUST SPEED    28   HIGHEST GUST DIRECTION    NW (300)
  AVERAGE WIND SPEED    10.1


SKY COVER
  POSSIBLE SUNSHINE  MM
  AVERAGE SKY COVER 0.2


WEATHER CONDITIONS
 THE FOLLOWING WEATHER WAS RECORDED YESTERDAY.
  NO SIGNIFICANT WEATHER WAS OBSERVED.


RELATIVE HUMIDITY (PERCENT)
 HIGHEST    86          1000 PM
 LOWEST     46          1100 AM
 AVERAGE    66

..........................................................


THE JACKSONVILLE CLIMATE NORMALS FOR TODAY
                         NORMAL    RECORD    YEAR
 MAXIMUM TEMPERATURE (F)   67        85      2008
                                             1989
 MINIMUM TEMPERATURE (F)   43        23      2009


SUNRISE AND SUNSET
FEBRUARY  6 2016......SUNRISE   715 AM EST   SUNSET   607 PM EST
FEBRUARY  7 2016......SUNRISE   714 AM EST   SUNSET   608 PM EST


-  INDICATES NEGATIVE NUMBERS.
R  INDICATES RECORD WAS SET OR TIED.
MM INDICATES DATA IS MISSING.
T  INDICATES TRACE AMOUNT.




$$
