000
CDUS42 KJAX 210533
CLIJAX


CLIMATE REPORT
NATIONAL WEATHER SERVICE JACKSONVILLE FL
1232 AM EST TUE FEB 21 2017


...................................

...THE JACKSONVILLE CLIMATE SUMMARY FOR FEBRUARY 20 2017...

CLIMATE NORMAL PERIOD 1981 TO 2010
CLIMATE RECORD PERIOD 1871 TO 2017


WEATHER ITEM   OBSERVED TIME   RECORD YEAR NORMAL DEPARTURE LAST
                VALUE   (LST)  VALUE       VALUE  FROM      YEAR
                                                  NORMAL
..................................................................
TEMPERATURE (F)
 YESTERDAY
  MAXIMUM         77    248 PM  86    1961  69      8       75
  MINIMUM         48    656 AM  24    2015  46      2       42
  AVERAGE         63                        57      6       59

PRECIPITATION (IN)
  YESTERDAY        0.00          3.19 1875   0.12  -0.12     0.00
  MONTH TO DATE    0.48                      2.21  -1.73     3.93
  SINCE DEC 1      6.82                      8.31  -1.49     7.32
  SINCE JAN 1      4.53                      5.51  -0.98     6.76

SNOWFALL (IN)
  YESTERDAY        0.0           0.0  2002   0.0    0.0      0.0
  MONTH TO DATE    0.0                       0.0    0.0      0.0
  SINCE DEC 1      0.0                       T      0.0      0.0
  SINCE JUL 1      0.0                       T      0.0      0.0
  SNOW DEPTH       0

DEGREE DAYS
 HEATING
  YESTERDAY        2                         8     -6        6
  MONTH TO DATE   95                       195   -100      220
  SINCE DEC 1    462                       898   -436      730
  SINCE JUL 1    592                      1071   -479      784

 COOLING
  YESTERDAY        0                         1     -1        0
  MONTH TO DATE   11                        15     -4       14
  SINCE DEC 1     90                        47     43      155
  SINCE JAN 1     47                        26     21       14
..................................................................


WIND (MPH)
  HIGHEST WIND SPEED    15   HIGHEST WIND DIRECTION    NE (60)
  HIGHEST GUST SPEED    MM   HIGHEST GUST DIRECTION    MM
  AVERAGE WIND SPEED     4.3


SKY COVER
  POSSIBLE SUNSHINE  MM
  AVERAGE SKY COVER 0.6


WEATHER CONDITIONS
 THE FOLLOWING WEATHER WAS RECORDED YESTERDAY.
  FOG
  FOG W/VISIBILITY <= 1/4 MILE


RELATIVE HUMIDITY (PERCENT)
 HIGHEST   100          1200 AM
 LOWEST     43           100 PM
 AVERAGE    72

..........................................................


THE JACKSONVILLE CLIMATE NORMALS FOR TODAY
                         NORMAL    RECORD    YEAR
 MAXIMUM TEMPERATURE (F)   69        85      1997
                                             1991
                                             1953
 MINIMUM TEMPERATURE (F)   46        25      1958


SUNRISE AND SUNSET
FEBRUARY 21 2017......SUNRISE   701 AM EST   SUNSET   620 PM EST
FEBRUARY 22 2017......SUNRISE   700 AM EST   SUNSET   621 PM EST


-  INDICATES NEGATIVE NUMBERS.
R  INDICATES RECORD WAS SET OR TIED.
MM INDICATES DATA IS MISSING.
T  INDICATES TRACE AMOUNT.




$$
