000
CDUS42 KJAX 250531
CLIJAX


CLIMATE REPORT
NATIONAL WEATHER SERVICE JACKSONVILLE FL
1231 AM EST THU DEC 25 2014


...................................

...THE JACKSONVILLE CLIMATE SUMMARY FOR DECEMBER 24 2014...

CLIMATE NORMAL PERIOD 1981 TO 2010
CLIMATE RECORD PERIOD 1871 TO 2014


WEATHER ITEM   OBSERVED TIME   RECORD YEAR NORMAL DEPARTURE LAST
                VALUE   (LST)  VALUE       VALUE  FROM      YEAR
                                                  NORMAL
..................................................................
TEMPERATURE (F)
 YESTERDAY
  MAXIMUM         79    126 PM  81    1981  65     14       61
  MINIMUM         64   1159 PM  18    1983  42     22       39
  AVERAGE         72                        54     18       50

PRECIPITATION (IN)
  YESTERDAY        0.22          1.65 1913   0.10   0.12      T
  MONTH TO DATE    3.72                      2.18   1.54     0.68
  SINCE DEC 1      3.72                      2.18   1.54     0.68
  SINCE JAN 1     55.44                     51.77   3.67    45.04

SNOWFALL (IN)
  YESTERDAY        0.0           0.0  2001   0.0    0.0      0.0
  MONTH TO DATE    0.0                       0.0    0.0      0.0
  SINCE DEC 1      0.0                       0.0    0.0      0.0
  SINCE JUL 1      0.0                       0.0    0.0      0.0
  SNOW DEPTH       0

DEGREE DAYS
 HEATING
  YESTERDAY        0                        12    -12       15
  MONTH TO DATE  188                       238    -50      139
  SINCE DEC 1    188                       238    -50      139
  SINCE JUL 1    472                       411     61      295

 COOLING
  YESTERDAY        7                         0      7        0
  MONTH TO DATE   17                        23     -6       50
  SINCE DEC 1     17                        23     -6       50
  SINCE JAN 1   2596                      2667    -71     2649
..................................................................


WIND (MPH)
  HIGHEST WIND SPEED    24   HIGHEST WIND DIRECTION     S (190)
  HIGHEST GUST SPEED    33   HIGHEST GUST DIRECTION     S (190)
  AVERAGE WIND SPEED    13.2


SKY COVER
  POSSIBLE SUNSHINE  MM
  AVERAGE SKY COVER 0.8


WEATHER CONDITIONS
 THE FOLLOWING WEATHER WAS RECORDED YESTERDAY.
  THUNDERSTORM
  RAIN
  LIGHT RAIN
  FOG


RELATIVE HUMIDITY (PERCENT)
 HIGHEST   100          1200 AM
 LOWEST     74          1200 PM
 AVERAGE    87

..........................................................


THE JACKSONVILLE CLIMATE NORMALS FOR TODAY
                         NORMAL    RECORD    YEAR
 MAXIMUM TEMPERATURE (F)   65        81      2008
                                             1984
 MINIMUM TEMPERATURE (F)   42        11      1983


SUNRISE AND SUNSET
DECEMBER 25 2014......SUNRISE   721 AM EST   SUNSET   532 PM EST
DECEMBER 26 2014......SUNRISE   722 AM EST   SUNSET   533 PM EST


-  INDICATES NEGATIVE NUMBERS.
R  INDICATES RECORD WAS SET OR TIED.
MM INDICATES DATA IS MISSING.
T  INDICATES TRACE AMOUNT.




$$
