000
CDUS42 KJAX 250531
CLIJAX


CLIMATE REPORT
NATIONAL WEATHER SERVICE JACKSONVILLE
130 AM EDT FRI APR 25 2014


...................................

...THE JACKSONVILLE CLIMATE SUMMARY FOR APRIL 24 2014...

CLIMATE NORMAL PERIOD 1981 TO 2010
CLIMATE RECORD PERIOD 1871 TO 2014


WEATHER ITEM   OBSERVED TIME   RECORD YEAR NORMAL DEPARTURE LAST
                VALUE   (LST)  VALUE       VALUE  FROM      YEAR
                                                  NORMAL
..................................................................
TEMPERATURE (F)
 YESTERDAY
  MAXIMUM         83    305 PM  93    1999  81      2       83
                                      1967
                                      1958
  MINIMUM         61    606 AM  39    1986  56      5       50
  AVERAGE         72                        69      3       67

PRECIPITATION (IN)
  YESTERDAY        0.00          1.04 1933   0.07  -0.07     0.00
  MONTH TO DATE    5.61                      2.22   3.39     2.83
  SINCE MAR 1     10.26                      6.17   4.09     5.90
  SINCE JAN 1     19.97                     12.66   7.31    11.62

SNOWFALL (IN)
  YESTERDAY        0.0           0.0  2002   0.0    0.0      0.0
                                      2001
  MONTH TO DATE    0.0                       0.0    0.0      0.0
  SINCE MAR 1      0.0                       T      0.0      0.0
  SINCE JUL 1      0.0                       T      0.0      0.0
  SNOW DEPTH       0

DEGREE DAYS
 HEATING
  YESTERDAY        0                         1     -1        0
  MONTH TO DATE   27                        50    -23       41
  SINCE MAR 1    226                       206     20      345
  SINCE JUL 1   1303                      1339    -36     1238

 COOLING
  YESTERDAY        7                         5      2        2
  MONTH TO DATE   76                        82     -6       91
  SINCE MAR 1    104                       136    -32      107
  SINCE JAN 1    134                       165    -31      183
..................................................................


WIND (MPH)
  HIGHEST WIND SPEED    15   HIGHEST WIND DIRECTION    SE (130)
  HIGHEST GUST SPEED    20   HIGHEST GUST DIRECTION    SE (130)
  AVERAGE WIND SPEED     5.4


SKY COVER
  POSSIBLE SUNSHINE  MM
  AVERAGE SKY COVER 0.5


WEATHER CONDITIONS
 THE FOLLOWING WEATHER WAS RECORDED YESTERDAY.
  FOG


RELATIVE HUMIDITY (PERCENT)
 HIGHEST   100           300 AM
 LOWEST     51          1200 PM
 AVERAGE    76

..........................................................


THE JACKSONVILLE CLIMATE NORMALS FOR TODAY
                         NORMAL    RECORD    YEAR
 MAXIMUM TEMPERATURE (F)   81        92      1958
 MINIMUM TEMPERATURE (F)   57        40      2005


SUNRISE AND SUNSET
APRIL 25 2014.........SUNRISE   649 AM EDT   SUNSET   801 PM EDT
APRIL 26 2014.........SUNRISE   648 AM EDT   SUNSET   802 PM EDT


-  INDICATES NEGATIVE NUMBERS.
R  INDICATES RECORD WAS SET OR TIED.
MM INDICATES DATA IS MISSING.
T  INDICATES TRACE AMOUNT.




$$
