000
CDUS42 KJAX 280534
CLIJAX


CLIMATE REPORT
NATIONAL WEATHER SERVICE JACKSONVILLE FL
133 AM EDT FRI AUG 28 2015


...................................

...THE JACKSONVILLE CLIMATE SUMMARY FOR AUGUST 27 2015...

CLIMATE NORMAL PERIOD 1981 TO 2010
CLIMATE RECORD PERIOD 1871 TO 2015


WEATHER ITEM   OBSERVED TIME   RECORD YEAR NORMAL DEPARTURE LAST
                VALUE   (LST)  VALUE       VALUE  FROM      YEAR
                                                  NORMAL
..................................................................
TEMPERATURE (F)
 YESTERDAY
  MAXIMUM         89    350 PM  99    2011  90     -1       88
  MINIMUM         71    618 AM  64    1984  72     -1       66
  AVERAGE         80                        81     -1       77

PRECIPITATION (IN)
  YESTERDAY        0.00          3.42 1893   0.26  -0.26     0.00
  MONTH TO DATE    7.05                      5.78   1.27     3.03
  SINCE JUN 1     17.16                     18.78  -1.62    10.26
  SINCE JAN 1     29.60                     34.34  -4.74    36.09

SNOWFALL (IN)
  YESTERDAY        0.0           0.0  2002   0.0    0.0      0.0
                                      2001
  MONTH TO DATE    0.0                       0.0    0.0      0.0
  SINCE JUN 1      0.0                       0.0    0.0      0.0
  SINCE JUL 1      0.0                       0.0    0.0      0.0
  SNOW DEPTH       0

DEGREE DAYS
 HEATING
  YESTERDAY        0                         0      0        0
  MONTH TO DATE    0                         0      0        0
  SINCE JUN 1      0                         0      0        0
  SINCE JUL 1      0                         0      0        0

 COOLING
  YESTERDAY       15                        16     -1       12
  MONTH TO DATE  451                       455     -4      475
  SINCE JUN 1   1486                      1440     46     1443
  SINCE JAN 1   2131                      1924    207     1927
..................................................................


WIND (MPH)
  HIGHEST WIND SPEED    14   HIGHEST WIND DIRECTION     W (270)
  HIGHEST GUST SPEED    16   HIGHEST GUST DIRECTION     W (270)
  AVERAGE WIND SPEED     3.6


SKY COVER
  POSSIBLE SUNSHINE  MM
  AVERAGE SKY COVER 0.7


WEATHER CONDITIONS
 THE FOLLOWING WEATHER WAS RECORDED YESTERDAY.
  NO SIGNIFICANT WEATHER WAS OBSERVED.


RELATIVE HUMIDITY (PERCENT)
 HIGHEST    94          1000 PM
 LOWEST     59           200 PM
 AVERAGE    77

..........................................................


THE JACKSONVILLE CLIMATE NORMALS FOR TODAY
                         NORMAL    RECORD    YEAR
 MAXIMUM TEMPERATURE (F)   90        97      2011
                                             1959
                                             1897
 MINIMUM TEMPERATURE (F)   72        64      2014


SUNRISE AND SUNSET
AUGUST 28 2015........SUNRISE   701 AM EDT   SUNSET   755 PM EDT
AUGUST 29 2015........SUNRISE   702 AM EDT   SUNSET   753 PM EDT


-  INDICATES NEGATIVE NUMBERS.
R  INDICATES RECORD WAS SET OR TIED.
MM INDICATES DATA IS MISSING.
T  INDICATES TRACE AMOUNT.




$$
