000
CDUS42 KJAX 240531
CLIJAX


CLIMATE REPORT
NATIONAL WEATHER SERVICE JACKSONVILLE FL
131 AM EDT FRI MAR 24 2017


...................................

...THE JACKSONVILLE CLIMATE SUMMARY FOR MARCH 23 2017...

CLIMATE NORMAL PERIOD 1981 TO 2010
CLIMATE RECORD PERIOD 1871 TO 2017


WEATHER ITEM   OBSERVED TIME   RECORD YEAR NORMAL DEPARTURE LAST
                VALUE   (LST)  VALUE       VALUE  FROM      YEAR
                                                  NORMAL
..................................................................
TEMPERATURE (F)
 YESTERDAY
  MAXIMUM         70   1149 AM  91    1935  75     -5       79
  MINIMUM         56   1154 PM  33    1986  51      5       43
  AVERAGE         63                        63      0       61

PRECIPITATION (IN)
  YESTERDAY        T             2.34 1930   0.11  -0.11     0.00
  MONTH TO DATE    1.06                      2.99  -1.93     0.57
  SINCE MAR 1      1.06                      2.99  -1.93     0.57
  SINCE JAN 1      6.46                      9.48  -3.02     8.22

SNOWFALL (IN)
  YESTERDAY        0.0           0.0  2002   0.0    0.0      0.0
                                      2001
  MONTH TO DATE    0.0                       0.0    0.0      0.0
  SINCE MAR 1      0.0                       0.0    0.0      0.0
  SINCE JUL 1      0.0                       T      0.0      0.0
  SNOW DEPTH       0

DEGREE DAYS
 HEATING
  YESTERDAY        2                         4     -2        4
  MONTH TO DATE  156                       128     28       73
  SINCE MAR 1    156                       128     28       73
  SINCE JUL 1    759                      1261   -502      921

 COOLING
  YESTERDAY        0                         2     -2        0
  MONTH TO DATE   31                        38     -7       76
  SINCE MAR 1     31                        38     -7       76
  SINCE JAN 1    103                        67     36      100
..................................................................


WIND (MPH)
  HIGHEST WIND SPEED    23   HIGHEST WIND DIRECTION    NE (50)
  HIGHEST GUST SPEED    29   HIGHEST GUST DIRECTION    NE (50)
  AVERAGE WIND SPEED    12.6


SKY COVER
  POSSIBLE SUNSHINE  MM
  AVERAGE SKY COVER 0.7


WEATHER CONDITIONS
 THE FOLLOWING WEATHER WAS RECORDED YESTERDAY.
  NO SIGNIFICANT WEATHER WAS OBSERVED.


RELATIVE HUMIDITY (PERCENT)
 HIGHEST   100          1100 PM
 LOWEST     66          1200 PM
 AVERAGE    83

..........................................................


THE JACKSONVILLE CLIMATE NORMALS FOR TODAY
                         NORMAL    RECORD    YEAR
 MAXIMUM TEMPERATURE (F)   75        91      1907
 MINIMUM TEMPERATURE (F)   51        35      1968


SUNRISE AND SUNSET
MARCH 24 2017.........SUNRISE   725 AM EDT   SUNSET   741 PM EDT
MARCH 25 2017.........SUNRISE   724 AM EDT   SUNSET   742 PM EDT


-  INDICATES NEGATIVE NUMBERS.
R  INDICATES RECORD WAS SET OR TIED.
MM INDICATES DATA IS MISSING.
T  INDICATES TRACE AMOUNT.




$$
