000
CDUS42 KJAX 170533
CLIJAX


CLIMATE REPORT
NATIONAL WEATHER SERVICE JACKSONVILLE FL
1232 AM EST TUE JAN 17 2017


...................................

...THE JACKSONVILLE CLIMATE SUMMARY FOR JANUARY 16 2017...

CLIMATE NORMAL PERIOD 1981 TO 2010
CLIMATE RECORD PERIOD 1871 TO 2017


WEATHER ITEM   OBSERVED TIME   RECORD YEAR NORMAL DEPARTURE LAST
                VALUE   (LST)  VALUE       VALUE  FROM      YEAR
                                                  NORMAL
..................................................................
TEMPERATURE (F)
 YESTERDAY
  MAXIMUM         79    322 PM  84    1947  65     14       70
  MINIMUM         52    807 AM  22    1927  41     11       44
  AVERAGE         66                        53     13       57

PRECIPITATION (IN)
  YESTERDAY        0.00          1.67 1895   0.10  -0.10     0.00
  MONTH TO DATE    2.52                      1.58   0.94     1.06
  SINCE DEC 1      4.81                      4.38   0.43     1.62
  SINCE JAN 1      2.52                      1.58   0.94     1.06

SNOWFALL (IN)
  YESTERDAY        0.0           0.0  2002   0.0    0.0      0.0
  MONTH TO DATE    0.0                       0.0    0.0      0.0
  SINCE DEC 1      0.0                       T      0.0      0.0
  SINCE JUL 1      0.0                       T      0.0      0.0
  SNOW DEPTH       0

DEGREE DAYS
 HEATING
  YESTERDAY        0                        12    -12        8
  MONTH TO DATE  103                       205   -102      204
  SINCE DEC 1    283                       528   -245      291
  SINCE JUL 1    413                       701   -288      345

 COOLING
  YESTERDAY        1                         0      1        0
  MONTH TO DATE   14                         0     14        0
  SINCE DEC 1     57                        21     36      141
  SINCE JAN 1     14                         0     14        0
..................................................................


WIND (MPH)
  HIGHEST WIND SPEED    14   HIGHEST WIND DIRECTION     E (100)
  HIGHEST GUST SPEED    19   HIGHEST GUST DIRECTION     S (160)
  AVERAGE WIND SPEED     3.6


SKY COVER
  POSSIBLE SUNSHINE  MM
  AVERAGE SKY COVER 0.6


WEATHER CONDITIONS
 THE FOLLOWING WEATHER WAS RECORDED YESTERDAY.
  FOG
  FOG W/VISIBILITY <= 1/4 MILE


RELATIVE HUMIDITY (PERCENT)
 HIGHEST   100          1200 AM
 LOWEST     42           300 PM
 AVERAGE    71

..........................................................


THE JACKSONVILLE CLIMATE NORMALS FOR TODAY
                         NORMAL    RECORD    YEAR
 MAXIMUM TEMPERATURE (F)   65        84      1943
 MINIMUM TEMPERATURE (F)   41        21      1977


SUNRISE AND SUNSET
JANUARY 17 2017.......SUNRISE   724 AM EST   SUNSET   550 PM EST
JANUARY 18 2017.......SUNRISE   724 AM EST   SUNSET   551 PM EST


-  INDICATES NEGATIVE NUMBERS.
R  INDICATES RECORD WAS SET OR TIED.
MM INDICATES DATA IS MISSING.
T  INDICATES TRACE AMOUNT.




$$
