000
CDUS42 KJAX 122229
CLIJAX


CLIMATE REPORT
NATIONAL WEATHER SERVICE JACKSONVILLE FL
529 PM EST TUE DEC 12 2017


...................................

...THE JACKSONVILLE CLIMATE SUMMARY FOR DECEMBER 12 2017...
VALID TODAY AS OF 0500 PM LOCAL TIME.

CLIMATE NORMAL PERIOD 1981 TO 2010
CLIMATE RECORD PERIOD 1871 TO 2017


WEATHER ITEM   OBSERVED TIME   RECORD YEAR NORMAL DEPARTURE LAST
                VALUE   (LST)  VALUE       VALUE  FROM      YEAR
                                                  NORMAL
..................................................................
TEMPERATURE (F)
 TODAY
  MAXIMUM         73    141 PM  83    1961  67      6       78
  MINIMUM         42    323 AM  22    1962  45     -3       56
  AVERAGE         58                        56      2       67

PRECIPITATION (IN)
  TODAY            0.00          2.72 1997   0.09  -0.09     0.00
  MONTH TO DATE    2.18                      1.05   1.13     1.99
  SINCE DEC 1      2.18                      1.05   1.13     1.99
  SINCE JAN 1     69.87                     50.64  19.23    38.22

SNOWFALL (IN)
  TODAY            0.0           T    1962   0.0    0.0      0.0
  MONTH TO DATE    0.0                       0.0    0.0      0.0
  SINCE DEC 1      0.0                       0.0    0.0      0.0
  SINCE JUL 1      0.0                       0.0    0.0      0.0
  SNOW DEPTH       0

DEGREE DAYS
 HEATING
  TODAY            7                        10     -3        0
  MONTH TO DATE   96                       106    -10       76
  SINCE DEC 1     96                       106    -10       76
  SINCE JUL 1    192                       279    -87      206

 COOLING
  TODAY            0                         1     -1        2
  MONTH TO DATE   16                        12      4       18
  SINCE DEC 1     16                        12      4       18
  SINCE JAN 1   3033                      2656    377     2969
..................................................................


WIND (MPH)
  HIGHEST WIND SPEED    31   HIGHEST WIND DIRECTION     W (260)
  HIGHEST GUST SPEED    38   HIGHEST GUST DIRECTION     W (250)
  AVERAGE WIND SPEED    10.5


SKY COVER
  POSSIBLE SUNSHINE  MM
  AVERAGE SKY COVER 0.1


WEATHER CONDITIONS
 THE FOLLOWING WEATHER WAS RECORDED TODAY.
  NO SIGNIFICANT WEATHER WAS OBSERVED.


RELATIVE HUMIDITY (PERCENT)
 HIGHEST    93           600 AM
 LOWEST     33           300 PM
 AVERAGE    63

..........................................................


THE JACKSONVILLE CLIMATE NORMALS FOR TOMORROW
                         NORMAL    RECORD    YEAR
 MAXIMUM TEMPERATURE (F)   67        83      1956
 MINIMUM TEMPERATURE (F)   44        12      1962


SUNRISE AND SUNSET
DECEMBER 12 2017......SUNRISE   714 AM EST   SUNSET   527 PM EST
DECEMBER 13 2017......SUNRISE   715 AM EST   SUNSET   527 PM EST


-  INDICATES NEGATIVE NUMBERS.
R  INDICATES RECORD WAS SET OR TIED.
MM INDICATES DATA IS MISSING.
T  INDICATES TRACE AMOUNT.




$$
