492
CDUS44 KMEG 142249
CLIJBR


CLIMATE REPORT
NATIONAL WEATHER SERVICE MEMPHIS TN
448 PM CST THU DEC 14 2017


...................................

...THE JONESBORO CLIMATE SUMMARY FOR DECEMBER 14 2017...
VALID TODAY AS OF 0400 PM LOCAL TIME.

CLIMATE NORMAL PERIOD 1981 TO 2010
CLIMATE RECORD PERIOD 1897 TO 2017


WEATHER ITEM   OBSERVED TIME   RECORD YEAR NORMAL DEPARTURE LAST
                VALUE   (LST)  VALUE       VALUE  FROM      YEAR
                                                  NORMAL
..................................................................
TEMPERATURE (F)
 TODAY
  MAXIMUM         46    340 PM  72    1929  48     -2       40
                                      1906
  MINIMUM         31    720 AM   5    1917  31      0       29
  AVERAGE         39                        39      0       35

PRECIPITATION (IN)
  TODAY            0.00          1.86 1902   0.12  -0.12     0.00
  MONTH TO DATE    0.23                      2.39  -2.16     1.07
  SINCE DEC 1      0.23                      2.39  -2.16     1.07
  SINCE JAN 1     42.28                     45.72  -3.44    49.17

DEGREE DAYS
 HEATING
  TODAY           26                        26      0       30
  MONTH TO DATE  288                       335    -47      347
  SINCE DEC 1    288                       335    -47      347
  SINCE JUL 1    832                       985   -153      696

 COOLING
  TODAY            0                         0      0        0
  MONTH TO DATE    0                         0      0        0
  SINCE DEC 1      0                         0      0        0
  SINCE JAN 1   1958                      1827    131     2285
..................................................................


WIND (MPH)
  HIGHEST WIND SPEED     9   HIGHEST WIND DIRECTION     E (80)
  HIGHEST GUST SPEED    13   HIGHEST GUST DIRECTION     E (90)
  AVERAGE WIND SPEED     4.3


SKY COVER
  POSSIBLE SUNSHINE  MM
  AVERAGE SKY COVER 0.4


WEATHER CONDITIONS
 THE FOLLOWING WEATHER WAS RECORDED TODAY.
  NO SIGNIFICANT WEATHER WAS OBSERVED.


RELATIVE HUMIDITY (PERCENT)
 HIGHEST    82           700 AM
 LOWEST     49          1200 AM
 AVERAGE    66

..........................................................


THE JONESBORO CLIMATE NORMALS FOR TOMORROW
                         NORMAL    RECORD    YEAR
 MAXIMUM TEMPERATURE (F)   48        72      1933
                                             1908
 MINIMUM TEMPERATURE (F)   31        -2      1914


SUNRISE AND SUNSET
DECEMBER 14 2017......SUNRISE   705 AM CST   SUNSET   450 PM CST
DECEMBER 15 2017......SUNRISE   706 AM CST   SUNSET   450 PM CST


-  INDICATES NEGATIVE NUMBERS.
R  INDICATES RECORD WAS SET OR TIED.
MM INDICATES DATA IS MISSING.
T  INDICATES TRACE AMOUNT.




$$
