000
CDUS44 KMEG 262145
CLIJBR


CLIMATE REPORT
NATIONAL WEATHER SERVICE MEMPHIS TN
445 PM CDT TUE SEP 26 2017


...................................

...THE JONESBORO CLIMATE SUMMARY FOR SEPTEMBER 26 2017...
VALID TODAY AS OF 0400 PM LOCAL TIME.

CLIMATE NORMAL PERIOD 1981 TO 2010
CLIMATE RECORD PERIOD 1897 TO 2017


WEATHER ITEM   OBSERVED TIME   RECORD YEAR NORMAL DEPARTURE LAST
                VALUE   (LST)  VALUE       VALUE  FROM      YEAR
                                                  NORMAL
..................................................................
TEMPERATURE (F)
 TODAY
  MAXIMUM         92    214 PM  97    1904  80     12       79
  MINIMUM         65    620 AM  39    2001  56      9       57
  AVERAGE         79                        68     11       68

PRECIPITATION (IN)
  TODAY            0.00          2.04 1906   0.11  -0.11      T
  MONTH TO DATE    0.39                      2.53  -2.14     1.94
  SINCE SEP 1      0.39                      2.53  -2.14     1.94
  SINCE JAN 1     40.01                     33.64   6.37    42.96

DEGREE DAYS
 HEATING
  TODAY            0                         2     -2        0
  MONTH TO DATE    2                        10     -8        0
  SINCE SEP 1      2                        10     -8        0
  SINCE JUL 1      2                        10     -8        0

 COOLING
  TODAY           14                         4     10        3
  MONTH TO DATE  245                       209     36      349
  SINCE SEP 1    245                       209     36      349
  SINCE JAN 1   1778                      1755     23     2102
..................................................................


WIND (MPH)
  HIGHEST WIND SPEED     8   HIGHEST WIND DIRECTION    SW (240)
  HIGHEST GUST SPEED    10   HIGHEST GUST DIRECTION    NE (30)
  AVERAGE WIND SPEED     1.5


SKY COVER
  POSSIBLE SUNSHINE  MM
  AVERAGE SKY COVER 0.1


WEATHER CONDITIONS
 THE FOLLOWING WEATHER WAS RECORDED TODAY.
  NO SIGNIFICANT WEATHER WAS OBSERVED.


RELATIVE HUMIDITY (PERCENT)
 HIGHEST   100           100 AM
 LOWEST     47           100 PM
 AVERAGE    74

..........................................................


THE JONESBORO CLIMATE NORMALS FOR TOMORROW
                         NORMAL    RECORD    YEAR
 MAXIMUM TEMPERATURE (F)   79        97      1939
                                             1938
 MINIMUM TEMPERATURE (F)   56        36      1942


SUNRISE AND SUNSET
SEPTEMBER 26 2017.....SUNRISE   654 AM CDT   SUNSET   653 PM CDT
SEPTEMBER 27 2017.....SUNRISE   655 AM CDT   SUNSET   652 PM CDT


-  INDICATES NEGATIVE NUMBERS.
R  INDICATES RECORD WAS SET OR TIED.
MM INDICATES DATA IS MISSING.
T  INDICATES TRACE AMOUNT.




$$
