000
CDUS44 KMEG 291154
CLIJBR

CLIMATE REPORT...CORRECTED FOR SNOWFALL
NATIONAL WEATHER SERVICE MEMPHIS TN
650 AM CDT SUN MAR 29 2015


...................................

...THE JONESBORO CLIMATE SUMMARY FOR MARCH 28 2015...

CLIMATE NORMAL PERIOD 1981 TO 2010
CLIMATE RECORD PERIOD 1897 TO 2015


WEATHER ITEM   OBSERVED TIME   RECORD YEAR NORMAL DEPARTURE LAST
                VALUE   (LST)  VALUE       VALUE  FROM      YEAR
                                                  NORMAL
..................................................................
TEMPERATURE (F)
 YESTERDAY
  MAXIMUM         40    634 PM  88    1910  64    -24       64
  MINIMUM         30   1039 PM  22    1899  44    -14       49
  AVERAGE         35                        54    -19       57

PRECIPITATION (IN)
  YESTERDAY        0.01          2.02 1921   0.16  -0.15     0.90
  MONTH TO DATE    7.32                      4.03   3.29     4.81
  SINCE MAR 1      7.32                      4.03   3.29     4.81
  SINCE JAN 1     12.15                     11.18   0.97     9.52

SNOWFALL (IN)
  YESTERDAY        0.1          MM      MM   0.0    0.1      0.0
  MONTH TO DATE    7.6                       0.7    6.9      3.2
  SINCE MAR 1      7.6                       0.7    6.9      3.2
  SINCE JUL 1      9.4                       4.8    4.6      5.2
  SNOW DEPTH       0

DEGREE DAYS
 HEATING
  YESTERDAY       30                        11     19        8
  MONTH TO DATE  534                       432    102      588
  SINCE MAR 1    534                       432    102      588
  SINCE JUL 1   3782                      3388    394     3853

 COOLING
  YESTERDAY        0                         0      0        0
  MONTH TO DATE    0                         0      0        0
  SINCE MAR 1      0                         0      0        0
  SINCE JAN 1      0                         0      0        0
..................................................................


WIND (MPH)
  HIGHEST WIND SPEED    10   HIGHEST WIND DIRECTION     E (90)
  HIGHEST GUST SPEED    12   HIGHEST GUST DIRECTION     E (100)
  AVERAGE WIND SPEED     4.0


SKY COVER
  POSSIBLE SUNSHINE  MM
  AVERAGE SKY COVER 0.9


WEATHER CONDITIONS
 THE FOLLOWING WEATHER WAS RECORDED YESTERDAY.
  LIGHT SNOW
  FOG


RELATIVE HUMIDITY (PERCENT)
 HIGHEST   100          1000 PM
 LOWEST     59           800 AM
 AVERAGE    80

..........................................................


THE JONESBORO CLIMATE NORMALS FOR TODAY
                         NORMAL    RECORD    YEAR
 MAXIMUM TEMPERATURE (F)   65        85      1963
 MINIMUM TEMPERATURE (F)   44        27      1921


SUNRISE AND SUNSET
MARCH 29 2015.........SUNRISE   654 AM CDT   SUNSET   722 PM CDT
MARCH 30 2015.........SUNRISE   652 AM CDT   SUNSET   723 PM CDT


-  INDICATES NEGATIVE NUMBERS.
R  INDICATES RECORD WAS SET OR TIED.
MM INDICATES DATA IS MISSING.
T  INDICATES TRACE AMOUNT.




$$
