000
CDUS44 KMEG 312147
CLIJBR


CLIMATE REPORT
NATIONAL WEATHER SERVICE MEMPHIS TN
447 PM CDT WED AUG 31 2016


...................................

...THE JONESBORO CLIMATE SUMMARY FOR AUGUST 31 2016...
VALID TODAY AS OF 0400 PM LOCAL TIME.

CLIMATE NORMAL PERIOD 1981 TO 2010
CLIMATE RECORD PERIOD 1897 TO 2016


WEATHER ITEM   OBSERVED TIME   RECORD YEAR NORMAL DEPARTURE LAST
                VALUE   (LST)  VALUE       VALUE  FROM      YEAR
                                                  NORMAL
..................................................................
TEMPERATURE (F)
 TODAY
  MAXIMUM         92    252 PM 103    1909  88      4       89
  MINIMUM         73    504 AM  47    1915  67      6       66
  AVERAGE         83                        77      6       78

PRECIPITATION (IN)
  TODAY            0.00          2.85 1950   0.08  -0.08     0.00
  MONTH TO DATE    5.20                      2.54   2.66     5.62
  SINCE JUN 1      8.59                      9.83  -1.24    14.31
  SINCE JAN 1     41.02                     31.11   9.91    40.09

SNOWFALL (IN)
  TODAY            0.0

DEGREE DAYS
 HEATING
  TODAY            0                         0      0        0
  MONTH TO DATE    0                         0      0        0
  SINCE JUN 1      0                         1     -1        0
  SINCE JUL 1      0                         0      0        0

 COOLING
  TODAY           18                        12      6       13
  MONTH TO DATE  501                       459     42      336
  SINCE JUN 1   1554                      1333    221     1298
  SINCE JAN 1   1753                      1546    207     1473
..................................................................


WIND (MPH)
  HIGHEST WIND SPEED    12   HIGHEST WIND DIRECTION    NE (40)
  HIGHEST GUST SPEED    17   HIGHEST GUST DIRECTION    NE (30)
  AVERAGE WIND SPEED     6.0


SKY COVER
  POSSIBLE SUNSHINE  MM
  AVERAGE SKY COVER 0.1


WEATHER CONDITIONS
 THE FOLLOWING WEATHER WAS RECORDED TODAY.
  NO SIGNIFICANT WEATHER WAS OBSERVED.


RELATIVE HUMIDITY (PERCENT)
 HIGHEST    87           200 AM
 LOWEST     56           100 PM
 AVERAGE    72

..........................................................


THE JONESBORO CLIMATE NORMALS FOR TOMORROW
                         NORMAL    RECORD    YEAR
 MAXIMUM TEMPERATURE (F)   88       104      1913
 MINIMUM TEMPERATURE (F)   67        51      1915


SUNRISE AND SUNSET
AUGUST 31 2016........SUNRISE   634 AM CDT   SUNSET   731 PM CDT
SEPTEMBER  1 2016.....SUNRISE   635 AM CDT   SUNSET   729 PM CDT


-  INDICATES NEGATIVE NUMBERS.
R  INDICATES RECORD WAS SET OR TIED.
MM INDICATES DATA IS MISSING.
T  INDICATES TRACE AMOUNT.




$$
