000
CDUS44 KMEG 260637
CLIJBR


CLIMATE REPORT
NATIONAL WEATHER SERVICE MEMPHIS TN
136 AM CDT TUE MAY 26 2015


...................................

...THE JONESBORO CLIMATE SUMMARY FOR MAY 25 2015...

CLIMATE NORMAL PERIOD 1981 TO 2010
CLIMATE RECORD PERIOD 1897 TO 2015


WEATHER ITEM   OBSERVED TIME   RECORD YEAR NORMAL DEPARTURE LAST
                VALUE   (LST)  VALUE       VALUE  FROM      YEAR
                                                  NORMAL
..................................................................
TEMPERATURE (F)
 YESTERDAY
  MAXIMUM         81    351 PM  98    1911  83     -2       88
  MINIMUM         67    408 AM  34    1897  61      6       67
  AVERAGE         74                        72      2       78

PRECIPITATION (IN)
  YESTERDAY        0.09          1.78 1946   0.11  -0.02     0.00
  MONTH TO DATE    6.10                      4.00   2.10     3.50
  SINCE MAR 1     19.24                     13.52   5.72    15.49
  SINCE JAN 1     24.07                     20.67   3.40    20.20

SNOWFALL (IN)
  YESTERDAY        0.0          MM      MM   0.0    0.0      0.0
  MONTH TO DATE    0.0                       0.0    0.0      0.0
  SINCE MAR 1      7.6                       0.7    6.9      3.2
  SINCE JUL 1      9.4                       4.8    4.6      5.2
  SNOW DEPTH       0

DEGREE DAYS
 HEATING
  YESTERDAY        0                         0      0        0
  MONTH TO DATE   48                        35     13       64
  SINCE MAR 1    765                       694     71      885
  SINCE JUL 1   4013                      3650    363     4150

 COOLING
  YESTERDAY        9                         7      2       13
  MONTH TO DATE  110                       115     -5      163
  SINCE MAR 1    138                       162    -24      184
  SINCE JAN 1    138                       162    -24      184
..................................................................


WIND (MPH)
  HIGHEST WIND SPEED    17   HIGHEST WIND DIRECTION    SE (130)
  HIGHEST GUST SPEED    23   HIGHEST GUST DIRECTION    SE (140)
  AVERAGE WIND SPEED     9.8


SKY COVER
  POSSIBLE SUNSHINE  MM
  AVERAGE SKY COVER 0.8


WEATHER CONDITIONS
 THE FOLLOWING WEATHER WAS RECORDED YESTERDAY.
  LIGHT RAIN
  FOG


RELATIVE HUMIDITY (PERCENT)
 HIGHEST   100           400 AM
 LOWEST     69           400 PM
 AVERAGE    85

..........................................................


THE JONESBORO CLIMATE NORMALS FOR TODAY
                         NORMAL    RECORD    YEAR
 MAXIMUM TEMPERATURE (F)   83       100      1911
 MINIMUM TEMPERATURE (F)   61        33      1897


SUNRISE AND SUNSET
MAY 26 2015...........SUNRISE   550 AM CDT   SUNSET   809 PM CDT
MAY 27 2015...........SUNRISE   550 AM CDT   SUNSET   810 PM CDT


-  INDICATES NEGATIVE NUMBERS.
R  INDICATES RECORD WAS SET OR TIED.
MM INDICATES DATA IS MISSING.
T  INDICATES TRACE AMOUNT.




$$
