000
CDUS44 KMEG 062251
CLIJBR


CLIMATE REPORT
NATIONAL WEATHER SERVICE MEMPHIS TN
450 PM CST SAT FEB 6 2016


...................................

...THE JONESBORO CLIMATE SUMMARY FOR FEBRUARY 6 2016...
VALID TODAY AS OF 0400 PM LOCAL TIME.

CLIMATE NORMAL PERIOD 1981 TO 2010
CLIMATE RECORD PERIOD 1897 TO 2016


WEATHER ITEM   OBSERVED TIME   RECORD YEAR NORMAL DEPARTURE LAST
                VALUE   (LST)  VALUE       VALUE  FROM      YEAR
                                                  NORMAL
..................................................................
TEMPERATURE (F)
 TODAY
  MAXIMUM         52    352 PM  78    1904  49      3       48
  MINIMUM         28    612 AM   6    1988  30     -2       20
  AVERAGE         40                        39      1       34

PRECIPITATION (IN)
  TODAY            0.00          1.47 1958   0.13  -0.13     0.00
  MONTH TO DATE    0.14                      0.78  -0.64     0.56
  SINCE DEC 1      8.31                      8.98  -0.67     4.85
  SINCE JAN 1      1.94                      4.21  -2.27     2.06

SNOWFALL (IN)
  TODAY            0.0

DEGREE DAYS
 HEATING
  TODAY           25                        26     -1       31
  MONTH TO DATE  122                       156    -34      184
  SINCE DEC 1   1480                      1802   -322     1749
  SINCE JUL 1   1989                      2452   -463     2508

 COOLING
  TODAY            0                         0      0        0
  MONTH TO DATE    0                         0      0        0
  SINCE DEC 1      3                         0      3        0
  SINCE JAN 1      0                         0      0        0
..................................................................


WIND (MPH)
  HIGHEST WIND SPEED    12   HIGHEST WIND DIRECTION     S (160)
  HIGHEST GUST SPEED    14   HIGHEST GUST DIRECTION    SW (220)
  AVERAGE WIND SPEED     2.6


SKY COVER
  POSSIBLE SUNSHINE  MM
  AVERAGE SKY COVER 0.0


WEATHER CONDITIONS
 THE FOLLOWING WEATHER WAS RECORDED TODAY.
  NO SIGNIFICANT WEATHER WAS OBSERVED.


RELATIVE HUMIDITY (PERCENT)
 HIGHEST    85           500 AM
 LOWEST     30           200 PM
 AVERAGE    58

..........................................................


THE JONESBORO CLIMATE NORMALS FOR TOMORROW
                         NORMAL    RECORD    YEAR
 MAXIMUM TEMPERATURE (F)   49        69      1943
                                             1934
                                             1931
 MINIMUM TEMPERATURE (F)   30         6      1906


SUNRISE AND SUNSET
FEBRUARY  6 2016......SUNRISE   659 AM CST   SUNSET   535 PM CST
FEBRUARY  7 2016......SUNRISE   658 AM CST   SUNSET   536 PM CST


-  INDICATES NEGATIVE NUMBERS.
R  INDICATES RECORD WAS SET OR TIED.
MM INDICATES DATA IS MISSING.
T  INDICATES TRACE AMOUNT.




$$
