000
CDUS44 KMEG 050639
CLIJBR


CLIMATE REPORT
NATIONAL WEATHER SERVICE MEMPHIS TN
139 AM CDT THU MAY 5 2016


...................................

...THE JONESBORO CLIMATE SUMMARY FOR MAY 4 2016...

CLIMATE NORMAL PERIOD 1981 TO 2010
CLIMATE RECORD PERIOD 1897 TO 2016


WEATHER ITEM   OBSERVED TIME   RECORD YEAR NORMAL DEPARTURE LAST
                VALUE   (LST)  VALUE       VALUE  FROM      YEAR
                                                  NORMAL
..................................................................
TEMPERATURE (F)
 YESTERDAY
  MAXIMUM         78    300 PM  94    1906  76      2       83
                                      1901
  MINIMUM         50    444 AM  35    2013  55     -5       53
  AVERAGE         64                        66     -2       68

PRECIPITATION (IN)
  YESTERDAY        0.00          2.50 1906   0.21  -0.21     0.00
  MONTH TO DATE    0.02                      0.78  -0.76     0.00
  SINCE MAR 1     17.70                     10.30   7.40    13.14
  SINCE JAN 1     21.63                     17.45   4.18    17.97

SNOWFALL (IN)
  YESTERDAY        0.0          MM      MM   0.0    0.0      0.0
  MONTH TO DATE    0.0                       0.0    0.0      0.0
  SINCE MAR 1      0.0                       0.7   -0.7      7.6
  SINCE JUL 1      0.3                       4.8   -4.5      9.4
  SNOW DEPTH       0

DEGREE DAYS
 HEATING
  YESTERDAY        1                         2     -1        0
  MONTH TO DATE    8                        10     -2       17
  SINCE MAR 1    474                       669   -195      734
  SINCE JUL 1   2963                      3625   -662     3982

 COOLING
  YESTERDAY        0                         3     -3        3
  MONTH TO DATE    5                        10     -5        3
  SINCE MAR 1     55                        57     -2       31
  SINCE JAN 1     55                        57     -2       31
..................................................................


WIND (MPH)
  HIGHEST WIND SPEED    22   HIGHEST WIND DIRECTION    NW (330)
  HIGHEST GUST SPEED    31   HIGHEST GUST DIRECTION     W (280)
  AVERAGE WIND SPEED     9.7


SKY COVER
  POSSIBLE SUNSHINE  MM
  AVERAGE SKY COVER 0.1


WEATHER CONDITIONS
 THE FOLLOWING WEATHER WAS RECORDED YESTERDAY.
  LIGHT RAIN


RELATIVE HUMIDITY (PERCENT)
 HIGHEST    83           100 AM
 LOWEST     29           200 PM
 AVERAGE    56

..........................................................


THE JONESBORO CLIMATE NORMALS FOR TODAY
                         NORMAL    RECORD    YEAR
 MAXIMUM TEMPERATURE (F)   76        94      1959
 MINIMUM TEMPERATURE (F)   55        36      1917
                                             1907


SUNRISE AND SUNSET
MAY  5 2016...........SUNRISE   606 AM CDT   SUNSET   753 PM CDT
MAY  6 2016...........SUNRISE   605 AM CDT   SUNSET   754 PM CDT


-  INDICATES NEGATIVE NUMBERS.
R  INDICATES RECORD WAS SET OR TIED.
MM INDICATES DATA IS MISSING.
T  INDICATES TRACE AMOUNT.




$$
