000
CDUS44 KMEG 230738
CLIJBR


CLIMATE REPORT
NATIONAL WEATHER SERVICE MEMPHIS TN
137 AM CST THU FEB 23 2017


...................................

...THE JONESBORO CLIMATE SUMMARY FOR FEBRUARY 22 2017...

CLIMATE NORMAL PERIOD 1981 TO 2010
CLIMATE RECORD PERIOD 1897 TO 2017


WEATHER ITEM   OBSERVED TIME   RECORD YEAR NORMAL DEPARTURE LAST
                VALUE   (LST)  VALUE       VALUE  FROM      YEAR
                                                  NORMAL
..................................................................
TEMPERATURE (F)
 YESTERDAY
  MAXIMUM         69    222 PM  73    1944  53     16       53
  MINIMUM         54   1029 PM   8    1978  34     20       42
  AVERAGE         62                        43     19       48

PRECIPITATION (IN)
  YESTERDAY        0.01          1.70 1974   0.13  -0.12     0.00
  MONTH TO DATE    1.31                      2.92  -1.61     0.28
  SINCE DEC 1      9.47                     11.12  -1.65     8.45
  SINCE JAN 1      5.01                      6.35  -1.34     2.08

DEGREE DAYS
 HEATING
  YESTERDAY        3                        22    -19       17
  MONTH TO DATE  326                       535   -209      483
  SINCE DEC 1   1713                      2181   -468     1841
  SINCE JUL 1   2062                      2831   -769     2350

 COOLING
  YESTERDAY        0                         0      0        0
  MONTH TO DATE    3                         0      3        0
  SINCE DEC 1      3                         0      3        3
  SINCE JAN 1      3                         0      3        0
..................................................................


WIND (MPH)
  HIGHEST WIND SPEED    10   HIGHEST WIND DIRECTION    SW (230)
  HIGHEST GUST SPEED    13   HIGHEST GUST DIRECTION    SW (220)
  AVERAGE WIND SPEED     2.8


SKY COVER
  POSSIBLE SUNSHINE  MM
  AVERAGE SKY COVER 0.7


WEATHER CONDITIONS
 THE FOLLOWING WEATHER WAS RECORDED YESTERDAY.
  LIGHT RAIN
  FOG


RELATIVE HUMIDITY (PERCENT)
 HIGHEST    93           600 AM
 LOWEST     68           300 PM
 AVERAGE    81

..........................................................


THE JONESBORO CLIMATE NORMALS FOR TODAY
                         NORMAL    RECORD    YEAR
 MAXIMUM TEMPERATURE (F)   53        78      2012
                                             1996
 MINIMUM TEMPERATURE (F)   34        14      1989
                                             1978


SUNRISE AND SUNSET
FEBRUARY 23 2017......SUNRISE   640 AM CST   SUNSET   552 PM CST
FEBRUARY 24 2017......SUNRISE   639 AM CST   SUNSET   553 PM CST


-  INDICATES NEGATIVE NUMBERS.
R  INDICATES RECORD WAS SET OR TIED.
MM INDICATES DATA IS MISSING.
T  INDICATES TRACE AMOUNT.


$$
