000
CDUS44 KMEG 230739
CLIJBR


CLIMATE REPORT
NATIONAL WEATHER SERVICE MEMPHIS TN
139 AM CST SUN NOV 23 2014


...................................

...THE JONESBORO CLIMATE SUMMARY FOR NOVEMBER 22 2014...

CLIMATE NORMAL PERIOD 1981 TO 2010
CLIMATE RECORD PERIOD 1897 TO 2014


WEATHER ITEM   OBSERVED TIME   RECORD YEAR NORMAL DEPARTURE LAST
                VALUE   (LST)  VALUE       VALUE  FROM      YEAR
                                                  NORMAL
..................................................................
TEMPERATURE (F)
 YESTERDAY
  MAXIMUM         67    100 PM  78    1931  56     11       59
  MINIMUM         42   1259 AM  17    1964  37      5       40
  AVERAGE         55                        47      8       50

PRECIPITATION (IN)
  YESTERDAY        0.00          2.05 1982   0.18  -0.18     0.24
  MONTH TO DATE    1.13                      3.42  -2.29     2.22
  SINCE SEP 1      6.92                     10.74  -3.82     8.36
  SINCE JAN 1     40.60                     41.85  -1.25    45.81

SNOWFALL (IN)
  YESTERDAY        0.0           0.5  1929   0.0    0.0      0.0
  MONTH TO DATE    0.5                       0.0    0.5      0.0
  SINCE SEP 1      0.5                       0.0    0.5      0.0
  SINCE JUL 1      0.5                       0.0    0.5      0.0
  SNOW DEPTH       0

DEGREE DAYS
 HEATING
  YESTERDAY       10                        18     -8       15
  MONTH TO DATE  481                       302    179      324
  SINCE SEP 1    622                       489    133      493
  SINCE JUL 1    622                       489    133      493

 COOLING
  YESTERDAY        0                         0      0        0
  MONTH TO DATE    0                         1     -1        5
  SINCE SEP 1    338                       279     59      444
  SINCE JAN 1   1798                      1825    -27     2044
..................................................................


WIND (MPH)
  HIGHEST WIND SPEED    21   HIGHEST WIND DIRECTION     S (170)
  HIGHEST GUST SPEED    25   HIGHEST GUST DIRECTION     S (180)
  AVERAGE WIND SPEED     7.1


SKY COVER
  POSSIBLE SUNSHINE  MM
  AVERAGE SKY COVER 0.6


WEATHER CONDITIONS
 THE FOLLOWING WEATHER WAS RECORDED YESTERDAY.
  NO SIGNIFICANT WEATHER WAS OBSERVED.


RELATIVE HUMIDITY (PERCENT)
 HIGHEST    96           100 AM
 LOWEST     45           100 PM
 AVERAGE    71

..........................................................


THE JONESBORO CLIMATE NORMALS FOR TODAY
                         NORMAL    RECORD    YEAR
 MAXIMUM TEMPERATURE (F)   56        77      1973
 MINIMUM TEMPERATURE (F)   37        20      1964
                                             1929


SUNRISE AND SUNSET
NOVEMBER 23 2014......SUNRISE   647 AM CST   SUNSET   451 PM CST
NOVEMBER 24 2014......SUNRISE   648 AM CST   SUNSET   451 PM CST


-  INDICATES NEGATIVE NUMBERS.
R  INDICATES RECORD WAS SET OR TIED.
MM INDICATES DATA IS MISSING.
T  INDICATES TRACE AMOUNT.




$$
