288
CDUS44 KMEG 252146
CLIJBR


CLIMATE REPORT
NATIONAL WEATHER SERVICE MEMPHIS TN
445 PM CDT SUN SEP 25 2016


...................................

...THE JONESBORO CLIMATE SUMMARY FOR SEPTEMBER 25 2016...
VALID TODAY AS OF 0400 PM LOCAL TIME.

CLIMATE NORMAL PERIOD 1981 TO 2010
CLIMATE RECORD PERIOD 1897 TO 2016


WEATHER ITEM   OBSERVED TIME   RECORD YEAR NORMAL DEPARTURE LAST
                VALUE   (LST)  VALUE       VALUE  FROM      YEAR
                                                  NORMAL
..................................................................
TEMPERATURE (F)
 TODAY
  MAXIMUM         95    259 PM  98    1910  80     15       87
  MINIMUM         69    557 AM  40    1903  57     12       57
  AVERAGE         82                        68     14       72

PRECIPITATION (IN)
  TODAY            0.00          4.63 1937   0.10  -0.10     0.00
  MONTH TO DATE    1.94                      2.42  -0.48     2.16
  SINCE SEP 1      1.94                      2.42  -0.48     2.16
  SINCE JAN 1     42.96                     33.53   9.43    42.25

SNOWFALL (IN)
  TODAY            0.0

DEGREE DAYS
 HEATING
  TODAY            0                         1     -1        0
  MONTH TO DATE    0                         8     -8        7
  SINCE SEP 1      0                         8     -8        7
  SINCE JUL 1      0                         8     -8        7

 COOLING
  TODAY           17                         5     12        7
  MONTH TO DATE  346                       205    141      207
  SINCE SEP 1    346                       205    141      207
  SINCE JAN 1   2099                      1751    348     1680
..................................................................


WIND (MPH)
  HIGHEST WIND SPEED     9   HIGHEST WIND DIRECTION    SE (150)
  HIGHEST GUST SPEED    14   HIGHEST GUST DIRECTION    SE (140)
  AVERAGE WIND SPEED     2.9


SKY COVER
  POSSIBLE SUNSHINE  MM
  AVERAGE SKY COVER 0.0


WEATHER CONDITIONS
 THE FOLLOWING WEATHER WAS RECORDED TODAY.
  NO SIGNIFICANT WEATHER WAS OBSERVED.


RELATIVE HUMIDITY (PERCENT)
 HIGHEST    90           100 AM
 LOWEST     36           200 PM
 AVERAGE    63

..........................................................


THE JONESBORO CLIMATE NORMALS FOR TOMORROW
                         NORMAL    RECORD    YEAR
 MAXIMUM TEMPERATURE (F)   80        97      1904
 MINIMUM TEMPERATURE (F)   56        39      2001


SUNRISE AND SUNSET
SEPTEMBER 25 2016.....SUNRISE   653 AM CDT   SUNSET   654 PM CDT
SEPTEMBER 26 2016.....SUNRISE   654 AM CDT   SUNSET   653 PM CDT


-  INDICATES NEGATIVE NUMBERS.
R  INDICATES RECORD WAS SET OR TIED.
MM INDICATES DATA IS MISSING.
T  INDICATES TRACE AMOUNT.




$$
