000
CDUS44 KMEG 182252
CLIJBR


CLIMATE REPORT
NATIONAL WEATHER SERVICE MEMPHIS TN
451 PM CST THU DEC 18 2014


...................................

...THE JONESBORO CLIMATE SUMMARY FOR DECEMBER 18 2014...
VALID TODAY AS OF 0400 PM LOCAL TIME.

CLIMATE NORMAL PERIOD 1981 TO 2010
CLIMATE RECORD PERIOD 1897 TO 2014


WEATHER ITEM   OBSERVED TIME   RECORD YEAR NORMAL DEPARTURE LAST
                VALUE   (LST)  VALUE       VALUE  FROM      YEAR
                                                  NORMAL
..................................................................
TEMPERATURE (F)
 TODAY
  MAXIMUM         42    255 PM  74    1889  47     -5       55
  MINIMUM         36    436 AM   8    1964  30      6       27
                                      1932
  AVERAGE         39                        39      0       41

PRECIPITATION (IN)
  TODAY            0.16          2.10 2002   0.14   0.02     0.00
  MONTH TO DATE    2.06                      2.94  -0.88     1.86
  SINCE DEC 1      2.06                      2.94  -0.88     1.86
  SINCE JAN 1     43.42                     46.27  -2.85    47.84

SNOWFALL (IN)
  TODAY            0.0

DEGREE DAYS
 HEATING
  TODAY           26                        26      0       24
  MONTH TO DATE  375                       439    -64      480
  SINCE DEC 1    375                       439    -64      480
  SINCE JUL 1   1134                      1089     45     1223

 COOLING
  TODAY            0                         0      0        0
  MONTH TO DATE    0                         0      0        0
  SINCE DEC 1      0                         0      0        0
  SINCE JAN 1   1800                      1827    -27     2044
..................................................................


WIND (MPH)
  HIGHEST WIND SPEED    10   HIGHEST WIND DIRECTION     E (70)
  HIGHEST GUST SPEED    13   HIGHEST GUST DIRECTION    NE (60)
  AVERAGE WIND SPEED     7.2


SKY COVER
  POSSIBLE SUNSHINE  MM
  AVERAGE SKY COVER 1.0


WEATHER CONDITIONS
 THE FOLLOWING WEATHER WAS RECORDED TODAY.
  LIGHT RAIN
  FOG


RELATIVE HUMIDITY (PERCENT)
 HIGHEST   100          1200 AM
 LOWEST     76           300 PM
 AVERAGE    88

..........................................................


THE JONESBORO CLIMATE NORMALS FOR TOMORROW
                         NORMAL    RECORD    YEAR
 MAXIMUM TEMPERATURE (F)   47        74      1889
 MINIMUM TEMPERATURE (F)   30         7      1945


SUNRISE AND SUNSET
DECEMBER 18 2014......SUNRISE   707 AM CST   SUNSET   451 PM CST
DECEMBER 19 2014......SUNRISE   708 AM CST   SUNSET   452 PM CST


-  INDICATES NEGATIVE NUMBERS.
R  INDICATES RECORD WAS SET OR TIED.
MM INDICATES DATA IS MISSING.
T  INDICATES TRACE AMOUNT.




$$
