000
CDUS45 KBOI 260931
CLIJER


CLIMATE REPORT
NATIONAL WEATHER SERVICE BOISE ID
331 AM MDT FRI MAY 26 2017


...................................

...THE JEROME ID CLIMATE SUMMARY FOR MAY 25 2017...

CLIMATE NORMAL PERIOD 1981 TO 2010
CLIMATE RECORD PERIOD 1915 TO 2017


WEATHER ITEM   OBSERVED TIME   RECORD YEAR NORMAL DEPARTURE LAST
                VALUE   (LST)  VALUE       VALUE  FROM      YEAR
                                                  NORMAL
..................................................................
TEMPERATURE (F)
 YESTERDAY
  MAXIMUM         65    450 PM  98    2001  71     -6       67
  MINIMUM         41    550 AM  24    1920  45     -4       47
  AVERAGE         53                        58     -5       57

PRECIPITATION (IN)
  YESTERDAY        T             0.47 2011   0.03  -0.03     0.00
  MONTH TO DATE    0.78                      1.08  -0.30     1.29
  SINCE OCT 1     10.42                      8.96   1.46     9.84
  SINCE JAN 1      5.90                      5.44   0.46     5.25

DEGREE DAYS
 HEATING
  YESTERDAY       12                         8      4        8
  MONTH TO DATE  270                       280    -10      227
  SINCE MAR 1   1464                      1596   -132     1288
  SINCE JUL 1   5887                      6483   -596     5827

 COOLING
  YESTERDAY        0                         1     -1        0
  MONTH TO DATE    2                         4     -2        3
  SINCE MAR 1      2                         4     -2        4
  SINCE JAN 1      2                         4     -2        4
..................................................................


WIND (MPH)
  HIGHEST WIND SPEED    23   HIGHEST WIND DIRECTION    SW (230)
  HIGHEST GUST SPEED    29   HIGHEST GUST DIRECTION    SW (230)
  AVERAGE WIND SPEED    10.4


SKY COVER
  AVERAGE SKY COVER 0.1


WEATHER CONDITIONS
 THE FOLLOWING WEATHER WAS RECORDED YESTERDAY.
  LIGHT RAIN


RELATIVE HUMIDITY (PERCENT)
 HIGHEST    60           500 AM
 LOWEST     25           300 PM
 AVERAGE    43

..........................................................


THE JEROME ID CLIMATE NORMALS FOR TODAY
                         NORMAL    RECORD    YEAR
 MAXIMUM TEMPERATURE (F)   71        96      1936
 MINIMUM TEMPERATURE (F)   45        29      1975


SUNRISE AND SUNSET
MAY 26 2017...........SUNRISE   606 AM MDT   SUNSET   905 PM MDT
MAY 27 2017...........SUNRISE   605 AM MDT   SUNSET   906 PM MDT


-  INDICATES NEGATIVE NUMBERS.
R  INDICATES RECORD WAS SET OR TIED.
MM INDICATES DATA IS MISSING.
T  INDICATES TRACE AMOUNT.




$$
