000
CDUS45 KBOI 250932
CLIJER


CLIMATE REPORT
NATIONAL WEATHER SERVICE BOISE ID
231 AM MST SUN FEB 25 2018


...................................

...THE JEROME ID CLIMATE SUMMARY FOR FEBRUARY 24 2018...

CLIMATE NORMAL PERIOD 1981 TO 2010
CLIMATE RECORD PERIOD 1915 TO 2018


WEATHER ITEM   OBSERVED TIME   RECORD YEAR NORMAL DEPARTURE LAST
                VALUE   (LST)  VALUE       VALUE  FROM      YEAR
                                                  NORMAL
..................................................................
TEMPERATURE (F)
 YESTERDAY
  MAXIMUM         30   1139 AM  62    1995  43    -13       MM
  MINIMUM         18    314 AM  12    2003  24     -6       MM
                                      1974
                                      1960
  AVERAGE         24                        34    -10       MM

PRECIPITATION (IN)
  YESTERDAY        0.13          0.54 1934   0.04   0.09     0.00
  MONTH TO DATE    0.25                      0.74  -0.49     1.37
  SINCE OCT 1      4.10                      5.32  -1.22     7.18
  SINCE JAN 1      1.55                      1.80  -0.25     2.66

DEGREE DAYS
 HEATING
  YESTERDAY       41                        32      9       MM
  MONTH TO DATE  729                       839   -110      555
  SINCE DEC 1   2795                      3213   -418     3119
  SINCE JUL 1   4251                      4764   -513     4345

 COOLING
  YESTERDAY        0                         0      0       MM
  MONTH TO DATE    0                         0      0        0
  SINCE DEC 1      0                         0      0        0
  SINCE JAN 1      0                         0      0        0
..................................................................


WIND (MPH)
  HIGHEST WIND SPEED    23   HIGHEST WIND DIRECTION    SW (240)
  HIGHEST GUST SPEED    27   HIGHEST GUST DIRECTION    SW (240)
  AVERAGE WIND SPEED    11.5


SKY COVER
  AVERAGE SKY COVER 0.9


WEATHER CONDITIONS
 THE FOLLOWING WEATHER WAS RECORDED YESTERDAY.
  HEAVY SNOW
  SNOW
  LIGHT SNOW
  FOG
  FOG W/VISIBILITY <= 1/4 MILE


RELATIVE HUMIDITY (PERCENT)
 HIGHEST   100           400 PM
 LOWEST     55           800 AM
 AVERAGE    78

..........................................................


THE JEROME ID CLIMATE NORMALS FOR TODAY
                         NORMAL    RECORD    YEAR
 MAXIMUM TEMPERATURE (F)   43        69      1986
 MINIMUM TEMPERATURE (F)   25         4      1933


SUNRISE AND SUNSET
FEBRUARY 25 2018......SUNRISE   720 AM MST   SUNSET   622 PM MST
FEBRUARY 26 2018......SUNRISE   718 AM MST   SUNSET   624 PM MST


-  INDICATES NEGATIVE NUMBERS.
R  INDICATES RECORD WAS SET OR TIED.
MM INDICATES DATA IS MISSING.
T  INDICATES TRACE AMOUNT.




$$
