000
CDUS45 KBOI 310931
CLIJER


CLIMATE REPORT
NATIONAL WEATHER SERVICE BOISE ID
331 AM MDT SUN AUG 31 2014


...................................

...THE JEROME ID CLIMATE SUMMARY FOR AUGUST 30 2014...

CLIMATE NORMAL PERIOD 1981 TO 2010
CLIMATE RECORD PERIOD 1919 TO 2014


WEATHER ITEM   OBSERVED TIME   RECORD YEAR NORMAL DEPARTURE LAST
                VALUE   (LST)  VALUE       VALUE  FROM      YEAR
                                                  NORMAL
..................................................................
TEMPERATURE (F)
 YESTERDAY
  MAXIMUM         76    131 PM 100    1998  83     -7       88
  MINIMUM         54   1159 PM  35    1965  51      3       59
  AVERAGE         65                        67     -2       74

PRECIPITATION (IN)
  YESTERDAY        0.01          0.18 1922   0.02  -0.01     0.00
  MONTH TO DATE    3.52                      0.25   3.27      T
  SINCE OCT 1      9.17                     10.37  -1.20     5.82
  SINCE JAN 1      8.57                      6.85   1.72     2.52

DEGREE DAYS
 HEATING
  YESTERDAY        0                         2     -2        0
  MONTH TO DATE   22                        16      6        0
  SINCE JUN 1     96                       135    -39       78
  SINCE JUL 1     22                        28     -6        0

 COOLING
  YESTERDAY        0                         4     -4        9
  MONTH TO DATE  165                       178    -13      291
  SINCE JUN 1    582                       448    134      797
  SINCE JAN 1    592                       461    131      812
..................................................................


WIND (MPH)
  HIGHEST WIND SPEED    32   HIGHEST WIND DIRECTION     W (260)
  HIGHEST GUST SPEED    45   HIGHEST GUST DIRECTION     W (260)
  AVERAGE WIND SPEED     9.8


SKY COVER
  AVERAGE SKY COVER 0.1


WEATHER CONDITIONS
 THE FOLLOWING WEATHER WAS RECORDED YESTERDAY.
  LIGHT RAIN


RELATIVE HUMIDITY (PERCENT)
 HIGHEST    77           600 AM
 LOWEST     27           300 PM
 AVERAGE    52

..........................................................


THE JEROME ID CLIMATE NORMALS FOR TODAY
                         NORMAL    RECORD    YEAR
 MAXIMUM TEMPERATURE (F)   82        98      1996
 MINIMUM TEMPERATURE (F)   51        35      1965


SUNRISE AND SUNSET
AUGUST 31 2014........SUNRISE   702 AM MDT   SUNSET   814 PM MDT
SEPTEMBER  1 2014.....SUNRISE   703 AM MDT   SUNSET   812 PM MDT


-  INDICATES NEGATIVE NUMBERS.
R  INDICATES RECORD WAS SET OR TIED.
MM INDICATES DATA IS MISSING.
T  INDICATES TRACE AMOUNT.




$$
