000
CDUS45 KBOI 240933
CLIJER


CLIMATE REPORT
NATIONAL WEATHER SERVICE BOISE ID
233 AM MST FRI NOV 24 2017


...................................

...THE JEROME ID CLIMATE SUMMARY FOR NOVEMBER 23 2017...

CLIMATE NORMAL PERIOD 1981 TO 2010
CLIMATE RECORD PERIOD 1915 TO 2017


WEATHER ITEM   OBSERVED TIME   RECORD YEAR NORMAL DEPARTURE LAST
                VALUE   (LST)  VALUE       VALUE  FROM      YEAR
                                                  NORMAL
..................................................................
TEMPERATURE (F)
 YESTERDAY
  MAXIMUM         63R   232 PM  59    2002  41     22       39
  MINIMUM         42    639 AM  -1    1985  25     17       30
  AVERAGE         53                        33     20       35

PRECIPITATION (IN)
  YESTERDAY        0.02          0.61 1988   0.05  -0.03     0.12
  MONTH TO DATE    1.19                      0.83   0.36     0.12
  SINCE OCT 1      1.79                      1.64   0.15     2.78
  SINCE JAN 1      9.32                      8.93   0.39     9.79

DEGREE DAYS
 HEATING
  YESTERDAY       12                        32    -20       30
  MONTH TO DATE  532                       617    -85      420
  SINCE SEP 1   1285                      1283      2      993
  SINCE JUL 1   1286                      1316    -30     1015

 COOLING
  YESTERDAY        0                         0      0        0
  MONTH TO DATE    0                         0      0        0
  SINCE SEP 1    121                        45     76       30
  SINCE JAN 1    929                       510    419      612
..................................................................


WIND (MPH)
  HIGHEST WIND SPEED    16   HIGHEST WIND DIRECTION    SW (210)
  HIGHEST GUST SPEED    20   HIGHEST GUST DIRECTION     S (160)
  AVERAGE WIND SPEED     9.0


SKY COVER
  AVERAGE SKY COVER 0.3


WEATHER CONDITIONS
 THE FOLLOWING WEATHER WAS RECORDED YESTERDAY.
  LIGHT RAIN


RELATIVE HUMIDITY (PERCENT)
 HIGHEST    89           400 AM
 LOWEST     51           100 PM
 AVERAGE    70

..........................................................


THE JEROME ID CLIMATE NORMALS FOR TODAY
                         NORMAL    RECORD    YEAR
 MAXIMUM TEMPERATURE (F)   41        61      1959
 MINIMUM TEMPERATURE (F)   25         1      2010


SUNRISE AND SUNSET
NOVEMBER 24 2017......SUNRISE   741 AM MST   SUNSET   508 PM MST
NOVEMBER 25 2017......SUNRISE   742 AM MST   SUNSET   507 PM MST


-  INDICATES NEGATIVE NUMBERS.
R  INDICATES RECORD WAS SET OR TIED.
MM INDICATES DATA IS MISSING.
T  INDICATES TRACE AMOUNT.




$$
