000
CDUS41 KOKX 262033
CLIJFK


CLIMATE REPORT
NATIONAL WEATHER SERVICE NEW YORK NY
433 PM EDT THU MAY 26 2016


...................................

...THE KENNEDY NY CLIMATE SUMMARY FOR MAY 26 2016...
VALID TODAY AS OF 0400 PM LOCAL TIME.

CLIMATE NORMAL PERIOD 1981 TO 2010
CLIMATE RECORD PERIOD 1949 TO 2016


WEATHER ITEM   OBSERVED TIME   RECORD YEAR NORMAL DEPARTURE LAST
                VALUE   (LST)  VALUE       VALUE  FROM      YEAR
                                                  NORMAL
..................................................................
TEMPERATURE (F)
 TODAY
  MAXIMUM         84   1237 PM  91    2010  72     12       76
                                      1965
  MINIMUM         62    332 AM  42    1967  56      6       60
  AVERAGE         73                        64      9       68

PRECIPITATION (IN)
  TODAY            0.00          1.69 2003   0.15  -0.15     0.00
  MONTH TO DATE    2.65                      3.23  -0.58     0.44
  SINCE MAR 1      5.28                     10.88  -5.60     6.93
  SINCE JAN 1     13.92                     16.63  -2.71    14.59

SNOWFALL (IN)
  TODAY            0.0          MM      MM   0.0    0.0      0.0
  MONTH TO DATE    0.0                       0.0    0.0      0.0
  SINCE OCT 1     41.4                      23.8   17.6     44.2
  SINCE JUL 1     41.4                      23.8   17.6     44.2
  SNOW DEPTH       0

DEGREE DAYS
 HEATING
  TODAY            0                         3     -3        0
  MONTH TO DATE  192                       154     38       77
  SINCE MAR 1   1136                      1294   -158     1279
  SINCE JUL 1   3890                      4805   -915     4971

 COOLING
  TODAY            8                         2      6        3
  MONTH TO DATE   19                        20     -1       35
  SINCE MAR 1     19                        23     -4       35
  SINCE JAN 1     19                        23     -4       35
..................................................................


WIND (MPH)
  HIGHEST WIND SPEED    21   HIGHEST WIND DIRECTION     S (190)
  HIGHEST GUST SPEED    25   HIGHEST GUST DIRECTION     S (190)
  AVERAGE WIND SPEED     8.4


SKY COVER
  AVERAGE SKY COVER 0.6


WEATHER CONDITIONS
 THE FOLLOWING WEATHER WAS RECORDED TODAY.
  NO SIGNIFICANT WEATHER WAS OBSERVED.


RELATIVE HUMIDITY (PERCENT)
 HIGHEST    78           300 AM
 LOWEST     35           300 PM
 AVERAGE    57

..........................................................


THE KENNEDY NY CLIMATE NORMALS FOR TOMORROW
                         NORMAL    RECORD    YEAR
 MAXIMUM TEMPERATURE (F)   72        86      1985
 MINIMUM TEMPERATURE (F)   56        42      1961


SUNRISE AND SUNSET
MAY 26 2016...........SUNRISE   529 AM EDT   SUNSET   816 PM EDT
MAY 27 2016...........SUNRISE   529 AM EDT   SUNSET   816 PM EDT


-  INDICATES NEGATIVE NUMBERS.
R  INDICATES RECORD WAS SET OR TIED.
MM INDICATES DATA IS MISSING.
T  INDICATES TRACE AMOUNT.




$$
