943
CDUS41 KOKX 180617
CLIJFK


CLIMATE REPORT
NATIONAL WEATHER SERVICE NEW YORK NY
117 AM EST MON DEC 18 2017


...................................

...THE KENNEDY NY CLIMATE SUMMARY FOR DECEMBER 17 2017...

CLIMATE NORMAL PERIOD 1981 TO 2010
CLIMATE RECORD PERIOD 1948 TO 2017


WEATHER ITEM   OBSERVED TIME   RECORD YEAR NORMAL DEPARTURE LAST
                VALUE   (LST)  VALUE       VALUE  FROM      YEAR
                                                  NORMAL
..................................................................
TEMPERATURE (F)
 YESTERDAY
  MAXIMUM         37    257 PM  59    2015  43     -6       40
                                      1984
  MINIMUM         32    747 AM  16    1973  31      1       27
  AVERAGE         35                        37     -2       34

PRECIPITATION (IN)
  YESTERDAY        0.00          1.17 2015   0.10  -0.10     0.74
  MONTH TO DATE    0.81                      1.94  -1.13     2.05
  SINCE DEC 1      0.81                      1.94  -1.13     2.05
  SINCE JAN 1     42.27                     41.32   0.95    35.00

SNOWFALL (IN)
  YESTERDAY        0.0           3.0  2016   0.2   -0.2      3.0
  MONTH TO DATE    6.1                       2.0    4.1      3.3
  SINCE OCT 1      6.1                       2.2    3.9      3.3
  SINCE JUL 1      6.1                       2.2    3.9      3.3
  SNOW DEPTH       0

DEGREE DAYS
 HEATING
  YESTERDAY       30                        28      2       31
  MONTH TO DATE  458                       430     28      432
  SINCE DEC 1    458                       430     28      432
  SINCE JUL 1   1143                      1254   -111     1072

 COOLING
  YESTERDAY        0                         0      0        0
  MONTH TO DATE    0                         0      0        0
  SINCE DEC 1      0                         0      0        0
  SINCE JAN 1   1174                      1005    169     1362
..................................................................


WIND (MPH)
  HIGHEST WIND SPEED    13   HIGHEST WIND DIRECTION     N (340)
  HIGHEST GUST SPEED    16   HIGHEST GUST DIRECTION    NW (330)
  AVERAGE WIND SPEED     4.8


SKY COVER
  POSSIBLE SUNSHINE  MM
  AVERAGE SKY COVER 0.9


WEATHER CONDITIONS
 THE FOLLOWING WEATHER WAS RECORDED YESTERDAY.
  NO SIGNIFICANT WEATHER WAS OBSERVED.


RELATIVE HUMIDITY (PERCENT)
 HIGHEST    75           500 PM
 LOWEST     59           300 PM
 AVERAGE    67

..........................................................


THE KENNEDY NY CLIMATE NORMALS FOR TODAY
                         NORMAL    RECORD    YEAR
 MAXIMUM TEMPERATURE (F)   43        64      1984
 MINIMUM TEMPERATURE (F)   31        16      1973


SUNRISE AND SUNSET
DECEMBER 18 2017......SUNRISE   714 AM EST   SUNSET   430 PM EST
DECEMBER 19 2017......SUNRISE   714 AM EST   SUNSET   430 PM EST


-  INDICATES NEGATIVE NUMBERS.
R  INDICATES RECORD WAS SET OR TIED.
MM INDICATES DATA IS MISSING.
T  INDICATES TRACE AMOUNT.




$$
