000
CDUS41 KOKX 220617
CLIJFK


CLIMATE REPORT
NATIONAL WEATHER SERVICE NEW YORK NY
117 AM EST SAT NOV 22 2014


...................................

...THE KENNEDY NY CLIMATE SUMMARY FOR NOVEMBER 21 2014...

CLIMATE NORMAL PERIOD 1981 TO 2010
CLIMATE RECORD PERIOD 1949 TO 2014


WEATHER ITEM   OBSERVED TIME   RECORD YEAR NORMAL DEPARTURE LAST
                VALUE   (LST)  VALUE       VALUE  FROM      YEAR
                                                  NORMAL
..................................................................
TEMPERATURE (F)
 YESTERDAY
  MAXIMUM         38    310 PM  66    1991  52    -14       52
  MINIMUM         28   1157 PM  19    1987  39    -11       31
  AVERAGE         33                        46    -13       42

PRECIPITATION (IN)
  YESTERDAY        0.00          0.69 1975   0.11  -0.11     0.00
  MONTH TO DATE    3.01                      2.24   0.77     0.50
  SINCE SEP 1      8.13                      9.36  -1.23     2.75
  SINCE JAN 1     42.24                     38.32   3.92    28.94

SNOWFALL (IN)
  YESTERDAY        0.0          MM      MM   0.0    0.0      0.0
  MONTH TO DATE    T                         0.0    0.0      0.2
  SINCE OCT 1      T                         0.0    0.0      0.2
  SINCE JUL 1      T                         0.0    0.0      0.2
  SNOW DEPTH       0

DEGREE DAYS
 HEATING
  YESTERDAY       32                        19     13       23
  MONTH TO DATE  406                       338     68      351
  SINCE SEP 1    600                       636    -36      582
  SINCE JUL 1    600                       637    -37      582

 COOLING
  YESTERDAY        0                         0      0        0
  MONTH TO DATE    0                         0      0        0
  SINCE SEP 1    187                       144     43      152
  SINCE JAN 1   1050                      1005     45     1111
..................................................................


WIND (MPH)
  HIGHEST WIND SPEED    25   HIGHEST WIND DIRECTION    NW (320)
  HIGHEST GUST SPEED    33   HIGHEST GUST DIRECTION     W (290)
  AVERAGE WIND SPEED    15.5


SKY COVER
  POSSIBLE SUNSHINE  MM
  AVERAGE SKY COVER 0.1


WEATHER CONDITIONS
 THE FOLLOWING WEATHER WAS RECORDED YESTERDAY.
  NO SIGNIFICANT WEATHER WAS OBSERVED.


RELATIVE HUMIDITY (PERCENT)
 HIGHEST    42           600 AM
 LOWEST     27           200 PM
 AVERAGE    35

..........................................................


THE KENNEDY NY CLIMATE NORMALS FOR TODAY
                         NORMAL    RECORD    YEAR
 MAXIMUM TEMPERATURE (F)   52        67      1983
 MINIMUM TEMPERATURE (F)   39        20      1987


SUNRISE AND SUNSET
NOVEMBER 22 2014......SUNRISE   650 AM EST   SUNSET   432 PM EST
NOVEMBER 23 2014......SUNRISE   651 AM EST   SUNSET   432 PM EST


-  INDICATES NEGATIVE NUMBERS.
R  INDICATES RECORD WAS SET OR TIED.
MM INDICATES DATA IS MISSING.
T  INDICATES TRACE AMOUNT.




$$
