000
CDUS41 KOKX 280622
CLIJFK


CLIMATE REPORT
NATIONAL WEATHER SERVICE NEW YORK NY
122 AM EST SUN DEC 28 2014


...................................

...THE KENNEDY NY CLIMATE SUMMARY FOR DECEMBER 27 2014...

CLIMATE NORMAL PERIOD 1981 TO 2010
CLIMATE RECORD PERIOD 1949 TO 2014


WEATHER ITEM   OBSERVED TIME   RECORD YEAR NORMAL DEPARTURE LAST
                VALUE   (LST)  VALUE       VALUE  FROM      YEAR
                                                  NORMAL
..................................................................
TEMPERATURE (F)
 YESTERDAY
  MAXIMUM         54    212 PM  59    1973  41     13       42
  MINIMUM         37    524 AM   8    1948  28      9       31
  AVERAGE         46                        35     11       37

PRECIPITATION (IN)
  YESTERDAY        0.00          0.81 1964   0.10  -0.10     0.00
  MONTH TO DATE    6.99                      3.00   3.99     3.32
  SINCE DEC 1      6.99                      3.00   3.99     3.32
  SINCE JAN 1     50.70                     42.38   8.32    34.30

SNOWFALL (IN)
  YESTERDAY        0.0           5.1  2010   0.2   -0.2      0.0
  MONTH TO DATE    0.3                       3.8   -3.5      6.7
  SINCE OCT 1      0.4                       4.0   -3.6      6.9
  SINCE JUL 1      0.4                       4.0   -3.6      6.9
  SNOW DEPTH       0

DEGREE DAYS
 HEATING
  YESTERDAY       19                        30    -11       28
  MONTH TO DATE  614                       722   -108      718
  SINCE DEC 1    614                       722   -108      718
  SINCE JUL 1   1398                      1546   -148     1532

 COOLING
  YESTERDAY        0                         0      0        0
  MONTH TO DATE    0                         0      0        0
  SINCE DEC 1      0                         0      0        0
  SINCE JAN 1   1050                      1005     45     1111
..................................................................


WIND (MPH)
  HIGHEST WIND SPEED    14   HIGHEST WIND DIRECTION     S (190)
  HIGHEST GUST SPEED    17   HIGHEST GUST DIRECTION     S (190)
  AVERAGE WIND SPEED     6.2


SKY COVER
  POSSIBLE SUNSHINE  MM
  AVERAGE SKY COVER 0.6


WEATHER CONDITIONS
 THE FOLLOWING WEATHER WAS RECORDED YESTERDAY.
  NO SIGNIFICANT WEATHER WAS OBSERVED.


RELATIVE HUMIDITY (PERCENT)
 HIGHEST    79           600 AM
 LOWEST     45           100 PM
 AVERAGE    62

..........................................................


THE KENNEDY NY CLIMATE NORMALS FOR TODAY
                         NORMAL    RECORD    YEAR
 MAXIMUM TEMPERATURE (F)   41        64      2008
 MINIMUM TEMPERATURE (F)   28        12      1960


SUNRISE AND SUNSET
DECEMBER 28 2014......SUNRISE   718 AM EST   SUNSET   435 PM EST
DECEMBER 29 2014......SUNRISE   718 AM EST   SUNSET   436 PM EST


-  INDICATES NEGATIVE NUMBERS.
R  INDICATES RECORD WAS SET OR TIED.
MM INDICATES DATA IS MISSING.
T  INDICATES TRACE AMOUNT.




$$
