000
CDUS41 KOKX 162132
CLIJFK


CLIMATE REPORT
NATIONAL WEATHER SERVICE NEW YORK NY
432 PM EST MON JAN 16 2017


...................................

...THE KENNEDY NY CLIMATE SUMMARY FOR JANUARY 16 2017...
VALID TODAY AS OF 0400 PM LOCAL TIME.

CLIMATE NORMAL PERIOD 1981 TO 2010
CLIMATE RECORD PERIOD 1948 TO 2017


WEATHER ITEM   OBSERVED TIME   RECORD YEAR NORMAL DEPARTURE LAST
                VALUE   (LST)  VALUE       VALUE  FROM      YEAR
                                                  NORMAL
..................................................................
TEMPERATURE (F)
 TODAY
  MAXIMUM         42    207 PM  56    2007  39      3       54
                                      1995
  MINIMUM         28    555 AM   1    2004  26      2       43
  AVERAGE         35                        32      3       49

PRECIPITATION (IN)
  TODAY            0.00          0.82 2013   0.11  -0.11     0.33
  MONTH TO DATE    1.73                      1.71   0.02     1.63
  SINCE DEC 1      4.79                      5.10  -0.31     6.42
  SINCE JAN 1      1.73                      1.71   0.02     1.63

SNOWFALL (IN)
  TODAY            0.0           6.1  1965   0.2   -0.2      0.0
  MONTH TO DATE   11.1                       3.2    7.9       T
  SINCE OCT 1     14.4                       8.1    6.3      0.1
  SINCE JUL 1     14.4                       8.1    6.3      0.1
  SNOW DEPTH       T

DEGREE DAYS
 HEATING
  TODAY           30                        33     -3       16
  MONTH TO DATE  458                       514    -56      449
  SINCE DEC 1   1240                      1359   -119      894
  SINCE JUL 1   1880                      2183   -303     1485

 COOLING
  TODAY            0                         0      0        0
  MONTH TO DATE    0                         0      0        0
  SINCE DEC 1      0                         0      0        0
  SINCE JAN 1      0                         0      0        0
..................................................................


WIND (MPH)
  HIGHEST WIND SPEED    12   HIGHEST WIND DIRECTION     S (200)
  HIGHEST GUST SPEED    14   HIGHEST GUST DIRECTION    SW (220)
  AVERAGE WIND SPEED     5.2


SKY COVER
  AVERAGE SKY COVER 0.4


WEATHER CONDITIONS
 THE FOLLOWING WEATHER WAS RECORDED TODAY.
  NO SIGNIFICANT WEATHER WAS OBSERVED.


RELATIVE HUMIDITY (PERCENT)
 HIGHEST    69           400 AM
 LOWEST     43           200 PM
 AVERAGE    56

..........................................................


THE KENNEDY NY CLIMATE NORMALS FOR TOMORROW
                         NORMAL    RECORD    YEAR
 MAXIMUM TEMPERATURE (F)   39        55      1973
 MINIMUM TEMPERATURE (F)   26        -1      1982
                                             1977


SUNRISE AND SUNSET
JANUARY 16 2017.......SUNRISE   716 AM EST   SUNSET   454 PM EST
JANUARY 17 2017.......SUNRISE   716 AM EST   SUNSET   455 PM EST


-  INDICATES NEGATIVE NUMBERS.
R  INDICATES RECORD WAS SET OR TIED.
MM INDICATES DATA IS MISSING.
T  INDICATES TRACE AMOUNT.




$$
