000
CDUS41 KOKX 300616
CLIJFK


CLIMATE REPORT
NATIONAL WEATHER SERVICE NEW YORK NY
216 AM EDT THU MAR 30 2017


...................................

...THE KENNEDY NY CLIMATE SUMMARY FOR MARCH 29 2017...

CLIMATE NORMAL PERIOD 1981 TO 2010
CLIMATE RECORD PERIOD 1948 TO 2017


WEATHER ITEM   OBSERVED TIME   RECORD YEAR NORMAL DEPARTURE LAST
                VALUE   (LST)  VALUE       VALUE  FROM      YEAR
                                                  NORMAL
..................................................................
TEMPERATURE (F)
 YESTERDAY
  MAXIMUM         61    330 PM  82    1998  53      8       55
  MINIMUM         42   1159 PM  26    1959  38      4       40
  AVERAGE         52                        46      6       48

PRECIPITATION (IN)
  YESTERDAY        0.00          2.60 2014   0.13  -0.13     0.00
  MONTH TO DATE    3.71                      3.52   0.19     1.39
  SINCE MAR 1      3.71                      3.52   0.19     1.39
  SINCE JAN 1      9.93                      9.27   0.66    10.03

SNOWFALL (IN)
  YESTERDAY        0.0           4.1  1974   0.1   -0.1      0.0
  MONTH TO DATE    7.5                       3.4    4.1      1.9
  SINCE OCT 1     30.9                      22.9    8.0     41.4
  SINCE JUL 1     30.9                      22.9    8.0     41.4
  SNOW DEPTH       0

DEGREE DAYS
 HEATING
  YESTERDAY       13                        20     -7       17
  MONTH TO DATE  743                       686     57      502
  SINCE MAR 1    743                       686     57      502
  SINCE JUL 1   3661                      4197   -536     3256

 COOLING
  YESTERDAY        0                         0      0        0
  MONTH TO DATE    0                         0      0        0
  SINCE MAR 1      0                         0      0        0
  SINCE JAN 1      0                         0      0        0
..................................................................


WIND (MPH)
  HIGHEST WIND SPEED    26   HIGHEST WIND DIRECTION    NW (330)
  HIGHEST GUST SPEED    31   HIGHEST GUST DIRECTION    NW (330)
  AVERAGE WIND SPEED    16.3


SKY COVER
  POSSIBLE SUNSHINE  MM
  AVERAGE SKY COVER 0.5


WEATHER CONDITIONS
 THE FOLLOWING WEATHER WAS RECORDED YESTERDAY.
  NO SIGNIFICANT WEATHER WAS OBSERVED.


RELATIVE HUMIDITY (PERCENT)
 HIGHEST    93           300 AM
 LOWEST     32           300 PM
 AVERAGE    63

..........................................................


THE KENNEDY NY CLIMATE NORMALS FOR TODAY
                         NORMAL    RECORD    YEAR
 MAXIMUM TEMPERATURE (F)   53        72      1979
                                             1949
 MINIMUM TEMPERATURE (F)   38        22      1970


SUNRISE AND SUNSET
MARCH 30 2017.........SUNRISE   642 AM EDT   SUNSET   718 PM EDT
MARCH 31 2017.........SUNRISE   640 AM EDT   SUNSET   719 PM EDT


-  INDICATES NEGATIVE NUMBERS.
R  INDICATES RECORD WAS SET OR TIED.
MM INDICATES DATA IS MISSING.
T  INDICATES TRACE AMOUNT.




$$
