000
CDUS43 KJKL 020548
CLIJKL

CLIMATE REPORT
NATIONAL WEATHER SERVICE JACKSON KY
148 AM EDT SAT AUG 2 2014

...................................

...THE JACKSON KY CLIMATE SUMMARY FOR AUGUST 1 2014...

CLIMATE NORMAL PERIOD 1981 TO 2010
CLIMATE RECORD PERIOD 1981 TO 2014

WEATHER ITEM   OBSERVED TIME   RECORD YEAR NORMAL DEPARTURE LAST
                VALUE   (LST)  VALUE       VALUE  FROM      YEAR
                                                  NORMAL
..................................................................
TEMPERATURE (F)
 YESTERDAY
  MAXIMUM         84    328 PM  97    1995  84      0       81
  MINIMUM         64    638 AM  57    1992  66     -2       65
  AVERAGE         74                        75     -1       73

PRECIPITATION (IN)
  YESTERDAY        0.17          1.16 1999   0.14   0.03     0.01
  MONTH TO DATE    0.17                      0.14   0.03     0.01
  SINCE JUN 1      9.06                      9.49  -0.43    12.99
  SINCE JAN 1     29.92                     30.00  -0.08    33.19

SNOWFALL (IN)
  YESTERDAY        0.0                       0.0    0.0      0.0
  MONTH TO DATE    0.0                       0.0    0.0      0.0
  SINCE JUN 1      0.0                       0.0    0.0      0.0
  SINCE JUL 1      0.0                       0.0    0.0      0.0
  SNOW DEPTH       0

DEGREE DAYS
 HEATING
  YESTERDAY        0                         0      0        0
  MONTH TO DATE    0                         0      0        0
  SINCE JUN 1      3                        12     -9        0
  SINCE JUL 1      3                         0      3        0

 COOLING
  YESTERDAY        9                        10     -1        8
  MONTH TO DATE    9                        10     -1        8
  SINCE JUN 1    545                       554     -9      505
  SINCE JAN 1    736                       690     46      653
..................................................................

WIND (MPH)
  HIGHEST WIND SPEED    13   HIGHEST WIND DIRECTION    NW (310)
  HIGHEST GUST SPEED    17   HIGHEST GUST DIRECTION    NW (310)
  AVERAGE WIND SPEED     0.9

SKY COVER
  POSSIBLE SUNSHINE  MM
  AVERAGE SKY COVER 0.4

WEATHER CONDITIONS
 THE FOLLOWING WEATHER WAS RECORDED YESTERDAY.
  THUNDERSTORM
  HEAVY RAIN
  RAIN
  LIGHT RAIN
  FOG

RELATIVE HUMIDITY (PERCENT)
 HIGHEST    84           400 AM
 LOWEST     51           300 PM
 AVERAGE    68
..........................................................

THE JACKSON KY CLIMATE NORMALS FOR TODAY
                         NORMAL    RECORD    YEAR
 MAXIMUM TEMPERATURE (F)   84        97      2006
 MINIMUM TEMPERATURE (F)   66        56      1992

SUNRISE AND SUNSET
AUGUST  2 2014........SUNRISE   638 AM EDT   SUNSET   841 PM EDT
AUGUST  3 2014........SUNRISE   639 AM EDT   SUNSET   839 PM EDT

-  INDICATES NEGATIVE NUMBERS.
R  INDICATES RECORD WAS SET OR TIED.
MM INDICATES DATA IS MISSING.
T  INDICATES TRACE AMOUNT.

$$

ABE
