000
CDUS43 KJKL 191045
CLIJKL

CLIMATE REPORT
NATIONAL WEATHER SERVICE JACKSON KY
645 AM EDT THU OCT 19 2017

...................................

...THE JACKSON KY CLIMATE SUMMARY FOR OCTOBER 18 2017...

CLIMATE NORMAL PERIOD 1981 TO 2010
CLIMATE RECORD PERIOD 1981 TO 2017


WEATHER ITEM   OBSERVED TIME   RECORD YEAR NORMAL DEPARTURE LAST
                VALUE   (LST)  VALUE       VALUE  FROM      YEAR
                                                  NORMAL
..................................................................

TEMPERATURE (F)
 YESTERDAY
  MAXIMUM         71    243 PM  87    2016  68      3       87
  MINIMUM         42    542 AM  31    2015  47     -5       65
  AVERAGE         57                        57      0       76

PRECIPITATION (IN)
  YESTERDAY        0.00          1.07 1989   0.09  -0.09     0.00
  MONTH TO DATE    3.17                      1.79   1.38     0.19
  SINCE SEP 1      6.50                      5.25   1.25     1.51
  SINCE JAN 1     44.82                     38.80   6.02    42.50

SNOWFALL (IN)
  YESTERDAY        0.0                       0.0    0.0      0.0
  MONTH TO DATE    0.0                       0.0    0.0      0.0
  SINCE SEP 1      0.0                       0.0    0.0      0.0
  SINCE JUL 1      0.0                       0.0    0.0      0.0
  SNOW DEPTH       0

DEGREE DAYS
 HEATING
  YESTERDAY        8                         8      0        0
  MONTH TO DATE   42                       116    -74       44
  SINCE SEP 1     76                       166    -90       60
  SINCE JUL 1     76                       168    -92       60

 COOLING
  YESTERDAY        0                         1     -1       11
  MONTH TO DATE   59                        24     35       47
  SINCE SEP 1    193                       167     26      295
  SINCE JAN 1   1195                      1145     50     1527
..................................................................

WIND (MPH)
  HIGHEST WIND SPEED     7   HIGHEST WIND DIRECTION     S (160)
  HIGHEST GUST SPEED    12   HIGHEST GUST DIRECTION     S (180)
  AVERAGE WIND SPEED     0.7


SKY COVER
  POSSIBLE SUNSHINE  MM
  AVERAGE SKY COVER 0.0


WEATHER CONDITIONS
 THE FOLLOWING WEATHER WAS RECORDED YESTERDAY.
  NO SIGNIFICANT WEATHER WAS OBSERVED.


RELATIVE HUMIDITY (PERCENT)
 HIGHEST    89           600 AM
 LOWEST     36           300 PM
 AVERAGE    63
..........................................................

THE JACKSON KY CLIMATE NORMALS FOR TODAY
                         NORMAL    RECORD    YEAR
 MAXIMUM TEMPERATURE (F)   67        87      2016
 MINIMUM TEMPERATURE (F)   47        28      1992


SUNRISE AND SUNSET
OCTOBER 19 2017.......SUNRISE   746 AM EDT   SUNSET   650 PM EDT
OCTOBER 20 2017.......SUNRISE   746 AM EDT   SUNSET   649 PM EDT


-  INDICATES NEGATIVE NUMBERS.
R  INDICATES RECORD WAS SET OR TIED.
MM INDICATES DATA IS MISSING.
T  INDICATES TRACE AMOUNT.
$$
