000
CDUS43 KJKL 300524
CLIJKL

CLIMATE REPORT
NATIONAL WEATHER SERVICE JACKSON KY
123 AM EDT THU OCT 30 2014

...................................

...THE JACKSON KY CLIMATE SUMMARY FOR OCTOBER 29 2014...

CLIMATE NORMAL PERIOD 1981 TO 2010
CLIMATE RECORD PERIOD 1981 TO 2014


WEATHER ITEM   OBSERVED TIME   RECORD YEAR NORMAL DEPARTURE LAST
                VALUE   (LST)  VALUE       VALUE  FROM      YEAR
                                                  NORMAL
..................................................................
TEMPERATURE (F)
 YESTERDAY
  MAXIMUM         63    245 PM  80    1991  64     -1       63
  MINIMUM         47   1159 PM  30    2008  45      2       53
  AVERAGE         55                        54      1       58

PRECIPITATION (IN)
  YESTERDAY        0.24          1.30 2002   0.11   0.13     0.02
  MONTH TO DATE    7.52                      2.97   4.55     1.65
  SINCE SEP 1      9.87                      6.43   3.44     2.92
  SINCE JAN 1     48.17                     39.98   8.19    46.14

SNOWFALL (IN)
  YESTERDAY        0.0                       0.0    0.0      0.0
  MONTH TO DATE    0.0                       0.1   -0.1      0.1
  SINCE SEP 1      0.0                       0.1   -0.1      0.1
  SINCE JUL 1      0.0                       0.1   -0.1      0.1
  SNOW DEPTH       0

DEGREE DAYS
 HEATING
  YESTERDAY       10                        11     -1        7
  MONTH TO DATE  220                       222     -2      237
  SINCE SEP 1    253                       272    -19      265
  SINCE JUL 1    256                       274    -18      267

 COOLING
  YESTERDAY        0                         0      0        0
  MONTH TO DATE   19                        30    -11       42
  SINCE SEP 1    164                       173     -9      173
  SINCE JAN 1   1165                      1151     14     1068
..................................................................


WIND (MPH)
  HIGHEST WIND SPEED    16   HIGHEST WIND DIRECTION     W (280)
  HIGHEST GUST SPEED    23   HIGHEST GUST DIRECTION     W (280)
  AVERAGE WIND SPEED     3.6


SKY COVER
  POSSIBLE SUNSHINE  MM
  AVERAGE SKY COVER 0.5


WEATHER CONDITIONS
 THE FOLLOWING WEATHER WAS RECORDED YESTERDAY.
  HEAVY RAIN
  RAIN
  LIGHT RAIN
  FOG
  FOG W/VISIBILITY <= 1/4 MILE


RELATIVE HUMIDITY (PERCENT)
 HIGHEST   100           800 AM
 LOWEST     33           500 PM
 AVERAGE    67

..........................................................


THE JACKSON KY CLIMATE NORMALS FOR TODAY
                         NORMAL    RECORD    YEAR
 MAXIMUM TEMPERATURE (F)   64        82      2009
 MINIMUM TEMPERATURE (F)   44        30      2008


SUNRISE AND SUNSET
OCTOBER 30 2014.......SUNRISE   756 AM EDT   SUNSET   637 PM EDT
OCTOBER 31 2014.......SUNRISE   757 AM EDT   SUNSET   636 PM EDT


-  INDICATES NEGATIVE NUMBERS.
R  INDICATES RECORD WAS SET OR TIED.
MM INDICATES DATA IS MISSING.
T  INDICATES TRACE AMOUNT.




$$
