613
CDUS43 KJKL 270525
CLIJKL

CLIMATE REPORT
NATIONAL WEATHER SERVICE JACKSON KY
125 AM EDT THU APR 27 2017

...................................

...THE JACKSON KY CLIMATE SUMMARY FOR APRIL 26 2017...

CLIMATE NORMAL PERIOD 1981 TO 2010
CLIMATE RECORD PERIOD 1981 TO 2017

WEATHER ITEM   OBSERVED TIME   RECORD YEAR NORMAL DEPARTURE LAST
                VALUE   (LST)  VALUE       VALUE  FROM      YEAR
                                                  NORMAL
..................................................................
TEMPERATURE (F)
 YESTERDAY
  MAXIMUM         85    433 PM  90    1986  71     14       84
  MINIMUM         55    615 AM  39    2002  50      5       61
  AVERAGE         70                        60     10       73

PRECIPITATION (IN)
  YESTERDAY        0.00          0.66 1996   0.14  -0.14     0.42
  MONTH TO DATE    3.97                      3.29   0.68     1.60
  SINCE MAR 1      8.39                      7.41   0.98     3.98
  SINCE JAN 1     15.96                     14.77   1.19    13.54

SNOWFALL (IN)
  YESTERDAY        0.0           0.0  2002   0.0    0.0      0.0
  MONTH TO DATE    0.0                       1.0   -1.0      0.1
  SINCE MAR 1      0.2                       3.9   -3.7      2.9
  SINCE JUL 1      4.8                      23.5  -18.7     32.5
  SNOW DEPTH       0

DEGREE DAYS
 HEATING
  YESTERDAY        0                         6     -6        0
  MONTH TO DATE  121                       246   -125      218
  SINCE MAR 1    629                       799   -170      557
  SINCE JUL 1   3121                      4099   -978     3311

 COOLING
  YESTERDAY        5                         2      3        8
  MONTH TO DATE   57                        33     24       40
  SINCE MAR 1     63                        40     23       48
  SINCE JAN 1     65                        40     25       48
..................................................................

WIND (MPH)
  HIGHEST WIND SPEED     9   HIGHEST WIND DIRECTION    SE (150)
  HIGHEST GUST SPEED    16   HIGHEST GUST DIRECTION    SE (140)
  AVERAGE WIND SPEED     1.8

SKY COVER
  POSSIBLE SUNSHINE  MM
  AVERAGE SKY COVER 0.0

WEATHER CONDITIONS
 THE FOLLOWING WEATHER WAS RECORDED YESTERDAY.
  NO SIGNIFICANT WEATHER WAS OBSERVED.

RELATIVE HUMIDITY (PERCENT)
 HIGHEST    93           300 AM
 LOWEST     37           400 PM
 AVERAGE    65
..........................................................

THE JACKSON KY CLIMATE NORMALS FOR TODAY
                         NORMAL    RECORD    YEAR
 MAXIMUM TEMPERATURE (F)   71        92      1986
 MINIMUM TEMPERATURE (F)   50        36      1993

SUNRISE AND SUNSET
APRIL 27 2017.........SUNRISE   642 AM EDT   SUNSET   820 PM EDT
APRIL 28 2017.........SUNRISE   641 AM EDT   SUNSET   821 PM EDT

-  INDICATES NEGATIVE NUMBERS.
R  INDICATES RECORD WAS SET OR TIED.
MM INDICATES DATA IS MISSING.
T  INDICATES TRACE AMOUNT.

$$

GEOGERIAN
