000
CDUS43 KJKL 270532
CLIJKL

CLIMATE REPORT
NATIONAL WEATHER SERVICE JACKSON KY
130 AM EDT MON MAR 27 2017

...................................

...THE JACKSON KY CLIMATE SUMMARY FOR MARCH 26 2017...

CLIMATE NORMAL PERIOD 1981 TO 2010
CLIMATE RECORD PERIOD 1981 TO 2017

WEATHER ITEM   OBSERVED TIME   RECORD YEAR NORMAL DEPARTURE LAST
                VALUE   (LST)  VALUE       VALUE  FROM      YEAR
                                                  NORMAL
..................................................................
TEMPERATURE (F)
 YESTERDAY
  MAXIMUM         68   1238 PM  81    2007  61      7       73
  MINIMUM         55    724 AM  20    2014  40     15       36
  AVERAGE         62                        51     11       55

PRECIPITATION (IN)
  YESTERDAY        0.61          0.80 2002   0.13   0.48     0.00
  MONTH TO DATE    3.08                      3.46  -0.38     1.55
  SINCE MAR 1      3.08                      3.46  -0.38     1.55
  SINCE JAN 1     10.65                     10.82  -0.17    11.11

SNOWFALL (IN)
  YESTERDAY        0.0           1.2  2013   0.1   -0.1      0.0
  MONTH TO DATE    0.2                       2.6   -2.4      2.8
  SINCE MAR 1      0.2                       2.6   -2.4      2.8
  SINCE JUL 1      4.8                      22.2  -17.4     32.4
  SNOW DEPTH       0

DEGREE DAYS
 HEATING
  YESTERDAY        3                        15    -12       10
  MONTH TO DATE  488                       485      3      308
  SINCE MAR 1    488                       485      3      308
  SINCE JUL 1   2980                      3785   -805     3062

 COOLING
  YESTERDAY        0                         0      0        0
  MONTH TO DATE    5                         0      5        7
  SINCE MAR 1      5                         0      5        7
  SINCE JAN 1      7                         0      7        7
..................................................................

WIND (MPH)
  HIGHEST WIND SPEED    15   HIGHEST WIND DIRECTION     S (180)
  HIGHEST GUST SPEED    24   HIGHEST GUST DIRECTION    SE (150)
  AVERAGE WIND SPEED     4.3

SKY COVER
  POSSIBLE SUNSHINE  MM
  AVERAGE SKY COVER 0.8

WEATHER CONDITIONS
 THE FOLLOWING WEATHER WAS RECORDED YESTERDAY.
  THUNDERSTORM
  HEAVY RAIN
  RAIN
  LIGHT RAIN
  FOG

RELATIVE HUMIDITY (PERCENT)
 HIGHEST    93           800 AM
 LOWEST     48           200 AM
 AVERAGE    71
..........................................................

THE JACKSON KY CLIMATE NORMALS FOR TODAY
                         NORMAL    RECORD    YEAR
 MAXIMUM TEMPERATURE (F)   62        84      1998
                                             1989
 MINIMUM TEMPERATURE (F)   41        23      2001

SUNRISE AND SUNSET
MARCH 27 2017.........SUNRISE   726 AM EDT   SUNSET   752 PM EDT
MARCH 28 2017.........SUNRISE   724 AM EDT   SUNSET   753 PM EDT

-  INDICATES NEGATIVE NUMBERS.
R  INDICATES RECORD WAS SET OR TIED.
MM INDICATES DATA IS MISSING.
T  INDICATES TRACE AMOUNT.

$$
GREIF
