000
CDUS43 KJKL 210533
CLIJKL

CLIMATE REPORT
NATIONAL WEATHER SERVICE JACKSON KY
1233 AM EST TUE FEB 21 2017

...................................

...THE JACKSON KY CLIMATE SUMMARY FOR FEBRUARY 20 2017...

CLIMATE NORMAL PERIOD 1981 TO 2010
CLIMATE RECORD PERIOD 1981 TO 2017

WEATHER ITEM   OBSERVED TIME   RECORD YEAR NORMAL DEPARTURE LAST
                VALUE   (LST)  VALUE       VALUE  FROM      YEAR
                                                  NORMAL
..................................................................
TEMPERATURE (F)
 YESTERDAY
  MAXIMUM         70    434 PM  73    1997  49     21       70
  MINIMUM         43    724 AM  -7    2015  31     12       55
  AVERAGE         57                        40     17       63

PRECIPITATION (IN)
  YESTERDAY        0.00          1.07 1989   0.14  -0.14     0.01
  MONTH TO DATE    1.28                      2.66  -1.38     4.74
  SINCE DEC 1     12.15                     10.45   1.70    12.67
  SINCE JAN 1      5.99                      6.27  -0.28     8.03

SNOWFALL (IN)
  YESTERDAY        0.0           0.4  2006   0.2   -0.2      0.0
                                      2005
                                      1999
  MONTH TO DATE    T                         5.4   -5.4      7.4
  SINCE DEC 1      4.6                      17.4  -12.8     28.8
  SINCE JUL 1      4.6                      18.0  -13.4     28.8
  SNOW DEPTH       0

DEGREE DAYS
 HEATING
  YESTERDAY        8                        25    -17        2
  MONTH TO DATE  389                       544   -155      569
  SINCE DEC 1   1884                      2310   -426     1983
  SINCE JUL 1   2410                      3110   -700     2581

 COOLING
  YESTERDAY        0                         0      0        0
  MONTH TO DATE    0                         0      0        0
  SINCE DEC 1      0                         1     -1        2
  SINCE JAN 1      0                         0      0        0
..................................................................

WIND (MPH)
  HIGHEST WIND SPEED     7   HIGHEST WIND DIRECTION     E (100)
  HIGHEST GUST SPEED    10   HIGHEST GUST DIRECTION    SE (120)
  AVERAGE WIND SPEED     3.4

SKY COVER
  POSSIBLE SUNSHINE  MM
  AVERAGE SKY COVER 0.0

WEATHER CONDITIONS
 THE FOLLOWING WEATHER WAS RECORDED YESTERDAY.
  NO SIGNIFICANT WEATHER WAS OBSERVED.

RELATIVE HUMIDITY (PERCENT)
 HIGHEST    92           800 AM
 LOWEST     31           500 PM
 AVERAGE    62

..........................................................

THE JACKSON KY CLIMATE NORMALS FOR TODAY
                         NORMAL    RECORD    YEAR
 MAXIMUM TEMPERATURE (F)   49        72      1997
 MINIMUM TEMPERATURE (F)   31        14      1988

SUNRISE AND SUNSET
FEBRUARY 21 2017......SUNRISE   715 AM EST   SUNSET   619 PM EST
FEBRUARY 22 2017......SUNRISE   714 AM EST   SUNSET   620 PM EST

-  INDICATES NEGATIVE NUMBERS.
R  INDICATES RECORD WAS SET OR TIED.
MM INDICATES DATA IS MISSING.
T  INDICATES TRACE AMOUNT.

$$
