000
CDUS43 KSGF 260626
CLIJLN


CLIMATE REPORT
NATIONAL WEATHER SERVICE SPRINGFIELD MO
126 AM CDT FRI AUG 26 2016


...................................

...THE JOPLIN MO CLIMATE SUMMARY FOR AUGUST 25 2016...

CLIMATE NORMAL PERIOD 1981 TO 2010
CLIMATE RECORD PERIOD 1902 TO 2016


WEATHER ITEM   OBSERVED TIME   RECORD YEAR NORMAL DEPARTURE LAST
                VALUE   (LST)  VALUE       VALUE  FROM      YEAR
                                                  NORMAL
..................................................................
TEMPERATURE (F)
 YESTERDAY
  MAXIMUM         91    153 PM 101    1983  90      1       83
                                      2003
  MINIMUM         69    938 PM  53    1958  67      2       54
  AVERAGE         80                        79      1       69

PRECIPITATION (IN)
  YESTERDAY        0.55          1.50 1978   0.12   0.43     0.00
  MONTH TO DATE    3.44                      2.60   0.84     8.23
  SINCE JUN 1     14.86                     12.27   2.59    20.99
  SINCE JAN 1     28.96                     30.22  -1.26    38.70

DEGREE DAYS
 HEATING
  YESTERDAY        0                         0      0        0
  MONTH TO DATE    0                         0      0        1
  SINCE JUN 1      0                         5     -5        1
  SINCE JUL 1      0                         0      0        1

 COOLING
  YESTERDAY       15                        14      1        4
  MONTH TO DATE  369                       382    -13      294
  SINCE JUN 1   1287                      1173    114     1183
  SINCE JAN 1   1401                      1353     48     1327
..................................................................


WIND (MPH)
  HIGHEST WIND SPEED    29   HIGHEST WIND DIRECTION    NW (310)
  HIGHEST GUST SPEED    37   HIGHEST GUST DIRECTION     N (340)
  AVERAGE WIND SPEED     9.1


SKY COVER
  AVERAGE SKY COVER 0.1


WEATHER CONDITIONS
 THE FOLLOWING WEATHER WAS RECORDED YESTERDAY.
  THUNDERSTORM
  HEAVY RAIN
  RAIN
  LIGHT RAIN
  FOG


RELATIVE HUMIDITY (PERCENT)
 HIGHEST    90           600 AM
 LOWEST     52          1200 PM
 AVERAGE    71

..........................................................


THE JOPLIN MO CLIMATE NORMALS FOR TODAY
                         NORMAL    RECORD    YEAR
 MAXIMUM TEMPERATURE (F)   90       101      1983
                                             2000
                                             2003
 MINIMUM TEMPERATURE (F)   67        51      1962


SUNRISE AND SUNSET
AUGUST 26 2016........SUNRISE   644 AM CDT   SUNSET   754 PM CDT
AUGUST 27 2016........SUNRISE   645 AM CDT   SUNSET   753 PM CDT


-  INDICATES NEGATIVE NUMBERS.
R  INDICATES RECORD WAS SET OR TIED.
MM INDICATES DATA IS MISSING.
T  INDICATES TRACE AMOUNT.




$$
