000
CDUS43 KSGF 270629
CLIJLN


CLIMATE REPORT
NATIONAL WEATHER SERVICE SPRINGFIELD MO
129 AM CDT TUE SEP 27 2016


...................................

...THE JOPLIN MO CLIMATE SUMMARY FOR SEPTEMBER 26 2016...

CLIMATE NORMAL PERIOD 1981 TO 2010
CLIMATE RECORD PERIOD 1902 TO 2016


WEATHER ITEM   OBSERVED TIME   RECORD YEAR NORMAL DEPARTURE LAST
                VALUE   (LST)  VALUE       VALUE  FROM      YEAR
                                                  NORMAL
..................................................................
TEMPERATURE (F)
 YESTERDAY
  MAXIMUM         73    337 PM  93    1953  78     -5       83
  MINIMUM         50   1150 PM  38    2000  55     -5       53
  AVERAGE         62                        66     -4       68

PRECIPITATION (IN)
  YESTERDAY        0.01          2.15 1996   0.16  -0.15     0.00
  MONTH TO DATE    2.74                      4.31  -1.57     1.12
  SINCE SEP 1      2.74                      4.31  -1.57     1.12
  SINCE JAN 1     32.52                     35.28  -2.76    39.82

DEGREE DAYS
 HEATING
  YESTERDAY        3                         3      0        0
  MONTH TO DATE    3                        25    -22        5
  SINCE SEP 1      3                        25    -22        5
  SINCE JUL 1      3                        26    -23        6

 COOLING
  YESTERDAY        0                         4     -4        3
  MONTH TO DATE  257                       199     58      247
  SINCE SEP 1    257                       199     58      247
  SINCE JAN 1   1744                      1626    118     1633
..................................................................


WIND (MPH)
  HIGHEST WIND SPEED    14   HIGHEST WIND DIRECTION     N (340)
  HIGHEST GUST SPEED    20   HIGHEST GUST DIRECTION    NE (40)
  AVERAGE WIND SPEED     3.8


SKY COVER
  AVERAGE SKY COVER 0.0


WEATHER CONDITIONS
 THE FOLLOWING WEATHER WAS RECORDED YESTERDAY.
  LIGHT RAIN
  FOG


RELATIVE HUMIDITY (PERCENT)
 HIGHEST   100           500 AM
 LOWEST     31           400 PM
 AVERAGE    66

..........................................................


THE JOPLIN MO CLIMATE NORMALS FOR TODAY
                         NORMAL    RECORD    YEAR
 MAXIMUM TEMPERATURE (F)   78        95      1953
 MINIMUM TEMPERATURE (F)   54        41      1967
                                             1985
                                             1989


SUNRISE AND SUNSET
SEPTEMBER 27 2016.....SUNRISE   710 AM CDT   SUNSET   706 PM CDT
SEPTEMBER 28 2016.....SUNRISE   711 AM CDT   SUNSET   705 PM CDT


-  INDICATES NEGATIVE NUMBERS.
R  INDICATES RECORD WAS SET OR TIED.
MM INDICATES DATA IS MISSING.
T  INDICATES TRACE AMOUNT.




$$
