000
CDUS43 KSGF 050701
CLIJLN


CLIMATE REPORT
NATIONAL WEATHER SERVICE SPRINGFIELD MO
101 AM CST MON DEC 5 2016


...................................

...THE JOPLIN MO CLIMATE SUMMARY FOR DECEMBER 4 2016...

CLIMATE NORMAL PERIOD 1981 TO 2010
CLIMATE RECORD PERIOD 1902 TO 2016


WEATHER ITEM   OBSERVED TIME   RECORD YEAR NORMAL DEPARTURE LAST
                VALUE   (LST)  VALUE       VALUE  FROM      YEAR
                                                  NORMAL
..................................................................
TEMPERATURE (F)
 YESTERDAY
  MAXIMUM         47    245 PM  74    2001  50     -3       58
  MINIMUM         30    946 PM  11    2006  30      0       33
  AVERAGE         39                        40     -1       46

PRECIPITATION (IN)
  YESTERDAY        0.15          3.59 1999   0.10   0.05     0.00
  MONTH TO DATE    0.21                      0.43  -0.22     0.00
  SINCE DEC 1      0.21                      0.43  -0.22     0.00
  SINCE JAN 1     38.85                     44.16  -5.31    48.63

DEGREE DAYS
 HEATING
  YESTERDAY       26                        25      1       19
  MONTH TO DATE   87                        97    -10       97
  SINCE DEC 1     87                        97    -10       97
  SINCE JUL 1    542                       854   -312      715

 COOLING
  YESTERDAY        0                         0      0        0
  MONTH TO DATE    0                         0      0        0
  SINCE DEC 1      0                         0      0        0
  SINCE JAN 1   1878                      1698    180     1703
..................................................................


WIND (MPH)
  HIGHEST WIND SPEED    15   HIGHEST WIND DIRECTION     W (290)
  HIGHEST GUST SPEED    17   HIGHEST GUST DIRECTION     W (290)
  AVERAGE WIND SPEED     4.8


SKY COVER
  AVERAGE SKY COVER 0.7


WEATHER CONDITIONS
 THE FOLLOWING WEATHER WAS RECORDED YESTERDAY.
  LIGHT RAIN
  FOG


RELATIVE HUMIDITY (PERCENT)
 HIGHEST   100          1200 AM
 LOWEST     71           400 PM
 AVERAGE    86

..........................................................


THE JOPLIN MO CLIMATE NORMALS FOR TODAY
                         NORMAL    RECORD    YEAR
 MAXIMUM TEMPERATURE (F)   50        76      1998
 MINIMUM TEMPERATURE (F)   30         9      1950


SUNRISE AND SUNSET
DECEMBER  5 2016......SUNRISE   717 AM CST   SUNSET   501 PM CST
DECEMBER  6 2016......SUNRISE   718 AM CST   SUNSET   501 PM CST


-  INDICATES NEGATIVE NUMBERS.
R  INDICATES RECORD WAS SET OR TIED.
MM INDICATES DATA IS MISSING.
T  INDICATES TRACE AMOUNT.




$$
