000
CDUS43 KSGF 220636
CLIJLN


CLIMATE REPORT
NATIONAL WEATHER SERVICE SPRINGFIELD MO
1236 AM CST SUN JAN 22 2017


...................................

...THE JOPLIN MO CLIMATE SUMMARY FOR JANUARY 21 2017...

CLIMATE NORMAL PERIOD 1981 TO 2010
CLIMATE RECORD PERIOD 1902 TO 2017


WEATHER ITEM   OBSERVED TIME   RECORD YEAR NORMAL DEPARTURE LAST
                VALUE   (LST)  VALUE       VALUE  FROM      YEAR
                                                  NORMAL
..................................................................
TEMPERATURE (F)
 YESTERDAY
  MAXIMUM         62    427 PM  73    1957  45     17       32
  MINIMUM         37    744 AM -11    1984  25     12       24
  AVERAGE         50                        35     15       28

PRECIPITATION (IN)
  YESTERDAY        0.31          0.69 2010   0.06   0.25      T
  MONTH TO DATE    2.78                      1.39   1.39     0.30
  SINCE DEC 1      3.37                      4.21  -0.84    10.07
  SINCE JAN 1      2.78                      1.39   1.39     0.30

DEGREE DAYS
 HEATING
  YESTERDAY       15                        30    -15       37
  MONTH TO DATE  548                       630    -82      647
  SINCE DEC 1   1425                      1490    -65     1284
  SINCE JUL 1   1880                      2247   -367     1902

 COOLING
  YESTERDAY        0                         0      0        0
  MONTH TO DATE    0                         0      0        0
  SINCE DEC 1      0                         0      0        3
  SINCE JAN 1      0                         0      0        0
..................................................................


WIND (MPH)
  HIGHEST WIND SPEED    20   HIGHEST WIND DIRECTION     S (190)
  HIGHEST GUST SPEED    24   HIGHEST GUST DIRECTION     S (190)
  AVERAGE WIND SPEED     7.1


SKY COVER
  AVERAGE SKY COVER 0.4


WEATHER CONDITIONS
 THE FOLLOWING WEATHER WAS RECORDED YESTERDAY.
  THUNDERSTORM
  HEAVY RAIN
  LIGHT RAIN
  FOG
  HAZE


RELATIVE HUMIDITY (PERCENT)
 HIGHEST    83           900 PM
 LOWEST     39          1200 PM
 AVERAGE    61

..........................................................


THE JOPLIN MO CLIMATE NORMALS FOR TODAY
                         NORMAL    RECORD    YEAR
 MAXIMUM TEMPERATURE (F)   45        73      1967
 MINIMUM TEMPERATURE (F)   25         3      1963


SUNRISE AND SUNSET
JANUARY 22 2017.......SUNRISE   727 AM CST   SUNSET   532 PM CST
JANUARY 23 2017.......SUNRISE   727 AM CST   SUNSET   533 PM CST


-  INDICATES NEGATIVE NUMBERS.
R  INDICATES RECORD WAS SET OR TIED.
MM INDICATES DATA IS MISSING.
T  INDICATES TRACE AMOUNT.




$$
