000
CDUS43 KSGF 290628
CLIJLN


CLIMATE REPORT
NATIONAL WEATHER SERVICE SPRINGFIELD MO
127 AM CDT MON MAY 29 2017


...................................

...THE JOPLIN MO CLIMATE SUMMARY FOR MAY 28 2017...

CLIMATE NORMAL PERIOD 1981 TO 2010
CLIMATE RECORD PERIOD 1902 TO 2017


WEATHER ITEM   OBSERVED TIME   RECORD YEAR NORMAL DEPARTURE LAST
                VALUE   (LST)  VALUE       VALUE  FROM      YEAR
                                                  NORMAL
..................................................................
TEMPERATURE (F)
 YESTERDAY
  MAXIMUM         81    444 PM  92    1983  81      0       80
  MINIMUM         61   1146 PM  43    1984  60      1       62
  AVERAGE         71                        70      1       71

PRECIPITATION (IN)
  YESTERDAY        0.00          1.38 1977   0.18  -0.18     0.00
  MONTH TO DATE    7.32                      5.16   2.16     5.48
  SINCE MAR 1     21.26                     13.05   8.21    12.60
  SINCE JAN 1     25.25                     17.40   7.85    13.27

DEGREE DAYS
 HEATING
  YESTERDAY        0                         1     -1        0
  MONTH TO DATE   62                        63     -1      123
  SINCE MAR 1    617                       812   -195      639
  SINCE JUL 1   3169                      4066   -897     3389

 COOLING
  YESTERDAY        6                         6      0        6
  MONTH TO DATE  113                       107      6       69
  SINCE MAR 1    177                       160     17       91
  SINCE JAN 1    187                       161     26       92
..................................................................


WIND (MPH)
  HIGHEST WIND SPEED    16   HIGHEST WIND DIRECTION    NW (300)
  HIGHEST GUST SPEED    22   HIGHEST GUST DIRECTION    NW (300)
  AVERAGE WIND SPEED     6.9


SKY COVER
  AVERAGE SKY COVER 0.3


WEATHER CONDITIONS
 THE FOLLOWING WEATHER WAS RECORDED YESTERDAY.
  THUNDERSTORM


RELATIVE HUMIDITY (PERCENT)
 HIGHEST   100          1200 AM
 LOWEST     36           500 PM
 AVERAGE    68

..........................................................


THE JOPLIN MO CLIMATE NORMALS FOR TODAY
                         NORMAL    RECORD    YEAR
 MAXIMUM TEMPERATURE (F)   81        94      1982
 MINIMUM TEMPERATURE (F)   60        40      1984


SUNRISE AND SUNSET
MAY 29 2017...........SUNRISE   601 AM CDT   SUNSET   831 PM CDT
MAY 30 2017...........SUNRISE   600 AM CDT   SUNSET   831 PM CDT


-  INDICATES NEGATIVE NUMBERS.
R  INDICATES RECORD WAS SET OR TIED.
MM INDICATES DATA IS MISSING.
T  INDICATES TRACE AMOUNT.




$$
