000
CDUS43 KSGF 280630
CLIJLN


CLIMATE REPORT
NATIONAL WEATHER SERVICE SPRINGFIELD MO
1229 AM CST SUN DEC 28 2014


...................................

...THE JOPLIN MO CLIMATE SUMMARY FOR DECEMBER 27 2014...

CLIMATE NORMAL PERIOD 1981 TO 2010
CLIMATE RECORD PERIOD 1902 TO 2014


WEATHER ITEM   OBSERVED TIME   RECORD YEAR NORMAL DEPARTURE LAST
                VALUE   (LST)  VALUE       VALUE  FROM      YEAR
                                                  NORMAL
..................................................................
TEMPERATURE (F)
 YESTERDAY
  MAXIMUM         53   1205 AM  70    2008  45      8       56
                                      2005
  MINIMUM         22   1119 PM  12    1951  26     -4       30
  AVERAGE         38                        35      3       43

PRECIPITATION (IN)
  YESTERDAY        0.12          2.35 1954   0.08   0.04     0.00
  MONTH TO DATE    1.84                      2.53  -0.69     1.38
  SINCE DEC 1      1.84                      2.53  -0.69     1.38
  SINCE JAN 1     31.71                     46.26 -14.55    43.98

DEGREE DAYS
 HEATING
  YESTERDAY       27                        30     -3       22
  MONTH TO DATE  622                       741   -119      855
  SINCE DEC 1    622                       741   -119      855
  SINCE JUL 1   1535                      1498     37     1743

 COOLING
  YESTERDAY        0                         0      0        0
  MONTH TO DATE    0                         0      0        0
  SINCE DEC 1      0                         0      0        0
  SINCE JAN 1   1583                      1698   -115     1568
..................................................................


WIND (MPH)
  HIGHEST WIND SPEED    MM   HIGHEST WIND DIRECTION    MM
  HIGHEST GUST SPEED    MM   HIGHEST GUST DIRECTION    MM
  AVERAGE WIND SPEED    MM


SKY COVER
  AVERAGE SKY COVER 0.7


WEATHER CONDITIONS
 THE FOLLOWING WEATHER WAS RECORDED YESTERDAY.
  LIGHT RAIN
  LIGHT SNOW
  FOG


RELATIVE HUMIDITY (PERCENT)
 HIGHEST   100           200 AM
 LOWEST     78           500 PM
 AVERAGE    89

..........................................................


THE JOPLIN MO CLIMATE NORMALS FOR TODAY
                         NORMAL    RECORD    YEAR
 MAXIMUM TEMPERATURE (F)   45        69      1984
 MINIMUM TEMPERATURE (F)   25         0      1983


SUNRISE AND SUNSET
DECEMBER 28 2014......SUNRISE   731 AM CST   SUNSET   509 PM CST
DECEMBER 29 2014......SUNRISE   731 AM CST   SUNSET   509 PM CST


-  INDICATES NEGATIVE NUMBERS.
R  INDICATES RECORD WAS SET OR TIED.
MM INDICATES DATA IS MISSING.
T  INDICATES TRACE AMOUNT.




$$
