000
CDUS43 KBIS 270745
CLIJMS


CLIMATE REPORT
NATIONAL WEATHER SERVICE BISMARCK ND
144 AM CST MON FEB 27 2017


...................................

...THE JAMESTOWN ND CLIMATE SUMMARY FOR FEBRUARY 26 2017...

CLIMATE NORMAL PERIOD 1981 TO 2010
CLIMATE RECORD PERIOD 1891 TO 2017


WEATHER ITEM   OBSERVED TIME   RECORD YEAR NORMAL DEPARTURE LAST
                VALUE   (LST)  VALUE       VALUE  FROM      YEAR
                                                  NORMAL
..................................................................
TEMPERATURE (F)
 YESTERDAY
  MAXIMUM         26    120 AM  56    1896  29     -3       49
                                      1895
  MINIMUM         11    807 AM -24    1897  10      1       21
  AVERAGE         19                        19      0       35

PRECIPITATION (IN)
  YESTERDAY        T             0.92 2000   0.02  -0.02     0.00
  MONTH TO DATE    0.20                      0.36  -0.16     0.11
  SINCE DEC 1      1.71                      1.21   0.50     0.25
  SINCE JAN 1      0.42                      0.81  -0.39     0.11

DEGREE DAYS
 HEATING
  YESTERDAY       46                        46      0       30
  MONTH TO DATE 1111                      1307   -196     1081
  SINCE DEC 1   4362                      4585   -223     3999
  SINCE JUL 1   5923                      6669   -746     5647

 COOLING
  YESTERDAY        0                         0      0        0
  MONTH TO DATE    0                         0      0        0
  SINCE DEC 1      0                         0      0        0
  SINCE JAN 1      0                         0      0        0
..................................................................


WIND (MPH)
  HIGHEST WIND SPEED    21   HIGHEST WIND DIRECTION    NW (330)
  HIGHEST GUST SPEED    25   HIGHEST GUST DIRECTION    NW (320)
  AVERAGE WIND SPEED     5.2


SKY COVER
  POSSIBLE SUNSHINE  MM
  AVERAGE SKY COVER 0.8


WEATHER CONDITIONS
 THE FOLLOWING WEATHER WAS RECORDED YESTERDAY.
  LIGHT SNOW
  FOG


RELATIVE HUMIDITY (PERCENT)
 HIGHEST    92           200 AM
 LOWEST     62           300 PM
 AVERAGE    77

..........................................................


THE JAMESTOWN ND CLIMATE NORMALS FOR TODAY
                         NORMAL    RECORD    YEAR
 MAXIMUM TEMPERATURE (F)   29        61      2016
 MINIMUM TEMPERATURE (F)   11       -25      1925


SUNRISE AND SUNSET
FEBRUARY 27 2017......SUNRISE   718 AM CST   SUNSET   618 PM CST
FEBRUARY 28 2017......SUNRISE   716 AM CST   SUNSET   619 PM CST


-  INDICATES NEGATIVE NUMBERS.
R  INDICATES RECORD WAS SET OR TIED.
MM INDICATES DATA IS MISSING.
T  INDICATES TRACE AMOUNT.




$$
