161
CDUS43 KBIS 230910
CLIJMS


CLIMATE REPORT
NATIONAL WEATHER SERVICE BISMARCK ND
310 AM CST MON JAN 23 2017


...................................

...THE JAMESTOWN ND CLIMATE SUMMARY FOR JANUARY 22 2017...

CLIMATE NORMAL PERIOD 1981 TO 2010
CLIMATE RECORD PERIOD 1891 TO 2017


WEATHER ITEM   OBSERVED TIME   RECORD YEAR NORMAL DEPARTURE LAST
                VALUE   (LST)  VALUE       VALUE  FROM      YEAR
                                                  NORMAL
..................................................................
TEMPERATURE (F)
 YESTERDAY
  MAXIMUM         33    711 PM  51    1942  20     13       20
  MINIMUM         29    622 AM -35    1937   0     29       13
                                      1936
  AVERAGE         31                        10     21       17

PRECIPITATION (IN)
  YESTERDAY        0.00          0.80 1982   0.01  -0.01      T
  MONTH TO DATE    0.22                      0.34  -0.12      T
  SINCE DEC 1      1.51                      0.74   0.77     0.14
  SINCE JAN 1      0.22                      0.34  -0.12      T

DEGREE DAYS
 HEATING
  YESTERDAY       34                        55    -21       48
  MONTH TO DATE 1272                      1208     64     1218
  SINCE DEC 1   2886                      2784    102     2581
  SINCE JUL 1   4447                      4868   -421     4229

 COOLING
  YESTERDAY        0                         0      0        0
  MONTH TO DATE    0                         0      0        0
  SINCE DEC 1      0                         0      0        0
  SINCE JAN 1      0                         0      0        0
..................................................................


WIND (MPH)
  HIGHEST WIND SPEED    23   HIGHEST WIND DIRECTION    NW (320)
  HIGHEST GUST SPEED    27   HIGHEST GUST DIRECTION    NW (320)
  AVERAGE WIND SPEED    13.2


SKY COVER
  POSSIBLE SUNSHINE  MM
  AVERAGE SKY COVER 1.0


WEATHER CONDITIONS
 THE FOLLOWING WEATHER WAS RECORDED YESTERDAY.
  FOG


RELATIVE HUMIDITY (PERCENT)
 HIGHEST   100          1200 AM
 LOWEST     75           300 PM
 AVERAGE    88

..........................................................


THE JAMESTOWN ND CLIMATE NORMALS FOR TODAY
                         NORMAL    RECORD    YEAR
 MAXIMUM TEMPERATURE (F)   20        51      1942
 MINIMUM TEMPERATURE (F)    0       -33      1935
                                             1922


SUNRISE AND SUNSET
JANUARY 23 2017.......SUNRISE   809 AM CST   SUNSET   525 PM CST
JANUARY 24 2017.......SUNRISE   808 AM CST   SUNSET   526 PM CST


-  INDICATES NEGATIVE NUMBERS.
R  INDICATES RECORD WAS SET OR TIED.
MM INDICATES DATA IS MISSING.
T  INDICATES TRACE AMOUNT.




$$
