000
CDUS43 KBIS 120731
CLIJMS


CLIMATE REPORT
NATIONAL WEATHER SERVICE BISMARCK ND
130 AM CST FRI FEB 12 2016


...................................

...THE JAMESTOWN ND CLIMATE SUMMARY FOR FEBRUARY 11 2016...

CLIMATE NORMAL PERIOD 1981 TO 2010
CLIMATE RECORD PERIOD 1891 TO 2016


WEATHER ITEM   OBSERVED TIME   RECORD YEAR NORMAL DEPARTURE LAST
                VALUE   (LST)  VALUE       VALUE  FROM      YEAR
                                                  NORMAL
..................................................................
TEMPERATURE (F)
 YESTERDAY
  MAXIMUM         16    520 PM  53    1924  24     -8       13
  MINIMUM          2    235 AM -33    1899   4     -2       -9
  AVERAGE          9                        14     -5        2

PRECIPITATION (IN)
  YESTERDAY        T             0.40 1916   0.01  -0.01      T
  MONTH TO DATE    0.02                      0.11  -0.09     0.08
  SINCE DEC 1      0.16                      0.96  -0.80     0.38
  SINCE JAN 1      0.02                      0.56  -0.54     0.35

DEGREE DAYS
 HEATING
  YESTERDAY       56                        51      5       63
  MONTH TO DATE  481                       579    -98      589
  SINCE DEC 1   3399                      3857   -458     3551
  SINCE JUL 1   5047                      5941   -894     5714

 COOLING
  YESTERDAY        0                         0      0        0
  MONTH TO DATE    0                         0      0        0
  SINCE DEC 1      0                         0      0        0
  SINCE JAN 1      0                         0      0        0
..................................................................


WIND (MPH)
  HIGHEST WIND SPEED    14   HIGHEST WIND DIRECTION     N (350)
  HIGHEST GUST SPEED    17   HIGHEST GUST DIRECTION     N (350)
  AVERAGE WIND SPEED     6.4


SKY COVER
  POSSIBLE SUNSHINE  MM
  AVERAGE SKY COVER 0.9


WEATHER CONDITIONS
 THE FOLLOWING WEATHER WAS RECORDED YESTERDAY.
  LIGHT SNOW
  FOG
  HAZE


RELATIVE HUMIDITY (PERCENT)
 HIGHEST    91          1000 AM
 LOWEST     73           200 PM
 AVERAGE    82

..........................................................


THE JAMESTOWN ND CLIMATE NORMALS FOR TODAY
                         NORMAL    RECORD    YEAR
 MAXIMUM TEMPERATURE (F)   24        55      1898
 MINIMUM TEMPERATURE (F)    4       -39      1905


SUNRISE AND SUNSET
FEBRUARY 12 2016......SUNRISE   744 AM CST   SUNSET   554 PM CST
FEBRUARY 13 2016......SUNRISE   743 AM CST   SUNSET   556 PM CST


-  INDICATES NEGATIVE NUMBERS.
R  INDICATES RECORD WAS SET OR TIED.
MM INDICATES DATA IS MISSING.
T  INDICATES TRACE AMOUNT.




$$
