000
CDUS43 KBIS 310020
CLIJMS


CLIMATE REPORT
NATIONAL WEATHER SERVICE BISMARCK ND
719 PM CDT THU OCT 30 2014


...................................

...THE JAMESTOWN ND CLIMATE SUMMARY FOR OCTOBER 30 2014...
VALID TODAY AS OF 0700 PM LOCAL TIME.

CLIMATE NORMAL PERIOD 1981 TO 2010
CLIMATE RECORD PERIOD 1891 TO 2014


WEATHER ITEM   OBSERVED TIME   RECORD YEAR NORMAL DEPARTURE LAST
                VALUE   (LST)  VALUE       VALUE  FROM      YEAR
                                                  NORMAL
..................................................................
TEMPERATURE (F)
 TODAY
  MAXIMUM         40        MM  81    1950  48     -8       37
  MINIMUM         32        MM  -3    1925  27      5       31
  AVERAGE         36                        37     -1       34

PRECIPITATION (IN)
  TODAY            T             0.50 1971   0.04  -0.04     0.00
  MONTH TO DATE    0.43                      1.52  -1.09     4.49
  SINCE SEP 1      2.02                      3.52  -1.50     6.66
  SINCE JAN 1     20.70                     17.71   2.99    15.86

DEGREE DAYS
 HEATING
  TODAY           29                        28      1       31
  MONTH TO DATE  518                       623   -105      681
  SINCE SEP 1    737                       875   -138      800
  SINCE JUL 1    792                       941   -149      844

 COOLING
  TODAY            0                         0      0        0
  MONTH TO DATE    0                         0      0        0
  SINCE SEP 1     29                        30     -1       55
  SINCE JAN 1    367                       445    -78      521
..................................................................


WIND (MPH)
  RESULTANT WIND SPEED  13   RESULTANT WIND DIRECTION   N (350)
  HIGHEST WIND SPEED    23   HIGHEST WIND DIRECTION     N (10)
  HIGHEST GUST SPEED    31   HIGHEST GUST DIRECTION     N (10)
  AVERAGE WIND SPEED    14.4


SKY COVER
  POSSIBLE SUNSHINE  MM
  AVERAGE SKY COVER 0.6


WEATHER CONDITIONS
 THE FOLLOWING WEATHER WAS RECORDED TODAY.
  FOG
  FOG W/VISIBILITY <= 1/4 MILE


RELATIVE HUMIDITY (PERCENT)
 HIGHEST   100           200 AM
 LOWEST     61           400 PM
 AVERAGE    81

..........................................................


THE JAMESTOWN ND CLIMATE NORMALS FOR TOMORROW
                         NORMAL    RECORD    YEAR
 MAXIMUM TEMPERATURE (F)   47        80      1904
 MINIMUM TEMPERATURE (F)   26        -1      1991


SUNRISE AND SUNSET
OCTOBER 30 2014.......SUNRISE   814 AM CDT   SUNSET   622 PM CDT
OCTOBER 31 2014.......SUNRISE   816 AM CDT   SUNSET   620 PM CDT


-  INDICATES NEGATIVE NUMBERS.
R  INDICATES RECORD WAS SET OR TIED.
MM INDICATES DATA IS MISSING.
T  INDICATES TRACE AMOUNT.




$$
