000
CDUS43 KBIS 221245
CLIJMS


CLIMATE REPORT
NATIONAL WEATHER SERVICE BISMARCK ND
745 AM CDT FRI SEP 22 2017


...................................

...THE JAMESTOWN ND CLIMATE SUMMARY FOR SEPTEMBER 21 2017...

CLIMATE NORMAL PERIOD 1981 TO 2010
CLIMATE RECORD PERIOD 1891 TO 2017


WEATHER ITEM   OBSERVED TIME   RECORD YEAR NORMAL DEPARTURE LAST
                VALUE   (LST)  VALUE       VALUE  FROM      YEAR
                                                  NORMAL
..................................................................
TEMPERATURE (F)
 YESTERDAY
  MAXIMUM         82    420 PM  97    1922  68     14       71
  MINIMUM         47    351 AM  25    1934  42      5       53
  AVERAGE         65                        55     10       62

PRECIPITATION (IN)
  YESTERDAY        0.00          1.33 1969   0.06  -0.06      T
  MONTH TO DATE    1.47                      1.49  -0.02     3.53
  SINCE SEP 1      1.47                      1.49  -0.02     3.53
  SINCE JAN 1     10.78                     15.68  -4.90    22.28

DEGREE DAYS
 HEATING
  YESTERDAY        0                        10    -10        3
  MONTH TO DATE   95                       142    -47      107
  SINCE SEP 1     95                       142    -47      107
  SINCE JUL 1    129                       208    -79      140

 COOLING
  YESTERDAY        0                         0      0        0
  MONTH TO DATE   35                        28      7       20
  SINCE SEP 1     35                        28      7       20
  SINCE JAN 1    397                       443    -46      413
..................................................................


WIND (MPH)
  HIGHEST WIND SPEED    28   HIGHEST WIND DIRECTION     S (170)
  HIGHEST GUST SPEED    36   HIGHEST GUST DIRECTION     S (180)
  AVERAGE WIND SPEED    12.2


SKY COVER
  POSSIBLE SUNSHINE  MM
  AVERAGE SKY COVER 0.1


WEATHER CONDITIONS
 THE FOLLOWING WEATHER WAS RECORDED YESTERDAY.
  NO SIGNIFICANT WEATHER WAS OBSERVED.


RELATIVE HUMIDITY (PERCENT)
 HIGHEST    86           300 AM
 LOWEST     32           100 PM
 AVERAGE    59

..........................................................


THE JAMESTOWN ND CLIMATE NORMALS FOR TODAY
                         NORMAL    RECORD    YEAR
 MAXIMUM TEMPERATURE (F)   67        98      1936
 MINIMUM TEMPERATURE (F)   42        22      1947


SUNRISE AND SUNSET
SEPTEMBER 22 2017.....SUNRISE   722 AM CDT   SUNSET   732 PM CDT
SEPTEMBER 23 2017.....SUNRISE   723 AM CDT   SUNSET   730 PM CDT


-  INDICATES NEGATIVE NUMBERS.
R  INDICATES RECORD WAS SET OR TIED.
MM INDICATES DATA IS MISSING.
T  INDICATES TRACE AMOUNT.




$$
