000
CDAK47 PAJK 291130
CLIJNU
AKZ025-292300-
CLIMATE REPORT
NATIONAL WEATHER SERVICE JUNEAU, AK
328 AM AKDT FRI AUG 29 2014

...................................

...THE JUNEAU CLIMATE SUMMARY FOR AUGUST 28 2014...

CLIMATE NORMAL PERIOD 1981 TO 2010
CLIMATE RECORD PERIOD 1943 TO 2014


WEATHER ITEM   OBSERVED TIME   RECORD YEAR NORMAL DEPARTURE LAST
                VALUE   (LST)  VALUE       VALUE  FROM      YEAR
                                                  NORMAL
..................................................................
TEMPERATURE (F)
 YESTERDAY
  MAXIMUM         59    217 PM  73    1989  61     -2       68
  MINIMUM         49    218 AM  32    1948  47      2       47
  AVERAGE         54                        54      0       58

PRECIPITATION (IN)
  YESTERDAY        0.03          1.28 2012   0.23  -0.20     0.00
  MONTH TO DATE    7.73                      5.04   2.69     3.75
  SINCE JUN 1     23.38                     12.88  10.50    11.39
  SINCE JAN 1     43.30                     32.48  10.82    39.76

DEGREE DAYS
 HEATING
  YESTERDAY       11                        11      0        7
  MONTH TO DATE  209                       250    -41      182
  SINCE JUN 1    789                       816    -27      618
  SINCE JUL 1    439                       501    -62      404

 COOLING
  YESTERDAY        0                         0      0        0
  MONTH TO DATE    0                         0      0        0
  SINCE JUN 1      0                         2     -2        9
  SINCE JAN 1      0                         2     -2        9
..................................................................


WIND (MPH)
  HIGHEST WIND SPEED    18   HIGHEST WIND DIRECTION    SE (120)
  HIGHEST GUST SPEED    23   HIGHEST GUST DIRECTION    SE (120)
  AVERAGE WIND SPEED     9.9


SKY COVER
  POSSIBLE SUNSHINE  MM
  AVERAGE SKY COVER 1.0


WEATHER CONDITIONS
 THE FOLLOWING WEATHER WAS RECORDED YESTERDAY.
  LIGHT RAIN
  FOG


RELATIVE HUMIDITY (PERCENT)
 HIGHEST   100          1200 AM
 LOWEST     72           400 PM
 AVERAGE    86

..........................................................

THE JUNEAU CLIMATE NORMALS FOR TODAY
                         NORMAL    RECORD    YEAR
 MAXIMUM TEMPERATURE (F)   60        74      1951
 MINIMUM TEMPERATURE (F)   47        33      1948


SUNRISE AND SUNSET
AUGUST 29 2014........SUNRISE   551 AM AKDT  SUNSET   806 PM AKDT
AUGUST 30 2014........SUNRISE   553 AM AKDT  SUNSET   803 PM AKDT


-  INDICATES NEGATIVE NUMBERS.
R  INDICATES RECORD WAS SET OR TIED.
MM INDICATES DATA IS MISSING.
T  INDICATES TRACE AMOUNT.


$$


&&
----------------------------
AMOUNT OF DAYLIGHT TODAY  (HOUR:MIN)........14:14
GAIN/LOSS SINCE YESTERDAY (HOUR:MIN:SEC)....-0:04:58
