000
CDAK47 PAJK 281131
CLIJNU
AKZ025-282300-
CLIMATE REPORT
NATIONAL WEATHER SERVICE JUNEAU, AK
328 AM AKDT MON JUL 28 2014


...................................

...THE JUNEAU CLIMATE SUMMARY FOR JULY 27 2014...

CLIMATE NORMAL PERIOD 1981 TO 2010
CLIMATE RECORD PERIOD 1943 TO 2014


WEATHER ITEM   OBSERVED TIME   RECORD YEAR NORMAL DEPARTURE LAST
                VALUE   (LST)  VALUE       VALUE  FROM      YEAR
                                                  NORMAL
..................................................................
TEMPERATURE (F)
 YESTERDAY
  MAXIMUM         62   1127 AM  81    1982  64     -2       66
  MINIMUM         53    411 AM  41    1965  51      2       52
  AVERAGE         58                        58      0       59

PRECIPITATION (IN)
  YESTERDAY        0.15          1.14 2005   0.16  -0.01     0.00
  MONTH TO DATE    7.09                      3.95   3.14     4.45
  SINCE JUN 1     14.48                      7.19   7.29     7.64
  SINCE JAN 1     34.40                     26.79   7.61    36.01

DEGREE DAYS
 HEATING
  YESTERDAY        7                         7      0        6
  MONTH TO DATE  194                       223    -29      219
  SINCE JUN 1    544                       538      6      433
  SINCE JUL 1    194                       223    -29      219

 COOLING
  YESTERDAY        0                         0      0        0
  MONTH TO DATE    0                         0      0        0
  SINCE JUN 1      0                         1     -1        7
  SINCE JAN 1      0                         1     -1        7
..................................................................


WIND (MPH)
  HIGHEST WIND SPEED    20   HIGHEST WIND DIRECTION     E (110)
  HIGHEST GUST SPEED    23   HIGHEST GUST DIRECTION     E (110)
  AVERAGE WIND SPEED    11.6


SKY COVER
  POSSIBLE SUNSHINE  MM
  AVERAGE SKY COVER 0.9


WEATHER CONDITIONS
 THE FOLLOWING WEATHER WAS RECORDED YESTERDAY.
  LIGHT RAIN
  FOG


RELATIVE HUMIDITY (PERCENT)
 HIGHEST   100           400 AM
 LOWEST     78          1200 PM
 AVERAGE    89

..........................................................


THE JUNEAU CLIMATE NORMALS FOR TODAY
                         NORMAL    RECORD    YEAR
 MAXIMUM TEMPERATURE (F)   64        81      1982
 MINIMUM TEMPERATURE (F)   51        41      1945


SUNRISE AND SUNSET
JULY 28 2014..........SUNRISE   441 AM AKDT  SUNSET   927 PM AKDT
JULY 29 2014..........SUNRISE   443 AM AKDT  SUNSET   925 PM AKDT


-  INDICATES NEGATIVE NUMBERS.
R  INDICATES RECORD WAS SET OR TIED.
MM INDICATES DATA IS MISSING.
T  INDICATES TRACE AMOUNT.




$$


&&
----------------------------
AMOUNT OF DAYLIGHT TODAY  (HOUR:MIN)........16:45
GAIN/LOSS SINCE YESTERDAY (HOUR:MIN:SEC)....-0:04:11
