000
CDAK47 PAJK 041153
CLIJNU
AKZ025-042300-
CLIMATE REPORT
NATIONAL WEATHER SERVICE JUNEAU, AK
246 AM AKST WED MAR 4 2015

...................................

...THE JUNEAU CLIMATE SUMMARY FOR MARCH 3 2015...

CLIMATE NORMAL PERIOD 1981 TO 2010
CLIMATE RECORD PERIOD 1943 TO 2015

WEATHER ITEM   OBSERVED TIME   RECORD YEAR NORMAL DEPARTURE LAST
                VALUE   (LST)  VALUE       VALUE  FROM      YEAR
                                                  NORMAL
..................................................................
TEMPERATURE (F)
 YESTERDAY
  MAXIMUM         44    258 PM  46    1943  37      7       25

  MINIMUM         29   1217 AM -10    1955  26      3       17
  AVERAGE         37                        32      5       21

PRECIPITATION (IN)
  YESTERDAY        T             0.80 1986   0.13  -0.13     0.00
  MONTH TO DATE    0.01                      0.41  -0.40     0.00
  SINCE MAR 1      0.01                      0.41  -0.40     0.00
  SINCE JAN 1     15.61                      9.89   5.72    12.13

SNOWFALL (IN)
  YESTERDAY        0.0           7.0  1971   0.5   -0.5      0.0
  MONTH TO DATE    T                         1.6   -1.6      0.0
  SINCE MAR 1      T                         1.6   -1.6      0.0
  SINCE JUL 1     38.7                      75.6  -36.9     90.8
  SNOW DEPTH       0

DEGREE DAYS
 HEATING
  YESTERDAY       28                        33     -5       44
  MONTH TO DATE   89                       100    -11      116
  SINCE MAR 1     89                       100    -11      116
  SINCE JUL 1   5310                      5937   -627     5757

 COOLING
  YESTERDAY        0                         0      0        0
  MONTH TO DATE    0                         0      0        0
  SINCE MAR 1      0                         0      0        0
  SINCE JAN 1      0                         0      0        0
..................................................................

WIND (MPH)
  HIGHEST WIND SPEED    17   HIGHEST WIND DIRECTION    SE (120)
  HIGHEST GUST SPEED    20   HIGHEST GUST DIRECTION     E (100)
  AVERAGE WIND SPEED     6.7

SKY COVER
  POSSIBLE SUNSHINE  MM
  AVERAGE SKY COVER 1.0

WEATHER CONDITIONS
 THE FOLLOWING WEATHER WAS RECORDED YESTERDAY.
  LIGHT RAIN

RELATIVE HUMIDITY (PERCENT)
 HIGHEST    92          1000 PM
 LOWEST     31           300 PM
 AVERAGE    62
..........................................................

THE JUNEAU CLIMATE NORMALS FOR TODAY
                         NORMAL    RECORD    YEAR
 MAXIMUM TEMPERATURE (F)   37        49      1957
 MINIMUM TEMPERATURE (F)   26        -2      1951

SUNRISE AND SUNSET
MARCH  4 2015.........SUNRISE   646 AM AKST  SUNSET   536 PM AKST
MARCH  5 2015.........SUNRISE   643 AM AKST  SUNSET   538 PM AKST

-  INDICATES NEGATIVE NUMBERS.
R  INDICATES RECORD WAS SET OR TIED.
MM INDICATES DATA IS MISSING.
T  INDICATES TRACE AMOUNT.

$$
&&
----------------------------
AMOUNT OF DAYLIGHT TODAY  (HOUR:MIN)........10:50
GAIN/LOSS SINCE YESTERDAY (HOUR:MIN:SEC)....+0:05:06
