000
CDAK47 PAJK 251129
CLIJNU
AKZ025-252300-
CLIMATE REPORT
NATIONAL WEATHER SERVICE JUNEAU, AK
327 AM AKDT FRI JUL 25 2014


...................................

...THE JUNEAU CLIMATE SUMMARY FOR JULY 24 2014...

CLIMATE NORMAL PERIOD 1981 TO 2010
CLIMATE RECORD PERIOD 1943 TO 2014


WEATHER ITEM   OBSERVED TIME   RECORD YEAR NORMAL DEPARTURE LAST
                VALUE   (LST)  VALUE       VALUE  FROM      YEAR
                                                  NORMAL
..................................................................
TEMPERATURE (F)
 YESTERDAY
  MAXIMUM         61    556 PM  81    1966  64     -3       63
  MINIMUM         53   1159 PM  37    1967  51      2       51
  AVERAGE         57                        58     -1       57

PRECIPITATION (IN)
  YESTERDAY        0.28          1.85 1997   0.15   0.13     0.11
  MONTH TO DATE    6.57                      3.46   3.11     4.16
  SINCE JUN 1     13.96                      6.70   7.26     7.35
  SINCE JAN 1     33.88                     26.30   7.58    35.72

DEGREE DAYS
 HEATING
  YESTERDAY        8                         8      0        8
  MONTH TO DATE  169                       201    -32      197
  SINCE JUN 1    519                       516      3      411
  SINCE JUL 1    169                       201    -32      197

 COOLING
  YESTERDAY        0                         0      0        0
  MONTH TO DATE    0                         0      0        0
  SINCE JUN 1      0                         1     -1        7
  SINCE JAN 1      0                         1     -1        7
..................................................................


WIND (MPH)
  HIGHEST WIND SPEED    18   HIGHEST WIND DIRECTION    SE (120)
  HIGHEST GUST SPEED    25   HIGHEST GUST DIRECTION     E (110)
  AVERAGE WIND SPEED     6.0


SKY COVER
  POSSIBLE SUNSHINE  MM
  AVERAGE SKY COVER 0.8


WEATHER CONDITIONS
 THE FOLLOWING WEATHER WAS RECORDED YESTERDAY.
  RAIN
  LIGHT RAIN
  FOG


RELATIVE HUMIDITY (PERCENT)
 HIGHEST    93           900 AM
 LOWEST     69           600 PM
 AVERAGE    81

..........................................................


THE JUNEAU CLIMATE NORMALS FOR TODAY
                         NORMAL    RECORD    YEAR
 MAXIMUM TEMPERATURE (F)   64        81      1966
 MINIMUM TEMPERATURE (F)   51        42      1967


SUNRISE AND SUNSET
JULY 25 2014..........SUNRISE   435 AM AKDT  SUNSET   933 PM AKDT
JULY 26 2014..........SUNRISE   437 AM AKDT  SUNSET   931 PM AKDT


-  INDICATES NEGATIVE NUMBERS.
R  INDICATES RECORD WAS SET OR TIED.
MM INDICATES DATA IS MISSING.
T  INDICATES TRACE AMOUNT.




$$


&&
----------------------------
AMOUNT OF DAYLIGHT TODAY  (HOUR:MIN)........16:58
GAIN/LOSS SINCE YESTERDAY (HOUR:MIN:SEC)....-0:04:00
