063
CDAK47 PAJK 161232
CLIJNU
CLIMATE REPORT
NATIONAL WEATHER SERVICE JUNEAU, AK
330 AM AKST TUE JAN 16 2018


...................................

...THE JUNEAU CLIMATE SUMMARY FOR JANUARY 15 2018...

CLIMATE NORMAL PERIOD 1981 TO 2010
CLIMATE RECORD PERIOD 1936 TO 2018


WEATHER ITEM   OBSERVED RECORD YEAR NORMAL DEPARTURE LAST
                VALUE   VALUE       VALUE  FROM      YEAR
                                           NORMAL
...........................................................
TEMPERATURE (F)
 YESTERDAY
  MAXIMUM         53     55    1981  33     20       43
  MINIMUM         33    -12    1950  24      9       38
  AVERAGE         43                 28     15       41

PRECIPITATION (IN)
  YESTERDAY        0.03   2.11 1966   0.17  -0.14     0.59
  MONTH TO DATE    5.23               2.59   2.64     2.57
  SINCE JAN 1      5.23               2.59   2.64     2.57

SNOWFALL (IN)
  YESTERDAY        0.0   19.6  1966   0.9   -0.9      0.0
  MONTH TO DATE    9.1               12.3   -3.2       T
  SINCE JUL 1     35.9               41.8   -5.9     25.2
  SNOW DEPTH       0

DEGREE DAYS
 HEATING
  YESTERDAY       22                 37    -15       24
  MONTH TO DATE  508                555    -47      568
...........................................................


WIND (MPH)
  HIGHEST WIND SPEED    29   HIGHEST WIND DIRECTION     E (110)
  HIGHEST GUST SPEED    37   HIGHEST GUST DIRECTION    SE (120)
  AVERAGE WIND SPEED     8.1


SKY COVER
  AVERAGE SKY COVER 0.9


WEATHER CONDITIONS
 THE FOLLOWING WEATHER WAS RECORDED YESTERDAY.
  LIGHT RAIN
  FOG


..........................................................


THE JUNEAU CLIMATE NORMALS FOR TODAY
                         NORMAL    RECORD    YEAR
 MAXIMUM TEMPERATURE (F)   33        50      1965
 MINIMUM TEMPERATURE (F)   24       -13      1971


SUNRISE AND SUNSET
JANUARY 16 2018.......SUNRISE   832 AM AKST  SUNSET   345 PM AKST
JANUARY 17 2018.......SUNRISE   831 AM AKST  SUNSET   347 PM AKST


-  INDICATES NEGATIVE NUMBERS.
R  INDICATES RECORD WAS SET OR TIED.
MM INDICATES DATA IS MISSING.
T  INDICATES TRACE AMOUNT.




$$
--------------------------------------------------------------

AMOUNT OF DAYLIGHT TODAY (HOUR:MIN)......... 7 HOURS 12 MINUTES
GAIN/LOSS SINCE YESTERDAY (HOUR:MIN:SEC).... +0:03:30

$$
