000
CDAK47 PAJK 190040
CLIJNU
AKZ025-191200-
CLIMATE REPORT
NATIONAL WEATHER SERVICE JUNEAU, AK
340 PM AKST THU DEC 18 2014


...................................

...THE JUNEAU CLIMATE SUMMARY FOR DECEMBER 18 2014...
VALID TODAY AS OF 0300 PM LOCAL TIME.

CLIMATE NORMAL PERIOD 1981 TO 2010
CLIMATE RECORD PERIOD 1943 TO 2014


WEATHER ITEM   OBSERVED TIME   RECORD YEAR NORMAL DEPARTURE LAST
                VALUE   (LST)  VALUE       VALUE  FROM      YEAR
                                                  NORMAL
..................................................................
TEMPERATURE (F)
 TODAY
  MAXIMUM         39    231 PM  48    1954  34      5       20
  MINIMUM         30    825 AM   0    1955  25      5        5
  AVERAGE         35                        30      5       13

PRECIPITATION (IN)
  TODAY            T             1.76 1985   0.18  -0.18      T
  MONTH TO DATE    2.14                      3.58  -1.44     3.86
  SINCE DEC 1      2.14                      3.58  -1.44     3.86
  SINCE JAN 1     67.54                     60.01   7.53    69.18

SNOWFALL (IN)
  TODAY            T             6.1  1991   0.5   -0.5       T
  MONTH TO DATE    3.2                       9.0   -5.8     18.6
  SINCE DEC 1      3.2                       9.0   -5.8     18.6
  SINCE JUL 1     13.0                      22.9   -9.9     37.8

DEGREE DAYS
 HEATING
  TODAY           30                        35     -5       52
  MONTH TO DATE  548                       622    -74      713
  SINCE DEC 1    548                       622    -74      713
  SINCE JUL 1   2957                      3253   -296     3186
..................................................................


WIND (MPH)
  HIGHEST WIND SPEED    21   HIGHEST WIND DIRECTION    SE (140)
  HIGHEST GUST SPEED    27   HIGHEST GUST DIRECTION     E (90)
  AVERAGE WIND SPEED     6.4


SKY COVER
  POSSIBLE SUNSHINE  MM
  AVERAGE SKY COVER 1.0


WEATHER CONDITIONS
 THE FOLLOWING WEATHER WAS RECORDED TODAY.
  LIGHT SNOW
  FOG
  FOG W/VISIBILITY <= 1/4 MILE


RELATIVE HUMIDITY (PERCENT)
 HIGHEST   100          1200 AM
 LOWEST     59          1100 AM
 AVERAGE    80

..........................................................


THE JUNEAU CLIMATE NORMALS FOR TOMORROW
                         NORMAL    RECORD    YEAR
 MAXIMUM TEMPERATURE (F)   34        47      1985
 MINIMUM TEMPERATURE (F)   25        -3      1980


SUNRISE AND SUNSET
DECEMBER 18 2014......SUNRISE   844 AM AKST  SUNSET   306 PM AKST
DECEMBER 19 2014......SUNRISE   845 AM AKST  SUNSET   306 PM AKST


-  INDICATES NEGATIVE NUMBERS.
R  INDICATES RECORD WAS SET OR TIED.
MM INDICATES DATA IS MISSING.
T  INDICATES TRACE AMOUNT.




$$


&&
----------------------------
AMOUNT OF DAYLIGHT TODAY  (HOUR:MIN)........ 6:22
GAIN/LOSS SINCE YESTERDAY (HOUR:MIN:SEC)....-0:00:34
