000
CDUS41 KCTP 210624
CLIJST


CLIMATE REPORT
NATIONAL WEATHER SERVICE STATE COLLEGE PA
123 AM EST SUN JAN 21 2018


...................................

...THE JOHNSTOWN CLIMATE SUMMARY FOR JANUARY 20 2018...

CLIMATE NORMAL PERIOD 1981 TO 2010
CLIMATE RECORD PERIOD 1892 TO 2018


WEATHER ITEM   OBSERVED TIME   RECORD YEAR NORMAL DEPARTURE LAST
                VALUE   (LST)  VALUE       VALUE  FROM      YEAR
                                                  NORMAL
..................................................................
TEMPERATURE (F)
 YESTERDAY
  MAXIMUM         43    354 PM  67    1965  32     11       51
  MINIMUM         33   1205 AM -12    1985  18     15       32
  AVERAGE         38                        25     13       42

PRECIPITATION (IN)
  YESTERDAY        0.00          1.52 1937   0.07  -0.07     0.14
  MONTH TO DATE    1.58                      2.03  -0.45     2.25
  SINCE DEC 1      2.68                      4.60  -1.92     6.43
  SINCE JAN 1      1.58                      2.03  -0.45     2.25

DEGREE DAYS
 HEATING
  YESTERDAY       27                        40    -13       23
  MONTH TO DATE  925                       793    132      680
  SINCE DEC 1   2102                      1920    182     1753
  SINCE JUL 1   3315                      3383    -68     2822

 COOLING
  YESTERDAY        0                         0      0        0
  MONTH TO DATE    0                         0      0        0
  SINCE DEC 1      0                         0      0        0
  SINCE JAN 1      0                         0      0        0
..................................................................


WIND (MPH)
  HIGHEST WIND SPEED    29   HIGHEST WIND DIRECTION    SW (240)
  HIGHEST GUST SPEED    38   HIGHEST GUST DIRECTION     W (260)
  AVERAGE WIND SPEED    16.9


SKY COVER
  POSSIBLE SUNSHINE  MM
  AVERAGE SKY COVER 0.0


WEATHER CONDITIONS
 THE FOLLOWING WEATHER WAS RECORDED YESTERDAY.
  NO SIGNIFICANT WEATHER WAS OBSERVED.


RELATIVE HUMIDITY (PERCENT)
 HIGHEST    65          1000 PM
 LOWEST     51          1200 AM
 AVERAGE    58

..........................................................


THE JOHNSTOWN CLIMATE NORMALS FOR TODAY
                         NORMAL    RECORD    YEAR
 MAXIMUM TEMPERATURE (F)   32        78      1906
 MINIMUM TEMPERATURE (F)   18       -16      1985


SUNRISE AND SUNSET
JANUARY 21 2018.......SUNRISE   733 AM EST   SUNSET   521 PM EST
JANUARY 22 2018.......SUNRISE   732 AM EST   SUNSET   522 PM EST


-  INDICATES NEGATIVE NUMBERS.
R  INDICATES RECORD WAS SET OR TIED.
MM INDICATES DATA IS MISSING.
T  INDICATES TRACE AMOUNT.




$$
