000
CDUS41 KCTP 280607
CLIJST


CLIMATE REPORT
NATIONAL WEATHER SERVICE STATE COLLEGE PA
207 AM EDT TUE MAR 28 2017


...................................

...THE JOHNSTOWN CLIMATE SUMMARY FOR MARCH 27 2017...

CLIMATE NORMAL PERIOD 1981 TO 2010
CLIMATE RECORD PERIOD 1892 TO 2017


WEATHER ITEM   OBSERVED TIME   RECORD YEAR NORMAL DEPARTURE LAST
                VALUE   (LST)  VALUE       VALUE  FROM      YEAR
                                                  NORMAL
..................................................................
TEMPERATURE (F)
 YESTERDAY
  MAXIMUM         65    427 PM  86    1989  48     17       63
  MINIMUM         42   1255 AM   2    1990  31     11       41
  AVERAGE         54                        40     14       52

PRECIPITATION (IN)
  YESTERDAY        0.09          1.05 1983   0.13  -0.04     0.00
  MONTH TO DATE    2.90                      2.75   0.15     1.30
  SINCE MAR 1      2.90                      2.75   0.15     1.30
  SINCE JAN 1      8.56                      7.98   0.58     4.15

DEGREE DAYS
 HEATING
  YESTERDAY       11                        25    -14       13
  MONTH TO DATE  855                       815     40      551
  SINCE MAR 1    855                       815     40      551
  SINCE JUL 1   4775                      5694   -919     4614

 COOLING
  YESTERDAY        0                         0      0        0
  MONTH TO DATE    0                         0      0        0
  SINCE MAR 1      0                         0      0        0
  SINCE JAN 1      0                         0      0        0
..................................................................


WIND (MPH)
  HIGHEST WIND SPEED    23   HIGHEST WIND DIRECTION     W (260)
  HIGHEST GUST SPEED    31   HIGHEST GUST DIRECTION     W (260)
  AVERAGE WIND SPEED     9.3


SKY COVER
  POSSIBLE SUNSHINE  MM
  AVERAGE SKY COVER 0.7


WEATHER CONDITIONS
 THE FOLLOWING WEATHER WAS RECORDED YESTERDAY.
  RAIN
  LIGHT RAIN
  FOG
  FOG W/VISIBILITY <= 1/4 MILE


RELATIVE HUMIDITY (PERCENT)
 HIGHEST   100          1200 AM
 LOWEST     56           200 PM
 AVERAGE    78

..........................................................


THE JOHNSTOWN CLIMATE NORMALS FOR TODAY
                         NORMAL    RECORD    YEAR
 MAXIMUM TEMPERATURE (F)   49        84      1989
 MINIMUM TEMPERATURE (F)   32        11      2015


SUNRISE AND SUNSET
MARCH 28 2017.........SUNRISE   705 AM EDT   SUNSET   736 PM EDT
MARCH 29 2017.........SUNRISE   704 AM EDT   SUNSET   737 PM EDT


-  INDICATES NEGATIVE NUMBERS.
R  INDICATES RECORD WAS SET OR TIED.
MM INDICATES DATA IS MISSING.
T  INDICATES TRACE AMOUNT.




$$
