000
CDUS41 KCTP 210627
CLIJST


CLIMATE REPORT
NATIONAL WEATHER SERVICE STATE COLLEGE PA
227 AM EDT SUN SEP 21 2014


...................................

...THE JOHNSTOWN CLIMATE SUMMARY FOR SEPTEMBER 20 2014...

CLIMATE NORMAL PERIOD 1981 TO 2010
CLIMATE RECORD PERIOD 2000 TO 2014


WEATHER ITEM   OBSERVED TIME   RECORD YEAR NORMAL DEPARTURE LAST
                VALUE   (LST)  VALUE       VALUE  FROM      YEAR
                                                  NORMAL
..................................................................
TEMPERATURE (F)
 YESTERDAY
  MAXIMUM         76    335 PM  94    1925  67      9       75
  MINIMUM         56    611 AM  36    1916  50      6       53
  AVERAGE         66                        58      8       64

PRECIPITATION (IN)
  YESTERDAY        0.00          1.72 1931   0.12  -0.12     0.00
  MONTH TO DATE    0.83                      2.28  -1.45     3.05
  SINCE SEP 1      0.83                      2.28  -1.45     3.05
  SINCE JAN 1     26.73                     26.57   0.16    28.00

DEGREE DAYS
 HEATING
  YESTERDAY        0                         7     -7        1
  MONTH TO DATE   96                        87      9      115
  SINCE SEP 1     96                        87      9      115
  SINCE JUL 1    179                       129     50      186

 COOLING
  YESTERDAY        1                         0      1        0
  MONTH TO DATE   46                        22     24       31
  SINCE SEP 1     46                        22     24       31
  SINCE JAN 1    341                       382    -41      377
..................................................................


WIND (MPH)
  HIGHEST WIND SPEED    16   HIGHEST WIND DIRECTION    SW (230)
  HIGHEST GUST SPEED    22   HIGHEST GUST DIRECTION    SW (210)
  AVERAGE WIND SPEED    10.4


SKY COVER
  POSSIBLE SUNSHINE  MM
  AVERAGE SKY COVER 0.4


WEATHER CONDITIONS
 THE FOLLOWING WEATHER WAS RECORDED YESTERDAY.
  FOG


RELATIVE HUMIDITY (PERCENT)
 HIGHEST    93           600 AM
 LOWEST     46           400 PM
 AVERAGE    70

..........................................................


THE JOHNSTOWN CLIMATE NORMALS FOR TODAY
                         NORMAL    RECORD    YEAR
 MAXIMUM TEMPERATURE (F)   66        95      1914
 MINIMUM TEMPERATURE (F)   49        27      1956


SUNRISE AND SUNSET
SEPTEMBER 21 2014.....SUNRISE   702 AM EDT   SUNSET   714 PM EDT
SEPTEMBER 22 2014.....SUNRISE   703 AM EDT   SUNSET   712 PM EDT


-  INDICATES NEGATIVE NUMBERS.
R  INDICATES RECORD WAS SET OR TIED.
MM INDICATES DATA IS MISSING.
T  INDICATES TRACE AMOUNT.




$$
