000
CDUS41 KCTP 032219
CLIJST


CLIMATE REPORT
NATIONAL WEATHER SERVICE STATE COLLEGE PA
519 PM EST SAT DEC 3 2016


...................................

...THE JOHNSTOWN CLIMATE SUMMARY FOR DECEMBER 3 2016...
VALID TODAY AS OF 0500 PM LOCAL TIME.

CLIMATE NORMAL PERIOD 1981 TO 2010
CLIMATE RECORD PERIOD 1892 TO 2016


WEATHER ITEM   OBSERVED TIME   RECORD YEAR NORMAL DEPARTURE LAST
                VALUE   (LST)  VALUE       VALUE  FROM      YEAR
                                                  NORMAL
..................................................................
TEMPERATURE (F)
 TODAY
  MAXIMUM         34    204 PM  72    1982  38     -4       36
  MINIMUM         31   1040 AM   1    1976  26      5       29
  AVERAGE         33                        32      1       33

PRECIPITATION (IN)
  TODAY            T             2.00 1991   0.10  -0.10     0.07
  MONTH TO DATE    T                         0.29  -0.29     1.17
  SINCE DEC 1      T                         0.29  -0.29     1.17
  SINCE JAN 1     32.82                     31.34   1.48    42.56

DEGREE DAYS
 HEATING
  TODAY           32                        33     -1       32
  MONTH TO DATE   90                        97     -7       75
  SINCE DEC 1     90                        97     -7       75
  SINCE JUL 1   1159                      1554   -395     1193

 COOLING
  TODAY            0                         0      0        0
  MONTH TO DATE    0                         0      0        0
  SINCE DEC 1      0                         0      0        0
  SINCE JAN 1    705                       382    323      556
..................................................................


WIND (MPH)
  HIGHEST WIND SPEED    24   HIGHEST WIND DIRECTION     W (290)
  HIGHEST GUST SPEED    33   HIGHEST GUST DIRECTION     W (280)
  AVERAGE WIND SPEED    15.9


SKY COVER
  POSSIBLE SUNSHINE  MM
  AVERAGE SKY COVER 1.0


WEATHER CONDITIONS
 THE FOLLOWING WEATHER WAS RECORDED TODAY.
  LIGHT SNOW
  FOG


RELATIVE HUMIDITY (PERCENT)
 HIGHEST    92          1200 AM
 LOWEST     82           100 PM
 AVERAGE    87

..........................................................


THE JOHNSTOWN CLIMATE NORMALS FOR TOMORROW
                         NORMAL    RECORD    YEAR
 MAXIMUM TEMPERATURE (F)   38        73      1982
 MINIMUM TEMPERATURE (F)   26        -1      1940


SUNRISE AND SUNSET
DECEMBER  3 2016......SUNRISE   721 AM EST   SUNSET   449 PM EST
DECEMBER  4 2016......SUNRISE   722 AM EST   SUNSET   449 PM EST


-  INDICATES NEGATIVE NUMBERS.
R  INDICATES RECORD WAS SET OR TIED.
MM INDICATES DATA IS MISSING.
T  INDICATES TRACE AMOUNT.




$$
