000
CDUS41 KCTP 252217
CLIJST


CLIMATE REPORT
NATIONAL WEATHER SERVICE STATE COLLEGE PA
517 PM EST SUN JAN 25 2015


...................................

...THE JOHNSTOWN CLIMATE SUMMARY FOR JANUARY 25 2015...
VALID TODAY AS OF 0500 PM LOCAL TIME.

CLIMATE NORMAL PERIOD 1981 TO 2010
CLIMATE RECORD PERIOD 2000 TO 2015


WEATHER ITEM   OBSERVED TIME   RECORD YEAR NORMAL DEPARTURE LAST
                VALUE   (LST)  VALUE       VALUE  FROM      YEAR
                                                  NORMAL
..................................................................
TEMPERATURE (F)
 TODAY
  MAXIMUM         32    446 PM  70    1967  32      0       21
  MINIMUM         27    101 AM -13    1963  18      9        9
  AVERAGE         30                        25      5       15

PRECIPITATION (IN)
  TODAY            0.02          3.05 1979   0.08  -0.06     0.01
  MONTH TO DATE    1.31                      2.39  -1.08     0.81
  SINCE DEC 1      3.64                      4.96  -1.32     3.98
  SINCE JAN 1      1.31                      2.39  -1.08     0.81

DEGREE DAYS
 HEATING
  TODAY           35                        40     -5       50
  MONTH TO DATE 1032                       993     39     1114
  SINCE DEC 1   2038                      2120    -82     2177
  SINCE JUL 1   3549                      3577    -28     3808

 COOLING
  TODAY            0                         0      0        0
  MONTH TO DATE    0                         0      0        0
  SINCE DEC 1      0                         0      0        0
  SINCE JAN 1      0                         0      0        0
..................................................................


WIND (MPH)
  HIGHEST WIND SPEED    24   HIGHEST WIND DIRECTION     W (280)
  HIGHEST GUST SPEED    33   HIGHEST GUST DIRECTION     W (290)
  AVERAGE WIND SPEED    11.4


SKY COVER
  POSSIBLE SUNSHINE  MM
  AVERAGE SKY COVER 1.0


WEATHER CONDITIONS
 THE FOLLOWING WEATHER WAS RECORDED TODAY.
  LT FREEZING RAIN
  LIGHT SNOW
  FOG
  FOG W/VISIBILITY <= 1/4 MILE


RELATIVE HUMIDITY (PERCENT)
 HIGHEST   100           500 PM
 LOWEST     85           200 PM
 AVERAGE    93

..........................................................


THE JOHNSTOWN CLIMATE NORMALS FOR TOMORROW
                         NORMAL    RECORD    YEAR
 MAXIMUM TEMPERATURE (F)   32        80      1950
 MINIMUM TEMPERATURE (F)   18       -10      1936


SUNRISE AND SUNSET
JANUARY 25 2015.......SUNRISE   731 AM EST   SUNSET   525 PM EST
JANUARY 26 2015.......SUNRISE   730 AM EST   SUNSET   526 PM EST


-  INDICATES NEGATIVE NUMBERS.
R  INDICATES RECORD WAS SET OR TIED.
MM INDICATES DATA IS MISSING.
T  INDICATES TRACE AMOUNT.




$$
