000
CDUS41 KCTP 160611
CLIJST


CLIMATE REPORT
NATIONAL WEATHER SERVICE STATE COLLEGE PA
111 AM EST MON JAN 16 2017


...................................

...THE JOHNSTOWN CLIMATE SUMMARY FOR JANUARY 15 2017...

CLIMATE NORMAL PERIOD 1981 TO 2010
CLIMATE RECORD PERIOD 1892 TO 2017


WEATHER ITEM   OBSERVED TIME   RECORD YEAR NORMAL DEPARTURE LAST
                VALUE   (LST)  VALUE       VALUE  FROM      YEAR
                                                  NORMAL
..................................................................
TEMPERATURE (F)
 YESTERDAY
  MAXIMUM         32    436 PM  64    1932  32      0       47
  MINIMUM         22    810 AM  -7    1972  18      4       37
  AVERAGE         27                        25      2       42

PRECIPITATION (IN)
  YESTERDAY        0.00          1.26 1951   0.11  -0.11     0.12
  MONTH TO DATE    1.84                      1.59   0.25     0.58
  SINCE DEC 1      6.02                      4.16   1.86     4.31
  SINCE JAN 1      1.84                      1.59   0.25     0.58

DEGREE DAYS
 HEATING
  YESTERDAY       38                        40     -2       23
  MONTH TO DATE  555                       593    -38      583
  SINCE DEC 1   1628                      1720    -92     1257
  SINCE JUL 1   2697                      3177   -480     2375

 COOLING
  YESTERDAY        0                         0      0        0
  MONTH TO DATE    0                         0      0        0
  SINCE DEC 1      0                         0      0        0
  SINCE JAN 1      0                         0      0        0
..................................................................


WIND (MPH)
  HIGHEST WIND SPEED    13   HIGHEST WIND DIRECTION     W (290)
  HIGHEST GUST SPEED    17   HIGHEST GUST DIRECTION     W (290)
  AVERAGE WIND SPEED     4.7


SKY COVER
  POSSIBLE SUNSHINE  MM
  AVERAGE SKY COVER 0.2


WEATHER CONDITIONS
 THE FOLLOWING WEATHER WAS RECORDED YESTERDAY.
  FOG
  FOG W/VISIBILITY <= 1/4 MILE


RELATIVE HUMIDITY (PERCENT)
 HIGHEST   100          1200 AM
 LOWEST     43           600 PM
 AVERAGE    72

..........................................................


THE JOHNSTOWN CLIMATE NORMALS FOR TODAY
                         NORMAL    RECORD    YEAR
 MAXIMUM TEMPERATURE (F)   32        67      1952
 MINIMUM TEMPERATURE (F)   18        -7      2009


SUNRISE AND SUNSET
JANUARY 16 2017.......SUNRISE   736 AM EST   SUNSET   515 PM EST
JANUARY 17 2017.......SUNRISE   735 AM EST   SUNSET   516 PM EST


-  INDICATES NEGATIVE NUMBERS.
R  INDICATES RECORD WAS SET OR TIED.
MM INDICATES DATA IS MISSING.
T  INDICATES TRACE AMOUNT.




$$
