000
CDUS41 KCTP 260623
CLIJST


CLIMATE REPORT
NATIONAL WEATHER SERVICE STATE COLLEGE PA
123 AM EST FRI DEC 26 2014


...................................

...THE JOHNSTOWN CLIMATE SUMMARY FOR DECEMBER 25 2014...

CLIMATE NORMAL PERIOD 1981 TO 2010
CLIMATE RECORD PERIOD 2000 TO 2014


WEATHER ITEM   OBSERVED TIME   RECORD YEAR NORMAL DEPARTURE LAST
                VALUE   (LST)  VALUE       VALUE  FROM      YEAR
                                                  NORMAL
..................................................................
TEMPERATURE (F)
 YESTERDAY
  MAXIMUM         42   1212 AM  67    1932  34      8       22
  MINIMUM         33   1159 PM -15    1983  20     13        5
  AVERAGE         38                        27     11       14

PRECIPITATION (IN)
  YESTERDAY        0.01          0.82 1944   0.09  -0.08      T
  MONTH TO DATE    2.32                      2.09   0.23     2.29
  SINCE DEC 1      2.32                      2.09   0.23     2.29
  SINCE JAN 1     33.94                     33.14   0.80    36.28

DEGREE DAYS
 HEATING
  YESTERDAY       27                        38    -11       51
  MONTH TO DATE  813                       894    -81      848
  SINCE DEC 1    813                       894    -81      848
  SINCE JUL 1   2324                      2351    -27     2479

 COOLING
  YESTERDAY        0                         0      0        0
  MONTH TO DATE    0                         0      0        0
  SINCE DEC 1      0                         0      0        0
  SINCE JAN 1    341                       382    -41      393
..................................................................


WIND (MPH)
  HIGHEST WIND SPEED    31   HIGHEST WIND DIRECTION     W (270)
  HIGHEST GUST SPEED    41   HIGHEST GUST DIRECTION     W (260)
  AVERAGE WIND SPEED    17.3


SKY COVER
  POSSIBLE SUNSHINE  MM
  AVERAGE SKY COVER 1.0


WEATHER CONDITIONS
 THE FOLLOWING WEATHER WAS RECORDED YESTERDAY.
  LIGHT RAIN
  LIGHT SNOW
  FOG


RELATIVE HUMIDITY (PERCENT)
 HIGHEST    89          1200 AM
 LOWEST     69           900 PM
 AVERAGE    79

..........................................................


THE JOHNSTOWN CLIMATE NORMALS FOR TODAY
                         NORMAL    RECORD    YEAR
 MAXIMUM TEMPERATURE (F)   34        65      1982
 MINIMUM TEMPERATURE (F)   20       -15      1983


SUNRISE AND SUNSET
DECEMBER 26 2014......SUNRISE   737 AM EST   SUNSET   455 PM EST
DECEMBER 27 2014......SUNRISE   737 AM EST   SUNSET   456 PM EST


-  INDICATES NEGATIVE NUMBERS.
R  INDICATES RECORD WAS SET OR TIED.
MM INDICATES DATA IS MISSING.
T  INDICATES TRACE AMOUNT.




$$
