000
CDUS41 KCTP 090639
CLIJST


CLIMATE REPORT
NATIONAL WEATHER SERVICE STATE COLLEGE PA
138 AM EST TUE FEB 9 2016


...................................

...THE JOHNSTOWN CLIMATE SUMMARY FOR FEBRUARY 8 2016...

CLIMATE NORMAL PERIOD 1981 TO 2010
CLIMATE RECORD PERIOD 2000 TO 2016


WEATHER ITEM   OBSERVED TIME   RECORD YEAR NORMAL DEPARTURE LAST
                VALUE   (LST)  VALUE       VALUE  FROM      YEAR
                                                  NORMAL
..................................................................
TEMPERATURE (F)
 YESTERDAY
  MAXIMUM         39    109 PM  67    1925  33      6       49
  MINIMUM         28    519 AM -14    1977  19      9       40
  AVERAGE         34                        26      8       45

PRECIPITATION (IN)
  YESTERDAY        T             1.58 1900   0.08  -0.08     0.04
  MONTH TO DATE    0.55                      0.67  -0.12     0.92
  SINCE DEC 1      5.15                      6.12  -0.97     5.17
  SINCE JAN 1      1.42                      3.55  -2.13     2.84

DEGREE DAYS
 HEATING
  YESTERDAY       31                        39     -8       20
  MONTH TO DATE  232                       317    -85      320
  SINCE DEC 1   2166                      2676   -510     2639
  SINCE JUL 1   3284                      4134   -850     4150

 COOLING
  YESTERDAY        0                         0      0        0
  MONTH TO DATE    0                         0      0        0
  SINCE DEC 1      0                         0      0        0
  SINCE JAN 1      0                         0      0        0
..................................................................


WIND (MPH)
  HIGHEST WIND SPEED    18   HIGHEST WIND DIRECTION     S (160)
  HIGHEST GUST SPEED    24   HIGHEST GUST DIRECTION     S (160)
  AVERAGE WIND SPEED     7.7


SKY COVER
  POSSIBLE SUNSHINE  MM
  AVERAGE SKY COVER 0.6


WEATHER CONDITIONS
 THE FOLLOWING WEATHER WAS RECORDED YESTERDAY.
  LIGHT SNOW
  FOG
  HAZE


RELATIVE HUMIDITY (PERCENT)
 HIGHEST    85          1100 PM
 LOWEST     44           100 PM
 AVERAGE    65

..........................................................


THE JOHNSTOWN CLIMATE NORMALS FOR TODAY
                         NORMAL    RECORD    YEAR
 MAXIMUM TEMPERATURE (F)   33        64      1925
 MINIMUM TEMPERATURE (F)   19       -12      1934


SUNRISE AND SUNSET
FEBRUARY  9 2016......SUNRISE   717 AM EST   SUNSET   543 PM EST
FEBRUARY 10 2016......SUNRISE   715 AM EST   SUNSET   544 PM EST


-  INDICATES NEGATIVE NUMBERS.
R  INDICATES RECORD WAS SET OR TIED.
MM INDICATES DATA IS MISSING.
T  INDICATES TRACE AMOUNT.




$$
