000
CDUS41 KCTP 180649
CLIJST


CLIMATE REPORT
NATIONAL WEATHER SERVICE STATE COLLEGE PA
249 AM EDT FRI APR 18 2014


...................................

...THE JOHNSTOWN CLIMATE SUMMARY FOR APRIL 17 2014...

CLIMATE NORMAL PERIOD 1981 TO 2010
CLIMATE RECORD PERIOD 2000 TO 2014


WEATHER ITEM   OBSERVED TIME   RECORD YEAR NORMAL DEPARTURE LAST
                VALUE   (LST)  VALUE       VALUE  FROM      YEAR
                                                  NORMAL
..................................................................
TEMPERATURE (F)
 YESTERDAY
  MAXIMUM         51    338 PM  92    1976  57     -6       62
  MINIMUM         28    545 AM  21    1966  39    -11       48
  AVERAGE         40                        48     -8       55

PRECIPITATION (IN)
  YESTERDAY        0.00          2.19 1972   0.11  -0.11     0.01
  MONTH TO DATE    1.94                      2.17  -0.23     1.42
  SINCE MAR 1      3.89                      5.46  -1.57     2.98
  SINCE JAN 1      7.93                     10.69  -2.76     7.11

DEGREE DAYS
 HEATING
  YESTERDAY       25                        17      8       10
  MONTH TO DATE  308                       345    -37      302
  SINCE MAR 1   1404                      1258    146     1337
  SINCE JUL 1   6732                      6137    595     6130

 COOLING
  YESTERDAY        0                         0      0        0
  MONTH TO DATE    4                         0      4        1
  SINCE MAR 1      4                         0      4        1
  SINCE JAN 1      4                         0      4        1
..................................................................


WIND (MPH)
  HIGHEST WIND SPEED    20   HIGHEST WIND DIRECTION     S (170)
  HIGHEST GUST SPEED    29   HIGHEST GUST DIRECTION     S (170)
  AVERAGE WIND SPEED    11.5


SKY COVER
  POSSIBLE SUNSHINE  MM
  AVERAGE SKY COVER 0.0


WEATHER CONDITIONS
 THE FOLLOWING WEATHER WAS RECORDED YESTERDAY.
  NO SIGNIFICANT WEATHER WAS OBSERVED.


RELATIVE HUMIDITY (PERCENT)
 HIGHEST    59          1000 PM
 LOWEST     36           300 PM
 AVERAGE    48

..........................................................


THE JOHNSTOWN CLIMATE NORMALS FOR TODAY
                         NORMAL    RECORD    YEAR
 MAXIMUM TEMPERATURE (F)   58        95      1976
 MINIMUM TEMPERATURE (F)   39        24      2001


SUNRISE AND SUNSET
APRIL 18 2014.........SUNRISE   633 AM EDT   SUNSET   757 PM EDT
APRIL 19 2014.........SUNRISE   631 AM EDT   SUNSET   758 PM EDT


-  INDICATES NEGATIVE NUMBERS.
R  INDICATES RECORD WAS SET OR TIED.
MM INDICATES DATA IS MISSING.
T  INDICATES TRACE AMOUNT.




$$
