000
CDUS41 KCTP 232117
CLIJST


CLIMATE REPORT
NATIONAL WEATHER SERVICE STATE COLLEGE PA
517 PM EDT MON OCT 23 2017


...................................

...THE JOHNSTOWN CLIMATE SUMMARY FOR OCTOBER 23 2017...
VALID TODAY AS OF 0500 PM LOCAL TIME.

CLIMATE NORMAL PERIOD 1981 TO 2010
CLIMATE RECORD PERIOD 1892 TO 2017


WEATHER ITEM   OBSERVED TIME   RECORD YEAR NORMAL DEPARTURE LAST
                VALUE   (LST)  VALUE       VALUE  FROM      YEAR
                                                  NORMAL
..................................................................
TEMPERATURE (F)
 TODAY
  MAXIMUM         64   1215 PM  86    1947  56      8       59
  MINIMUM         55    640 AM  23    1944  40     15       39
  AVERAGE         60                        48     12       49

PRECIPITATION (IN)
  TODAY            T             1.04 1912   0.10  -0.10     0.00
  MONTH TO DATE    1.87                      2.33  -0.46     3.25
  SINCE SEP 1      4.04                      2.33   1.71     6.17
  SINCE JAN 1     38.29                     26.62  11.67    30.82

DEGREE DAYS
 HEATING
  TODAY            5                        17    -12       16
  MONTH TO DATE  121                       329   -208      216
  SINCE SEP 1    248                       509   -261      282
  SINCE JUL 1    289                       547   -258      293

 COOLING
  TODAY            0                         0      0        0
  MONTH TO DATE   22                         0     22       16
  SINCE SEP 1     95                        22     73      102
  SINCE JAN 1    497                       382    115      705
..................................................................


WIND (MPH)
  HIGHEST WIND SPEED    23   HIGHEST WIND DIRECTION    SE (140)
  HIGHEST GUST SPEED    37   HIGHEST GUST DIRECTION    SE (150)
  AVERAGE WIND SPEED    11.6


SKY COVER
  POSSIBLE SUNSHINE  MM
  AVERAGE SKY COVER 0.4


WEATHER CONDITIONS
 THE FOLLOWING WEATHER WAS RECORDED TODAY.
  LIGHT RAIN


RELATIVE HUMIDITY (PERCENT)
 HIGHEST    93           100 AM
 LOWEST     78          1200 PM
 AVERAGE    86

..........................................................


THE JOHNSTOWN CLIMATE NORMALS FOR TOMORROW
                         NORMAL    RECORD    YEAR
 MAXIMUM TEMPERATURE (F)   56        82      1963
 MINIMUM TEMPERATURE (F)   40        20      1969


SUNRISE AND SUNSET
OCTOBER 23 2017.......SUNRISE   735 AM EDT   SUNSET   624 PM EDT
OCTOBER 24 2017.......SUNRISE   736 AM EDT   SUNSET   622 PM EDT


-  INDICATES NEGATIVE NUMBERS.
R  INDICATES RECORD WAS SET OR TIED.
MM INDICATES DATA IS MISSING.
T  INDICATES TRACE AMOUNT.




$$
