000
CDUS41 KCTP 272135
CLIJST


CLIMATE REPORT
NATIONAL WEATHER SERVICE STATE COLLEGE PA
535 PM EDT THU AUG 27 2015


...................................

...THE JOHNSTOWN CLIMATE SUMMARY FOR AUGUST 27 2015...
VALID TODAY AS OF 0500 PM LOCAL TIME.

CLIMATE NORMAL PERIOD 1981 TO 2010
CLIMATE RECORD PERIOD 2000 TO 2015


WEATHER ITEM   OBSERVED TIME   RECORD YEAR NORMAL DEPARTURE LAST
                VALUE   (LST)  VALUE       VALUE  FROM      YEAR
                                                  NORMAL
..................................................................
TEMPERATURE (F)
 TODAY
  MAXIMUM         65    215 PM 101    1948  74     -9       82
  MINIMUM         54    529 AM  41    1944  58     -4       60
  AVERAGE         60                        66     -6       71

PRECIPITATION (IN)
  TODAY            0.00          1.60 1899   0.11  -0.11     0.80
  MONTH TO DATE    2.70                      3.36  -0.66     3.40
  SINCE JUN 1     19.25                      7.21  12.04    11.73
  SINCE JAN 1     33.65                     23.85   9.80    25.29

DEGREE DAYS
 HEATING
  TODAY            5                         1      4        0
  MONTH TO DATE   21                        23     -2       27
  SINCE JUN 1     89                       110    -21      116
  SINCE JUL 1     28                        36     -8       76

 COOLING
  TODAY            0                         3     -3        6
  MONTH TO DATE  101                       108     -7       67
  SINCE JUN 1    347                       333     14      259
  SINCE JAN 1    431                       351     80      285
..................................................................


WIND (MPH)
  HIGHEST WIND SPEED    12   HIGHEST WIND DIRECTION    NW (330)
  HIGHEST GUST SPEED    14   HIGHEST GUST DIRECTION    NW (320)
  AVERAGE WIND SPEED     6.4


SKY COVER
  POSSIBLE SUNSHINE  MM
  AVERAGE SKY COVER 0.9


WEATHER CONDITIONS
 THE FOLLOWING WEATHER WAS RECORDED TODAY.
  NO SIGNIFICANT WEATHER WAS OBSERVED.


RELATIVE HUMIDITY (PERCENT)
 HIGHEST    93           500 AM
 LOWEST     63           200 PM
 AVERAGE    78

..........................................................


THE JOHNSTOWN CLIMATE NORMALS FOR TOMORROW
                         NORMAL    RECORD    YEAR
 MAXIMUM TEMPERATURE (F)   74       100      1948
 MINIMUM TEMPERATURE (F)   58        41      1941


SUNRISE AND SUNSET
AUGUST 27 2015........SUNRISE   638 AM EDT   SUNSET   755 PM EDT
AUGUST 28 2015........SUNRISE   639 AM EDT   SUNSET   754 PM EDT


-  INDICATES NEGATIVE NUMBERS.
R  INDICATES RECORD WAS SET OR TIED.
MM INDICATES DATA IS MISSING.
T  INDICATES TRACE AMOUNT.




$$
