000
CDUS41 KCTP 270625
CLIJST


CLIMATE REPORT
NATIONAL WEATHER SERVICE STATE COLLEGE PA
224 AM EDT WED MAY 27 2015


...................................

...THE JOHNSTOWN CLIMATE SUMMARY FOR MAY 26 2015...

CLIMATE NORMAL PERIOD 1981 TO 2010
CLIMATE RECORD PERIOD 2000 TO 2015


WEATHER ITEM   OBSERVED TIME   RECORD YEAR NORMAL DEPARTURE LAST
                VALUE   (LST)  VALUE       VALUE  FROM      YEAR
                                                  NORMAL
..................................................................
TEMPERATURE (F)
 YESTERDAY
  MAXIMUM         76    448 PM  94    1914  68      8       76
  MINIMUM         64    550 AM  33    1917  50     14       53
  AVERAGE         70                        59     11       65

PRECIPITATION (IN)
  YESTERDAY        T             2.37 1950   0.16  -0.16     0.00
  MONTH TO DATE    2.00                      3.74  -1.74     3.18
  SINCE MAR 1     10.46                     10.62  -0.16     8.92
  SINCE JAN 1     13.86                     15.85  -1.99    12.96

DEGREE DAYS
 HEATING
  YESTERDAY        0                         7     -7        0
  MONTH TO DATE  132                       247   -115      240
  SINCE MAR 1   1588                      1698   -110     1870
  SINCE JUL 1   6777                      6578    199     7198

 COOLING
  YESTERDAY        5                         1      4        0
  MONTH TO DATE   53                        13     40       15
  SINCE MAR 1     53                        18     35       19
  SINCE JAN 1     53                        18     35       19
..................................................................


WIND (MPH)
  HIGHEST WIND SPEED    16   HIGHEST WIND DIRECTION     S (170)
  HIGHEST GUST SPEED    20   HIGHEST GUST DIRECTION     S (170)
  AVERAGE WIND SPEED     7.6


SKY COVER
  POSSIBLE SUNSHINE  MM
  AVERAGE SKY COVER 0.4


WEATHER CONDITIONS
 THE FOLLOWING WEATHER WAS RECORDED YESTERDAY.
  LIGHT RAIN


RELATIVE HUMIDITY (PERCENT)
 HIGHEST    81          1000 PM
 LOWEST     61           100 AM
 AVERAGE    71

..........................................................


THE JOHNSTOWN CLIMATE NORMALS FOR TODAY
                         NORMAL    RECORD    YEAR
 MAXIMUM TEMPERATURE (F)   69        91      1918
 MINIMUM TEMPERATURE (F)   51        32      1915


SUNRISE AND SUNSET
MAY 27 2015...........SUNRISE   550 AM EDT   SUNSET   835 PM EDT
MAY 28 2015...........SUNRISE   550 AM EDT   SUNSET   836 PM EDT


-  INDICATES NEGATIVE NUMBERS.
R  INDICATES RECORD WAS SET OR TIED.
MM INDICATES DATA IS MISSING.
T  INDICATES TRACE AMOUNT.




$$
