000
CDUS43 KGRR 170520
CLIJXN


CLIMATE REPORT
NATIONAL WEATHER SERVICE GRAND RAPIDS, MI
1220 AM EST WED JAN 17 2018


...................................

...THE JACKSON MI CLIMATE SUMMARY FOR JANUARY 16 2018...

CLIMATE NORMAL PERIOD 1981 TO 2010
CLIMATE RECORD PERIOD 1944 TO 9999


WEATHER ITEM   OBSERVED TIME   NORMAL DEPARTURE LAST
                VALUE   (LST)  VALUE  FROM      YEAR
                                      NORMAL
......................................................
TEMPERATURE (F)
 YESTERDAY
  MAXIMUM         15   1218 AM  31    -16       35
  MINIMUM          1   1051 PM  16    -15       19
  AVERAGE          8            23    -15       27

PRECIPITATION (IN)
  YESTERDAY        T             0.05  -0.05     0.30
  MONTH TO DATE    0.41          0.87  -0.46     1.98
  SINCE DEC 1      1.09          2.74  -1.65     2.86
  SINCE JAN 1      0.41          0.87  -0.46     1.98

DEGREE DAYS
 HEATING
  YESTERDAY       57            42     15       38
  MONTH TO DATE  757           661     96      638
  SINCE DEC 1   1979          1805    174     1803
  SINCE JUL 1   3221          3209     12     2773

 COOLING
  YESTERDAY        0             0      0        0
  MONTH TO DATE    0             0      0        0
  SINCE DEC 1      0             0      0        0
  SINCE JAN 1      0             0      0        0
......................................................


WIND (MPH)
  RESULTANT WIND SPEED   7   RESULTANT WIND DIRECTION  SW (230)
  HIGHEST WIND SPEED    15   HIGHEST WIND DIRECTION    SW (220)
  HIGHEST GUST SPEED    18   HIGHEST GUST DIRECTION    SW (210)
  AVERAGE WIND SPEED     7.6


SKY COVER
  AVERAGE SKY COVER 0.8


WEATHER CONDITIONS
 THE FOLLOWING WEATHER WAS RECORDED YESTERDAY.
  LIGHT SNOW
  FOG
  HAZE


RELATIVE HUMIDITY (PERCENT)
 HIGHEST    95          1100 PM
 LOWEST     73           300 PM
 AVERAGE    84

..........................................................


THE JACKSON MI CLIMATE NORMALS FOR TODAY
                         NORMAL
 MAXIMUM TEMPERATURE (F)   31
 MINIMUM TEMPERATURE (F)   16


SUNRISE AND SUNSET
JANUARY 17 2018.......SUNRISE   803 AM EST   SUNSET   533 PM EST
JANUARY 18 2018.......SUNRISE   803 AM EST   SUNSET   534 PM EST


-  INDICATES NEGATIVE NUMBERS.
R  INDICATES RECORD WAS SET OR TIED.
MM INDICATES DATA IS MISSING.
T  INDICATES TRACE AMOUNT.




$$
