000
CDUS43 KGRR 242131
CLIJXN


CLIMATE REPORT
NATIONAL WEATHER SERVICE GRAND RAPIDS, MI
530 PM EDT WED MAY 24 2017


...................................

...THE JACKSON MI CLIMATE SUMMARY FOR MAY 24 2017...
VALID TODAY AS OF 0500 PM LOCAL TIME.

CLIMATE NORMAL PERIOD 1981 TO 2010
CLIMATE RECORD PERIOD 1944 TO 9999


WEATHER ITEM   OBSERVED TIME   NORMAL DEPARTURE LAST
                VALUE   (LST)  VALUE  FROM      YEAR
                                      NORMAL
......................................................
TEMPERATURE (F)
 TODAY
  MAXIMUM         69    101 PM  72     -3       84
  MINIMUM         52    543 AM  49      3       46
  AVERAGE         61            60      1       65

PRECIPITATION (IN)
  TODAY            T             0.11  -0.11     0.00
  MONTH TO DATE    3.46          2.54   0.92     1.66
  SINCE MAR 1     12.28          7.05   5.23     7.58
  SINCE JAN 1     17.22          9.83   7.39     9.45

DEGREE DAYS
 HEATING
  TODAY            4             6     -2        0
  MONTH TO DATE  233           221     12      252
  SINCE MAR 1   1503          1653   -150     1518
  SINCE JUL 1   5511          6567  -1056     5640

 COOLING
  TODAY            0             2     -2        0
  MONTH TO DATE   25            18      7        1
  SINCE MAR 1     32            24      8        1
  SINCE JAN 1     32            24      8        1
......................................................


WIND (MPH)
  RESULTANT WIND SPEED   7   RESULTANT WIND DIRECTION   E (80)
  HIGHEST WIND SPEED    18   HIGHEST WIND DIRECTION     E (110)
  HIGHEST GUST SPEED    26   HIGHEST GUST DIRECTION     E (80)
  AVERAGE WIND SPEED     7.6


SKY COVER
  AVERAGE SKY COVER 0.4


WEATHER CONDITIONS
 THE FOLLOWING WEATHER WAS RECORDED TODAY.
  THUNDERSTORM
  LIGHT RAIN
  FOG


RELATIVE HUMIDITY (PERCENT)
 HIGHEST   100           400 AM
 LOWEST     63          1200 PM
 AVERAGE    82

..........................................................


THE JACKSON MI CLIMATE NORMALS FOR TOMORROW
                         NORMAL
 MAXIMUM TEMPERATURE (F)   72
 MINIMUM TEMPERATURE (F)   49


SUNRISE AND SUNSET
MAY 24 2017...........SUNRISE   609 AM EDT   SUNSET   901 PM EDT
MAY 25 2017...........SUNRISE   608 AM EDT   SUNSET   902 PM EDT


-  INDICATES NEGATIVE NUMBERS.
R  INDICATES RECORD WAS SET OR TIED.
MM INDICATES DATA IS MISSING.
T  INDICATES TRACE AMOUNT.




$$
