000
CDUS43 KGRR 100533
CLIJXN


CLIMATE REPORT
NATIONAL WEATHER SERVICE GRAND RAPIDS, MI
130 AM EDT THU JUL 10 2014


...................................

...THE JACKSON MI CLIMATE SUMMARY FOR JULY 9 2014...

CLIMATE NORMAL PERIOD 1981 TO 2010
CLIMATE RECORD PERIOD 9999 TO 9999


WEATHER ITEM   OBSERVED TIME   NORMAL DEPARTURE LAST
                VALUE   (LST)  VALUE  FROM      YEAR
                                      NORMAL
......................................................
TEMPERATURE (F)
 YESTERDAY
  MAXIMUM         75        MM  83     -8       86
  MINIMUM         60        MM  60      0       68
  AVERAGE         68            71     -3       77

PRECIPITATION (IN)
  YESTERDAY        0.00          0.10  -0.10     0.14
  MONTH TO DATE    2.48          0.97   1.51     0.16
  SINCE JUN 1      7.24          4.24   3.00     4.78
  SINCE JAN 1     19.57         14.84   4.73    17.40

DEGREE DAYS
 HEATING
  YESTERDAY        0             0      0        0
  MONTH TO DATE    6             1      5        1
  SINCE JUN 1     37            56    -19       58
  SINCE JUL 1      6             1      5        1

 COOLING
  YESTERDAY        3             7     -4       12
  MONTH TO DATE   34            61    -27       66
  SINCE JUN 1    175           187    -12      183
  SINCE JAN 1    209           224    -15      250
......................................................


WIND (MPH)
  RESULTANT WIND SPEED   3   RESULTANT WIND DIRECTION   W (280)
  HIGHEST WIND SPEED    12   HIGHEST WIND DIRECTION     W (280)
  HIGHEST GUST SPEED    18   HIGHEST GUST DIRECTION     W (280)
  AVERAGE WIND SPEED     6.1


SKY COVER
  AVERAGE SKY COVER 0.3


WEATHER CONDITIONS
 THE FOLLOWING WEATHER WAS RECORDED YESTERDAY.
  NO SIGNIFICANT WEATHER WAS OBSERVED.


RELATIVE HUMIDITY (PERCENT)
 HIGHEST    93          1200 AM
 LOWEST     53           100 PM
 AVERAGE    73

..........................................................


THE JACKSON MI CLIMATE NORMALS FOR TODAY
                         NORMAL
 MAXIMUM TEMPERATURE (F)   83
 MINIMUM TEMPERATURE (F)   60


SUNRISE AND SUNSET
JULY 10 2014..........SUNRISE   611 AM EDT   SUNSET   915 PM EDT
JULY 11 2014..........SUNRISE   612 AM EDT   SUNSET   915 PM EDT


-  INDICATES NEGATIVE NUMBERS.
R  INDICATES RECORD WAS SET OR TIED.
MM INDICATES DATA IS MISSING.
T  INDICATES TRACE AMOUNT.




$$
