000
CDUS43 KGRR 162135
CLIJXN


CLIMATE REPORT
NATIONAL WEATHER SERVICE GRAND RAPIDS, MI
534 PM EDT MON OCT 16 2017


...................................

...THE JACKSON MI CLIMATE SUMMARY FOR OCTOBER 16 2017...
VALID TODAY AS OF 0500 PM LOCAL TIME.

CLIMATE NORMAL PERIOD 1981 TO 2010
CLIMATE RECORD PERIOD 1944 TO 9999


WEATHER ITEM   OBSERVED TIME   NORMAL DEPARTURE LAST
                VALUE   (LST)  VALUE  FROM      YEAR
                                      NORMAL
......................................................
TEMPERATURE (F)
 TODAY
  MAXIMUM         55    359 PM  60     -5       67
  MINIMUM         39    114 AM  40     -1       62
  AVERAGE         47            50     -3       65

PRECIPITATION (IN)
  TODAY            0.00          0.08  -0.08     0.48
  MONTH TO DATE    6.05          1.47   4.58     2.19
  SINCE SEP 1      6.78          4.95   1.83     5.73
  SINCE JAN 1     29.84         25.87   3.97    32.04

DEGREE DAYS
 HEATING
  TODAY           18            15      3        0
  MONTH TO DATE   81           203   -122      121
  SINCE SEP 1    190           356   -166      165
  SINCE JUL 1    217           391   -174      169

 COOLING
  TODAY            0             0      0        0
  MONTH TO DATE   15             3     12        8
  SINCE SEP 1    128            60     68       95
  SINCE JAN 1    655           589     66      823
......................................................


WIND (MPH)
  RESULTANT WIND SPEED   1   RESULTANT WIND DIRECTION   W (280)
  HIGHEST WIND SPEED    15   HIGHEST WIND DIRECTION    SW (210)
  HIGHEST GUST SPEED    20   HIGHEST GUST DIRECTION    SW (210)
  AVERAGE WIND SPEED     3.6


SKY COVER
  AVERAGE SKY COVER 0.7


WEATHER CONDITIONS
 THE FOLLOWING WEATHER WAS RECORDED TODAY.
  FOG


RELATIVE HUMIDITY (PERCENT)
 HIGHEST    92           100 AM
 LOWEST     51           400 PM
 AVERAGE    72

..........................................................


THE JACKSON MI CLIMATE NORMALS FOR TOMORROW
                         NORMAL
 MAXIMUM TEMPERATURE (F)   60
 MINIMUM TEMPERATURE (F)   40


SUNRISE AND SUNSET
OCTOBER 16 2017.......SUNRISE   752 AM EDT   SUNSET   654 PM EDT
OCTOBER 17 2017.......SUNRISE   753 AM EDT   SUNSET   652 PM EDT


-  INDICATES NEGATIVE NUMBERS.
R  INDICATES RECORD WAS SET OR TIED.
MM INDICATES DATA IS MISSING.
T  INDICATES TRACE AMOUNT.




$$

63
