000
CDUS43 KGRR 302126
CLIJXN


CLIMATE REPORT
NATIONAL WEATHER SERVICE GRAND RAPIDS, MI
526 PM EDT SUN AUG 30 2015


...................................

...THE JACKSON MI CLIMATE SUMMARY FOR AUGUST 30 2015...
VALID TODAY AS OF 0500 PM LOCAL TIME.

CLIMATE NORMAL PERIOD 1981 TO 2010
CLIMATE RECORD PERIOD 1944 TO 9999


WEATHER ITEM   OBSERVED TIME   NORMAL DEPARTURE LAST
                VALUE   (LST)  VALUE  FROM      YEAR
                                      NORMAL
......................................................
TEMPERATURE (F)
 TODAY
  MAXIMUM         79    359 PM  78      1       85
  MINIMUM         65    349 AM  57      8       68
  AVERAGE         72            68      4       77

PRECIPITATION (IN)
  TODAY            0.00          0.11  -0.11     0.58
  MONTH TO DATE    3.23          3.35  -0.12     2.70
  SINCE JUN 1     13.06         10.20   2.86    10.60
  SINCE JAN 1     23.69         20.80   2.89    22.93

DEGREE DAYS
 HEATING
  TODAY            0             1     -1        0
  MONTH TO DATE   25            26     -1       12
  SINCE JUN 1     70            92    -22       73
  SINCE JUL 1     38            37      1       42

 COOLING
  TODAY            7             4      3       12
  MONTH TO DATE  126           160    -34      162
  SINCE JUN 1    365           488   -123      401
  SINCE JAN 1    420           525   -105      435
......................................................


WIND (MPH)
  RESULTANT WIND SPEED   2   RESULTANT WIND DIRECTION  SW (210)
  HIGHEST WIND SPEED    10   HIGHEST WIND DIRECTION    SE (130)
  HIGHEST GUST SPEED    13   HIGHEST GUST DIRECTION     W (280)
  AVERAGE WIND SPEED     3.9


SKY COVER
  AVERAGE SKY COVER 0.9


WEATHER CONDITIONS
 THE FOLLOWING WEATHER WAS RECORDED TODAY.
  FOG


RELATIVE HUMIDITY (PERCENT)
 HIGHEST   100          1200 AM
 LOWEST     74           300 PM
 AVERAGE    87

..........................................................


THE JACKSON MI CLIMATE NORMALS FOR TOMORROW
                         NORMAL
 MAXIMUM TEMPERATURE (F)   78
 MINIMUM TEMPERATURE (F)   57


SUNRISE AND SUNSET
AUGUST 30 2015........SUNRISE   701 AM EDT   SUNSET   816 PM EDT
AUGUST 31 2015........SUNRISE   702 AM EDT   SUNSET   814 PM EDT


-  INDICATES NEGATIVE NUMBERS.
R  INDICATES RECORD WAS SET OR TIED.
MM INDICATES DATA IS MISSING.
T  INDICATES TRACE AMOUNT.




$$

JAM
