000
CDUS43 KGRR 300530
CLIJXN


CLIMATE REPORT
NATIONAL WEATHER SERVICE GRAND RAPIDS, MI
128 AM EDT WED JUL 30 2014


...................................

...THE JACKSON MI CLIMATE SUMMARY FOR JULY 29 2014...

CLIMATE NORMAL PERIOD 1981 TO 2010
CLIMATE RECORD PERIOD 9999 TO 9999


WEATHER ITEM   OBSERVED TIME   NORMAL DEPARTURE LAST
                VALUE   (LST)  VALUE  FROM      YEAR
                                      NORMAL
......................................................
TEMPERATURE (F)
 YESTERDAY
  MAXIMUM         73        MM  81     -8       70
  MINIMUM         48        MM  60    -12       50
  AVERAGE         61            71    -10       60

PRECIPITATION (IN)
  YESTERDAY        0.00          0.12  -0.12     0.03
  MONTH TO DATE    3.14          3.33  -0.19     1.85
  SINCE JUN 1      7.90          6.60   1.30     6.47
  SINCE JAN 1     20.23         17.20   3.03    19.09

DEGREE DAYS
 HEATING
  YESTERDAY        4             0      4        5
  MONTH TO DATE   29             1     28       18
  SINCE JUN 1     60            56      4       75
  SINCE JUL 1     29             1     28       18

 COOLING
  YESTERDAY        0             6     -6        0
  MONTH TO DATE   98           192    -94      212
  SINCE JUN 1    239           318    -79      329
  SINCE JAN 1    273           355    -82      396
......................................................


WIND (MPH)
  RESULTANT WIND SPEED   5   RESULTANT WIND DIRECTION   W (260)
  HIGHEST WIND SPEED    12   HIGHEST WIND DIRECTION    SW (230)
  HIGHEST GUST SPEED    MM   HIGHEST GUST DIRECTION    MM
  AVERAGE WIND SPEED     5.0


SKY COVER
  AVERAGE SKY COVER 0.4


WEATHER CONDITIONS
 THE FOLLOWING WEATHER WAS RECORDED YESTERDAY.
  THUNDERSTORM


RELATIVE HUMIDITY (PERCENT)
 HIGHEST    93           300 AM
 LOWEST     55          1200 PM
 AVERAGE    74

..........................................................


THE JACKSON MI CLIMATE NORMALS FOR TODAY
                         NORMAL
 MAXIMUM TEMPERATURE (F)   81
 MINIMUM TEMPERATURE (F)   60


SUNRISE AND SUNSET
JULY 30 2014..........SUNRISE   629 AM EDT   SUNSET   859 PM EDT
JULY 31 2014..........SUNRISE   630 AM EDT   SUNSET   858 PM EDT


-  INDICATES NEGATIVE NUMBERS.
R  INDICATES RECORD WAS SET OR TIED.
MM INDICATES DATA IS MISSING.
T  INDICATES TRACE AMOUNT.




$$
