000
CDUS43 KGRR 180533
CLIJXN


CLIMATE REPORT
NATIONAL WEATHER SERVICE GRAND RAPIDS, MI
1232 AM EST WED JAN 18 2017


...................................

...THE JACKSON MI CLIMATE SUMMARY FOR JANUARY 17 2017...

CLIMATE NORMAL PERIOD 1981 TO 2010
CLIMATE RECORD PERIOD 1944 TO 9999


WEATHER ITEM   OBSERVED TIME   NORMAL DEPARTURE LAST
                VALUE   (LST)  VALUE  FROM      YEAR
                                      NORMAL
......................................................
TEMPERATURE (F)
 YESTERDAY
  MAXIMUM         45   1245 PM  31     14       26
  MINIMUM         33    221 AM  16     17        6
  AVERAGE         39            23     16       16

PRECIPITATION (IN)
  YESTERDAY        0.32          0.04   0.28      T
  MONTH TO DATE    2.30          0.91   1.39     0.65
  SINCE DEC 1      3.18          2.78   0.40     2.96
  SINCE JAN 1      2.30          0.91   1.39     0.65

DEGREE DAYS
 HEATING
  YESTERDAY       26            42    -16       49
  MONTH TO DATE  664           703    -39      651
  SINCE DEC 1   1829          1847    -18     1423
  SINCE JUL 1   2799          3251   -452     2544

 COOLING
  YESTERDAY        0             0      0        0
  MONTH TO DATE    0             0      0        0
  SINCE DEC 1      0             0      0        0
  SINCE JAN 1      0             0      0        0
......................................................


WIND (MPH)
  RESULTANT WIND SPEED   6   RESULTANT WIND DIRECTION  SW (240)
  HIGHEST WIND SPEED    21   HIGHEST WIND DIRECTION     W (250)
  HIGHEST GUST SPEED    28   HIGHEST GUST DIRECTION     W (250)
  AVERAGE WIND SPEED    10.9


SKY COVER
  AVERAGE SKY COVER 1.0


WEATHER CONDITIONS
 THE FOLLOWING WEATHER WAS RECORDED YESTERDAY.
  THUNDERSTORM
  HEAVY RAIN
  RAIN
  LIGHT RAIN
  FOG
  FOG W/VISIBILITY <= 1/4 MILE


RELATIVE HUMIDITY (PERCENT)
 HIGHEST   100           500 AM
 LOWEST     89          1200 AM
 AVERAGE    95

..........................................................


THE JACKSON MI CLIMATE NORMALS FOR TODAY
                         NORMAL
 MAXIMUM TEMPERATURE (F)   31
 MINIMUM TEMPERATURE (F)   16


SUNRISE AND SUNSET
JANUARY 18 2017.......SUNRISE   802 AM EST   SUNSET   535 PM EST
JANUARY 19 2017.......SUNRISE   802 AM EST   SUNSET   536 PM EST


-  INDICATES NEGATIVE NUMBERS.
R  INDICATES RECORD WAS SET OR TIED.
MM INDICATES DATA IS MISSING.
T  INDICATES TRACE AMOUNT.




$$
