000
CDUS43 KGRR 160521
CLIJXN


CLIMATE REPORT
NATIONAL WEATHER SERVICE GRAND RAPIDS, MI
121 AM EDT WED AUG 16 2017


...................................

...THE JACKSON MI CLIMATE SUMMARY FOR AUGUST 15 2017...

CLIMATE NORMAL PERIOD 1981 TO 2010
CLIMATE RECORD PERIOD 1944 TO 9999


WEATHER ITEM   OBSERVED TIME   NORMAL DEPARTURE LAST
                VALUE   (LST)  VALUE  FROM      YEAR
                                      NORMAL
......................................................
TEMPERATURE (F)
 YESTERDAY
  MAXIMUM         MM        MM  80     MM       80
  MINIMUM         MM        MM  59     MM       65
  AVERAGE         MM            70     MM       73

PRECIPITATION (IN)
  YESTERDAY       MM             0.11  MM        1.89
  MONTH TO DATE    1.25          1.72  -0.47     4.49
  SINCE JUN 1      4.73          8.57  -3.84    11.79
  SINCE JAN 1     22.70         19.17   3.53    21.29

DEGREE DAYS
 HEATING
  YESTERDAY       MM             1     MM        0
  MONTH TO DATE    2            11     -9        0
  SINCE JUN 1     33            77    -44       34
  SINCE JUL 1      2            22    -20        4

 COOLING
  YESTERDAY       MM             6     MM        8
  MONTH TO DATE   56            90    -34      153
  SINCE JUN 1    442           418     24      562
  SINCE JAN 1    478           455     23      615
......................................................


WIND (MPH)
  RESULTANT WIND SPEED   2   RESULTANT WIND DIRECTION   N (350)
  HIGHEST WIND SPEED     6   HIGHEST WIND DIRECTION    NW (320)
  HIGHEST GUST SPEED    MM   HIGHEST GUST DIRECTION    MM
  AVERAGE WIND SPEED     2.3


SKY COVER
  AVERAGE SKY COVER 0.5


WEATHER CONDITIONS
 THE FOLLOWING WEATHER WAS RECORDED YESTERDAY.
  HEAVY RAIN
  RAIN
  LIGHT RAIN
  FOG


RELATIVE HUMIDITY (PERCENT)
 HIGHEST    93           700 AM
 LOWEST     81          1200 AM
 AVERAGE    87

..........................................................


THE JACKSON MI CLIMATE NORMALS FOR TODAY
                         NORMAL
 MAXIMUM TEMPERATURE (F)   80
 MINIMUM TEMPERATURE (F)   59


SUNRISE AND SUNSET
AUGUST 16 2017........SUNRISE   647 AM EDT   SUNSET   837 PM EDT
AUGUST 17 2017........SUNRISE   648 AM EDT   SUNSET   835 PM EDT


-  INDICATES NEGATIVE NUMBERS.
R  INDICATES RECORD WAS SET OR TIED.
MM INDICATES DATA IS MISSING.
T  INDICATES TRACE AMOUNT.




$$
