000
CDUS43 KIND 300533
CLILAF


CLIMATE REPORT
NATIONAL WEATHER SERVICE INDIANAPOLIS IN
131 AM EDT FRI SEP 30 2016


...................................

...THE LAFAYETTE IN CLIMATE SUMMARY FOR SEPTEMBER 29 2016...

CLIMATE NORMAL PERIOD 1981 TO 2010
CLIMATE RECORD PERIOD 9999 TO 9999


WEATHER ITEM   OBSERVED TIME   NORMAL DEPARTURE LAST
                VALUE   (LST)  VALUE  FROM      YEAR
                                      NORMAL
......................................................
TEMPERATURE (F)
 YESTERDAY
  MAXIMUM         69    326 PM  72     -3       73
  MINIMUM         54    438 AM  49      5       59
  AVERAGE         62            60      2       66

PRECIPITATION (IN)
  YESTERDAY        T             0.09  -0.09     0.02
  MONTH TO DATE    2.91          2.56   0.35     2.87
  SINCE SEP 1      2.91          2.56   0.35     2.87
  SINCE JAN 1     30.25         28.11   2.14    26.88

DEGREE DAYS
 HEATING
  YESTERDAY        3             6     -3        0
  MONTH TO DATE   23            73    -50       36
  SINCE SEP 1     23            73    -50       36
  SINCE JUL 1     33            79    -46       45

 COOLING
  YESTERDAY        0             2     -2        1
  MONTH TO DATE  154           112     42      154
  SINCE SEP 1    154           112     42      154
  SINCE JAN 1   1066           964    102      813
......................................................


WIND (MPH)
  HIGHEST WIND SPEED    16   HIGHEST WIND DIRECTION     E (90)
  HIGHEST GUST SPEED    19   HIGHEST GUST DIRECTION     E (90)
  AVERAGE WIND SPEED     7.2


SKY COVER
  AVERAGE SKY COVER 0.7


WEATHER CONDITIONS
 THE FOLLOWING WEATHER WAS RECORDED YESTERDAY.
  LIGHT RAIN
  FOG


RELATIVE HUMIDITY (PERCENT)
 HIGHEST    93           900 AM
 LOWEST     58           600 PM
 AVERAGE    76

..........................................................


THE LAFAYETTE IN CLIMATE NORMALS FOR TODAY
                         NORMAL
 MAXIMUM TEMPERATURE (F)   72
 MINIMUM TEMPERATURE (F)   49


SUNRISE AND SUNSET
SEPTEMBER 30 2016.....SUNRISE   744 AM EDT   SUNSET   731 PM EDT
OCTOBER  1 2016.......SUNRISE   745 AM EDT   SUNSET   729 PM EDT


-  INDICATES NEGATIVE NUMBERS.
R  INDICATES RECORD WAS SET OR TIED.
MM INDICATES DATA IS MISSING.
T  INDICATES TRACE AMOUNT.




$$
