000
CDUS43 KIND 110535
CLILAF


CLIMATE REPORT
NATIONAL WEATHER SERVICE INDIANAPOLIS IN
132 AM EDT FRI JUL 11 2014


...................................

...THE LAFAYETTE IN CLIMATE SUMMARY FOR JULY 10 2014...

CLIMATE NORMAL PERIOD 1981 TO 2010
CLIMATE RECORD PERIOD 9999 TO 9999


WEATHER ITEM   OBSERVED TIME   NORMAL DEPARTURE LAST
                VALUE   (LST)  VALUE  FROM      YEAR
                                      NORMAL
......................................................
TEMPERATURE (F)
 YESTERDAY
  MAXIMUM         78    400 PM  85     -7       83
  MINIMUM         56    434 AM  64     -8       66
  AVERAGE         67            75     -8       75

PRECIPITATION (IN)
  YESTERDAY        0.00          0.14  -0.14     0.51
  MONTH TO DATE    1.31          1.38  -0.07     0.98
  SINCE JUN 1      5.78          5.48   0.30     5.25
  SINCE JAN 1     18.61         19.50  -0.89    23.87

DEGREE DAYS
 HEATING
  YESTERDAY        0             0      0        0
  MONTH TO DATE    1             0      1        0
  SINCE JUN 1      7            22    -15       18
  SINCE JUL 1      1             0      1        0

 COOLING
  YESTERDAY        2            10     -8       10
  MONTH TO DATE   50           100    -50       70
  SINCE JUN 1    275           317    -42      248
  SINCE JAN 1    372           394    -22      349
......................................................


WIND (MPH)
  HIGHEST WIND SPEED    13   HIGHEST WIND DIRECTION     N (20)
  HIGHEST GUST SPEED    17   HIGHEST GUST DIRECTION     N (10)
  AVERAGE WIND SPEED     4.8


SKY COVER
  AVERAGE SKY COVER 0.0


WEATHER CONDITIONS
 THE FOLLOWING WEATHER WAS RECORDED YESTERDAY.
  NO SIGNIFICANT WEATHER WAS OBSERVED.


RELATIVE HUMIDITY (PERCENT)
 HIGHEST    93           400 AM
 LOWEST     39           200 PM
 AVERAGE    66

..........................................................


THE LAFAYETTE IN CLIMATE NORMALS FOR TODAY
                         NORMAL
 MAXIMUM TEMPERATURE (F)   85
 MINIMUM TEMPERATURE (F)   64


SUNRISE AND SUNSET
JULY 11 2014..........SUNRISE   627 AM EDT   SUNSET   919 PM EDT
JULY 12 2014..........SUNRISE   628 AM EDT   SUNSET   918 PM EDT


-  INDICATES NEGATIVE NUMBERS.
R  INDICATES RECORD WAS SET OR TIED.
MM INDICATES DATA IS MISSING.
T  INDICATES TRACE AMOUNT.




$$
