000
CDUS43 KGRR 272227
CLILAN


CLIMATE REPORT
NATIONAL WEATHER SERVICE GRAND RAPIDS, MI
525 PM EST FRI FEB 27 2015


...................................

...THE LANSING MI CLIMATE SUMMARY FOR FEBRUARY 27 2015...
VALID TODAY AS OF 0500 PM LOCAL TIME.

CLIMATE NORMAL PERIOD 1981 TO 2010
CLIMATE RECORD PERIOD 1864 TO 2015


WEATHER ITEM   OBSERVED TIME   RECORD YEAR NORMAL DEPARTURE LAST
                VALUE   (LST)  VALUE       VALUE  FROM      YEAR
                                                  NORMAL
..................................................................
TEMPERATURE (F)
 TODAY
  MAXIMUM         18    459 PM  64    1867  37    -19       12
  MINIMUM        -11    725 AM -20    1994  21    -32       -8
  AVERAGE          4                        29    -25        2

PRECIPITATION (IN)
  TODAY            T             0.67 1954   0.07  -0.07     0.06
                                      1948
  MONTH TO DATE    0.90                      1.41  -0.51     1.76
  SINCE DEC 1      3.81                      4.93  -1.12     5.80
  SINCE JAN 1      2.25                      3.06  -0.81     3.92

SNOWFALL (IN)
  TODAY            T             5.8  1954   0.3   -0.3      0.8
  MONTH TO DATE   14.8                      11.2    3.6     18.0
  SINCE DEC 1     27.5                      38.0  -10.5     57.3
  SINCE JUL 1     33.7                      41.8   -8.1     58.0
  SNOW DEPTH       7

DEGREE DAYS
 HEATING
  TODAY           61                        36     25       63
  MONTH TO DATE 1437                      1058    379     1288
  SINCE DEC 1   3844                      3484    360     4034
  SINCE JUL 1   5440                      4898    542     5480

 COOLING
  TODAY            0                         0      0        0
  MONTH TO DATE    0                         0      0        0
  SINCE DEC 1      0                         0      0        0
  SINCE JAN 1      0                         0      0        0
..................................................................


WIND (MPH)
  RESULTANT WIND SPEED   5   RESULTANT WIND DIRECTION   W (270)
  HIGHEST WIND SPEED    17   HIGHEST WIND DIRECTION     W (280)
  HIGHEST GUST SPEED    21   HIGHEST GUST DIRECTION     W (290)
  AVERAGE WIND SPEED     5.8


SKY COVER
  AVERAGE SKY COVER 0.1


WEATHER CONDITIONS
 THE FOLLOWING WEATHER WAS RECORDED TODAY.
  LIGHT SNOW


RELATIVE HUMIDITY (PERCENT)
 HIGHEST    83           700 AM
 LOWEST     46          1100 AM
 AVERAGE    65

..........................................................


THE LANSING MI CLIMATE NORMALS FOR TOMORROW
                         NORMAL    RECORD    YEAR
 MAXIMUM TEMPERATURE (F)   37        59      1880
 MINIMUM TEMPERATURE (F)   21       -18      1884


SUNRISE AND SUNSET
FEBRUARY 27 2015......SUNRISE   718 AM EST   SUNSET   625 PM EST
FEBRUARY 28 2015......SUNRISE   716 AM EST   SUNSET   626 PM EST


-  INDICATES NEGATIVE NUMBERS.
R  INDICATES RECORD WAS SET OR TIED.
MM INDICATES DATA IS MISSING.
T  INDICATES TRACE AMOUNT.




$$

63
