000
CDUS43 KGRR 300521
CLILAN


CLIMATE REPORT
NATIONAL WEATHER SERVICE GRAND RAPIDS, MI
121 AM EDT SUN APR 30 2017


...................................

...THE LANSING MI CLIMATE SUMMARY FOR APRIL 29 2017...

CLIMATE NORMAL PERIOD 1981 TO 2010
CLIMATE RECORD PERIOD 1864 TO 2017


WEATHER ITEM   OBSERVED TIME   RECORD YEAR NORMAL DEPARTURE LAST
                VALUE   (LST)  VALUE       VALUE  FROM      YEAR
                                                  NORMAL
..................................................................
TEMPERATURE (F)
 YESTERDAY
  MAXIMUM         57   1242 AM  86    1899  63     -6       51
  MINIMUM         43   1159 PM  22    1908  41      2       40
  AVERAGE         50                        52     -2       46

PRECIPITATION (IN)
  YESTERDAY        0.03          1.75 1909   0.10  -0.07     0.02
  MONTH TO DATE    3.76                      2.93   0.83     2.08
  SINCE MAR 1      7.39                      4.99   2.40     6.33
  SINCE JAN 1     13.67                      8.11   5.56     9.49

SNOWFALL (IN)
  YESTERDAY        0.0           4.0  1909   0.0    0.0      0.0
  MONTH TO DATE    0.4                       1.9   -1.5      7.5
  SINCE MAR 1      2.6                       8.9   -6.3     16.4
  SINCE JUL 1     30.2                      51.1  -20.9     50.0
  SNOW DEPTH       0

DEGREE DAYS
 HEATING
  YESTERDAY       15                        13      2       19
  MONTH TO DATE  353                       521   -168      583
  SINCE MAR 1   1278                      1450   -172     1346
  SINCE JUL 1   5323                      6385  -1062     5506

 COOLING
  YESTERDAY        0                         0      0        0
  MONTH TO DATE    8                         0      8        1
  SINCE MAR 1      8                         1      7        1
  SINCE JAN 1      8                         1      7        1
..................................................................


WIND (MPH)
  RESULTANT WIND SPEED   8   RESULTANT WIND DIRECTION  NE (40)
  HIGHEST WIND SPEED    22   HIGHEST WIND DIRECTION    NE (50)
  HIGHEST GUST SPEED    27   HIGHEST GUST DIRECTION     E (70)
  AVERAGE WIND SPEED    11.3


SKY COVER
  AVERAGE SKY COVER 0.8


WEATHER CONDITIONS
 THE FOLLOWING WEATHER WAS RECORDED YESTERDAY.
  THUNDERSTORM
  LIGHT RAIN


RELATIVE HUMIDITY (PERCENT)
 HIGHEST    83           500 AM
 LOWEST     46           300 PM
 AVERAGE    65

..........................................................


THE LANSING MI CLIMATE NORMALS FOR TODAY
                         NORMAL    RECORD    YEAR
 MAXIMUM TEMPERATURE (F)   64        84      1942
 MINIMUM TEMPERATURE (F)   42        22      1876


SUNRISE AND SUNSET
APRIL 30 2017.........SUNRISE   634 AM EDT   SUNSET   838 PM EDT
MAY  1 2017...........SUNRISE   632 AM EDT   SUNSET   839 PM EDT


-  INDICATES NEGATIVE NUMBERS.
R  INDICATES RECORD WAS SET OR TIED.
MM INDICATES DATA IS MISSING.
T  INDICATES TRACE AMOUNT.




$$
