000
CDUS43 KGRR 010521
CLILAN


CLIMATE REPORT
NATIONAL WEATHER SERVICE GRAND RAPIDS, MI
119 AM EDT SAT NOV 1 2014


...................................

...THE LANSING MI CLIMATE SUMMARY FOR OCTOBER 31 2014...

CLIMATE NORMAL PERIOD 1981 TO 2010
CLIMATE RECORD PERIOD 1864 TO 2014


WEATHER ITEM   OBSERVED TIME   RECORD YEAR NORMAL DEPARTURE LAST
                VALUE   (LST)  VALUE       VALUE  FROM      YEAR
                                                  NORMAL
..................................................................
TEMPERATURE (F)
 YESTERDAY
  MAXIMUM         44    411 AM  77    1950  54    -10       62
  MINIMUM         32   1159 PM  15    1879  37     -5       54
  AVERAGE         38                        45     -7       58

PRECIPITATION (IN)
  YESTERDAY        0.15          2.00 1875   0.08   0.07     1.46
  MONTH TO DATE    3.55                      2.53   1.02     3.55
  SINCE SEP 1      6.09                      6.03   0.06     4.53
  SINCE JAN 1     33.31                     27.12   6.19    37.45

SNOWFALL (IN)
  YESTERDAY        T             0.3  1875   0.0    0.0      0.0
                                      1874
  MONTH TO DATE    T                         0.4   -0.4       T
  SINCE SEP 1      T                         0.4   -0.4       T
  SINCE JUL 1      T                         0.4   -0.4       T
  SNOW DEPTH       0

DEGREE DAYS
 HEATING
  YESTERDAY       27                        20      7        7
  MONTH TO DATE  470                       461      9      411
  SINCE SEP 1    630                       615     15      567
  SINCE JUL 1    670                       650     20      602

 COOLING
  YESTERDAY        0                         0      0        0
  MONTH TO DATE    0                         7     -7       10
  SINCE SEP 1     43                        68    -25       73
  SINCE JAN 1    488                       625   -137      661
..................................................................


WIND (MPH)
  RESULTANT WIND SPEED  10   RESULTANT WIND DIRECTION   N (350)
  HIGHEST WIND SPEED    28   HIGHEST WIND DIRECTION     N (360)
  HIGHEST GUST SPEED    40   HIGHEST GUST DIRECTION     N (360)
  AVERAGE WIND SPEED    14.0


SKY COVER
  AVERAGE SKY COVER 1.0


WEATHER CONDITIONS
 THE FOLLOWING WEATHER WAS RECORDED YESTERDAY.
  RAIN
  LIGHT RAIN
  LIGHT SNOW
  FOG
  HAZE


RELATIVE HUMIDITY (PERCENT)
 HIGHEST    92           800 AM
 LOWEST     64           900 PM
 AVERAGE    78

..........................................................


THE LANSING MI CLIMATE NORMALS FOR TODAY
                         NORMAL    RECORD    YEAR
 MAXIMUM TEMPERATURE (F)   53        79      1950
 MINIMUM TEMPERATURE (F)   37        18      1875


SUNRISE AND SUNSET
NOVEMBER  1 2014......SUNRISE   812 AM EDT   SUNSET   631 PM EDT
NOVEMBER  2 2014......SUNRISE   714 AM EST   SUNSET   530 PM EST


-  INDICATES NEGATIVE NUMBERS.
R  INDICATES RECORD WAS SET OR TIED.
MM INDICATES DATA IS MISSING.
T  INDICATES TRACE AMOUNT.




$$
