000
CDUS43 KGRR 290525
CLILAN


CLIMATE REPORT
NATIONAL WEATHER SERVICE GRAND RAPIDS, MI
1223 AM EST MON DEC 29 2014


...................................

...THE LANSING MI CLIMATE SUMMARY FOR DECEMBER 28 2014...

CLIMATE NORMAL PERIOD 1981 TO 2010
CLIMATE RECORD PERIOD 1864 TO 2014


WEATHER ITEM   OBSERVED TIME   RECORD YEAR NORMAL DEPARTURE LAST
                VALUE   (LST)  VALUE       VALUE  FROM      YEAR
                                                  NORMAL
..................................................................
TEMPERATURE (F)
 YESTERDAY
  MAXIMUM         35    353 AM  62    1984  31      4       44
  MINIMUM         27    831 PM -18    2000  19      8       30
  AVERAGE         31                        25      6       37

PRECIPITATION (IN)
  YESTERDAY        0.01          0.55 1968   0.06  -0.05     0.00
  MONTH TO DATE    1.54                      1.70  -0.16     1.83
  SINCE DEC 1      1.54                      1.70  -0.16     1.83
  SINCE JAN 1     37.46                     31.60   5.86    41.41

SNOWFALL (IN)
  YESTERDAY        T             5.8  1987   0.5   -0.5      0.0
  MONTH TO DATE    1.1                      11.6  -10.5     14.7
  SINCE DEC 1      1.1                      11.6  -10.5     14.7
  SINCE JUL 1      7.3                      15.4   -8.1     15.4
  SNOW DEPTH       0

DEGREE DAYS
 HEATING
  YESTERDAY       34                        40     -6       28
  MONTH TO DATE  893                      1017   -124     1083
  SINCE DEC 1    893                      1017   -124     1083
  SINCE JUL 1   2489                      2431     58     2529

 COOLING
  YESTERDAY        0                         0      0        0
  MONTH TO DATE    0                         0      0        0
  SINCE DEC 1      0                         0      0        0
  SINCE JAN 1    488                       625   -137      661
..................................................................


WIND (MPH)
  RESULTANT WIND SPEED   9   RESULTANT WIND DIRECTION   W (280)
  HIGHEST WIND SPEED    17   HIGHEST WIND DIRECTION     W (280)
  HIGHEST GUST SPEED    21   HIGHEST GUST DIRECTION     W (260)
  AVERAGE WIND SPEED     9.3


SKY COVER
  AVERAGE SKY COVER 0.5


WEATHER CONDITIONS
 THE FOLLOWING WEATHER WAS RECORDED YESTERDAY.
  LIGHT SNOW
  FOG


RELATIVE HUMIDITY (PERCENT)
 HIGHEST    89           300 AM
 LOWEST     61           200 PM
 AVERAGE    75

..........................................................


THE LANSING MI CLIMATE NORMALS FOR TODAY
                         NORMAL    RECORD    YEAR
 MAXIMUM TEMPERATURE (F)   31        62      1984
                                             1889
 MINIMUM TEMPERATURE (F)   19       -15      1880


SUNRISE AND SUNSET
DECEMBER 29 2014......SUNRISE   809 AM EST   SUNSET   513 PM EST
DECEMBER 30 2014......SUNRISE   809 AM EST   SUNSET   513 PM EST


-  INDICATES NEGATIVE NUMBERS.
R  INDICATES RECORD WAS SET OR TIED.
MM INDICATES DATA IS MISSING.
T  INDICATES TRACE AMOUNT.




$$

63
